{"id":28035,"date":"2022-09-25T17:18:31","date_gmt":"2022-09-25T17:18:31","guid":{"rendered":"https:\/\/topgetestet.de\/?product=samsung-galaxy-buds2-kabellose-kopfhorer-wireless-earbuds-black"},"modified":"2022-09-25T17:18:31","modified_gmt":"2022-09-25T17:18:31","slug":"samsung-galaxy-buds2-kabellose-kopfhorer-wireless-earbuds-black","status":"publish","type":"product","link":"https:\/\/topgetestet.de\/?product=samsung-galaxy-buds2-kabellose-kopfhorer-wireless-earbuds-black","title":{"rendered":"Samsung Galaxy Buds2 Kabellose Kopfh\u00f6rer, Wireless Earbuds, Black"},"content":{"rendered":"<p>Price: <span style=\"color:#b12704\">[price_with_discount]<\/span><br \/><i><small>(as of [price_update_date] &#8211; <span class=\"wp_automatic_amazon_disclaimer\" title=\"Product prices and availability are accurate as of the date\/time indicated and are subject to change. Any price and availability information displayed on [relevant Amazon Site(s), as applicable] at the time of purchase will apply to the purchase of this product.\">Details<\/span>)<\/small><\/i><\/p>\n<p><a href=\"https:\/\/amazon.de\/dp\/B09B9YJRZJ?tag=topgetestet09-21\"><img decoding=\"async\" src=\"https:\/\/i.imgur.com\/ISRHEWs.png\"><\/a><br \/>\n[ad_1]<br \/>\n Um die Gesamtbewertung der Sterne und die prozentuale Aufschl\u00fcsselung nach Sternen zu berechnen, verwenden wir keinen einfachen Durchschnitt. Stattdessen ber\u00fccksichtigt unser System beispielsweise, wie aktuell eine Bewertung ist und ob der Pr\u00fcfer den Artikel bei Amazon gekauft hat. Es wurden auch Bewertungen analysiert, um die Vertrauensw\u00fcrdigkeit zu \u00fcberpr\u00fcfen. <br \/> Batterien \u200f : \u200e  1 Lithium-Ionen Batterien erforderlich (enthalten). <br \/> Auslaufartikel (Produktion durch Hersteller eingestellt) \u200f : \u200e  Nein <br \/> Sprache \u200f : \u200e  Englisch, Englisch, Englisch, Englisch, Englisch <br \/> Produktabmessungen \u200f : \u200e  5.02 x 5 x 2.78 cm; 5 Gramm <br \/> Im Angebot von Amazon.de seit \u200f : \u200e  23. September 2021 <br \/> Hersteller \u200f : \u200e  Samsung <br \/> ASIN \u200f : \u200e  B09B9YJRZJ <br \/> Modellnummer \u200f : \u200e  Samsung Galaxy Buds2 <\/p>\n<p>Klare Anrufe &#8211; Drei Mikrofone und eine integrierte Sprachaufzeichnungseinheit erm\u00f6glichen eine hohe Anrufqualit\u00e4t, eine automatische Lernl\u00f6sung, die Ger\u00e4usche filtert und eine gute Intelligenz bietet<br \/>Aktive Ger\u00e4uschunterdr\u00fcckung: Zwei Mikrofone k\u00f6nnen Umgebungsger\u00e4usche erkennen, w\u00e4hrend die aktive Ger\u00e4uschunterdr\u00fcckung das Hintergrundger\u00e4usch blockieren kann.<br \/>TRAGEKOMFORT &#8211; Mit einem Gewicht von jeweils 5 Gramm liegt die Musik bequem in Ihrem Ohr, auch bei einem aktiven Lebensstil. Mit den weichen und flexiblen Silikon-Ohrpolstern k\u00f6nnen Sie die Passform selbst bestimmen<br \/>4 Farben zur Auswahl: Graphit Wei\u00df. Oliv Lavendel Das moderne Design der echten kabellosen Kopfh\u00f6rer und der Ladeh\u00fclle sind Ausdruck Ihres unverwechselbaren Geschmacks.<br \/>\n<br \/>[ad_2]<\/p>\n","protected":false},"excerpt":{"rendered":"<p>Price: [price_with_discount](as of [price_update_date] &#8211; Details) [ad_1] Um die Gesamtbewertung der Sterne und die prozentuale Aufschl\u00fcsselung nach Sternen zu berechnen, verwenden wir keinen einfachen Durchschnitt. Stattdessen ber\u00fccksichtigt unser System beispielsweise,<\/p>\n","protected":false},"featured_media":28036,"comment_status":"open","ping_status":"closed","template":"","meta":[],"product_cat":[225],"product_tag":[],"class_list":{"0":"post-28035","1":"product","2":"type-product","3":"status-publish","4":"has-post-thumbnail","6":"product_cat-electronics","8":"first","9":"instock","10":"shipping-taxable","11":"product-type-external"},"aioseo_notices":[],"_links":{"self":[{"href":"https:\/\/topgetestet.de\/index.php?rest_route=\/wp\/v2\/product\/28035","targetHints":{"allow":["GET"]}}],"collection":[{"href":"https:\/\/topgetestet.de\/index.php?rest_route=\/wp\/v2\/product"}],"about":[{"href":"https:\/\/topgetestet.de\/index.php?rest_route=\/wp\/v2\/types\/product"}],"replies":[{"embeddable":true,"href":"https:\/\/topgetestet.de\/index.php?rest_route=%2Fwp%2Fv2%2Fcomments&post=28035"}],"wp:featuredmedia":[{"embeddable":true,"href":"https:\/\/topgetestet.de\/index.php?rest_route=\/wp\/v2\/media\/28036"}],"wp:attachment":[{"href":"https:\/\/topgetestet.de\/index.php?rest_route=%2Fwp%2Fv2%2Fmedia&parent=28035"}],"wp:term":[{"taxonomy":"product_cat","embeddable":true,"href":"https:\/\/topgetestet.de\/index.php?rest_route=%2Fwp%2Fv2%2Fproduct_cat&post=28035"},{"taxonomy":"product_tag","embeddable":true,"href":"https:\/\/topgetestet.de\/index.php?rest_route=%2Fwp%2Fv2%2Fproduct_tag&post=28035"}],"curies":[{"name":"wp","href":"https:\/\/api.w.org\/{rel}","templated":true}]}}