{"id":27724,"date":"2022-09-25T15:19:57","date_gmt":"2022-09-25T15:19:57","guid":{"rendered":"https:\/\/topgetestet.de\/?product=strike-force-2-terrorist-hunt-action-shooter-spiel"},"modified":"2022-09-25T15:19:57","modified_gmt":"2022-09-25T15:19:57","slug":"strike-force-2-terrorist-hunt-action-shooter-spiel","status":"publish","type":"product","link":"https:\/\/topgetestet.de\/?product=strike-force-2-terrorist-hunt-action-shooter-spiel","title":{"rendered":"STRIKE FORCE 2 &#8211; Terrorist Hunt &#8211; Action Shooter Spiel"},"content":{"rendered":"<p>Price: <span style=\"color:#b12704\">[price_with_discount]<\/span><br \/><i><small>(as of [price_update_date] &#8211; <span class=\"wp_automatic_amazon_disclaimer\" title=\"Product prices and availability are accurate as of the date\/time indicated and are subject to change. Any price and availability information displayed on [relevant Amazon Site(s), as applicable] at the time of purchase will apply to the purchase of this product.\">Details<\/span>)<\/small><\/i><\/p>\n<p><a href=\"https:\/\/amazon.de\/dp\/B0B88LYFX2?tag=topgetestet09-21\"><img decoding=\"async\" src=\"https:\/\/i.imgur.com\/ISRHEWs.png\"><\/a><br \/>\n[ad_1]<\/p>\n<p>       Produktinformation <\/p>\n<p>               <img decoding=\"async\" alt=\"strike force\" src=\"https:\/\/images-na.ssl-images-amazon.com\/images\/G\/01\/x-locale\/common\/grey-pixel.gif\" class=\"a-spacing-mini a-lazy-loaded\" data-src=\"https:\/\/m.media-amazon.com\/images\/S\/aplus-media-library-service-media\/c0d648b0-a36c-465b-a655-5ab6a47e0159.__CR0,0,300,400_PT0_SX300_V1___.png\"><\/p>\n<p>                <img decoding=\"async\" alt=\"strike force\" src=\"https:\/\/m.media-amazon.com\/images\/S\/aplus-media-library-service-media\/c0d648b0-a36c-465b-a655-5ab6a47e0159.__CR0,0,300,400_PT0_SX300_V1___.png\"><\/p>\n<p> <\/p>\n<p>                <img decoding=\"async\" alt=\"strike force\" src=\"https:\/\/images-na.ssl-images-amazon.com\/images\/G\/01\/x-locale\/common\/grey-pixel.gif\" class=\"a-spacing-mini a-lazy-loaded\" data-src=\"https:\/\/m.media-amazon.com\/images\/S\/aplus-media-library-service-media\/b15d3b25-d861-4c80-b223-0de5deb594f9.__CR0,216,1000,500_PT0_SX350_V1___.jpg\"><\/p>\n<p>                 <img decoding=\"async\" alt=\"strike force\" src=\"https:\/\/m.media-amazon.com\/images\/S\/aplus-media-library-service-media\/b15d3b25-d861-4c80-b223-0de5deb594f9.__CR0,216,1000,500_PT0_SX350_V1___.jpg\"><\/p>\n<p>                 Technische Infos  <\/p>\n<p>                     System: PlayStation 4<br \/>\n                     Freigegeben ab 16 Jahren<br \/>\n                     in deutscher Sprache   <\/p>\n<h3 class=\"a-spacing-mini\"> Ein tropisches Paradies wird zum Kriegsschauplatz! <\/h3>\n<p class=\"a-spacing-base\"> Du bist Mitglied der Strike Force-Einheit. <\/p>\n<p class=\"a-spacing-base\"> Einer deiner Kameraden ist einer paramilit\u00e4rischen Terrororganisation auf der Spur, die von einem ehemaligen deutschen Geheimdienstler angef\u00fchrt wird. Nun kann er nicht mehr geortet werden, aber er hat einen Hilferuf mit seinen Koordinaten abgesetzt. <\/p>\n<p class=\"a-spacing-base\"> Dein Job ist es, den Agenten zu retten und die terroristische Vereinigung zu bek\u00e4mpfen. R\u00fcste dich mit einem modernen Waffenarsenal aus und erf\u00fclle deinen Auftrag! <\/p>\n<p>                     Genre: Action &#8211; Shooter<br \/>\n                     1 Spieler<br \/>\n                     Erkunde exotische Orte und klaustrophobische Bunkerkomplexe<br \/>\n                     Schlie\u00dfe eine spannende, 8 Missionen lange Kampagne ab und besch\u00fctze die freie Welt<br \/>\n                     Nutze Maschinen-, Sturm- und Scharfsch\u00fctzengewehre sowie Pistolen   <\/p>\n<p>          <img decoding=\"async\" alt=\"strike force\" src=\"https:\/\/images-na.ssl-images-amazon.com\/images\/G\/01\/x-locale\/common\/grey-pixel.gif\" class=\"a-spacing-base a-lazy-loaded\" data-src=\"https:\/\/m.media-amazon.com\/images\/S\/aplus-media-library-service-media\/c3856a81-1435-4f86-8e93-fe1ecdff828e.__CR0,0,970,600_PT0_SX970_V1___.png\"><\/p>\n<p>           <img decoding=\"async\" alt=\"strike force\" src=\"https:\/\/m.media-amazon.com\/images\/S\/aplus-media-library-service-media\/c3856a81-1435-4f86-8e93-fe1ecdff828e.__CR0,0,970,600_PT0_SX970_V1___.png\"><\/p>\n<p>          <img decoding=\"async\" alt=\"strike force\" src=\"https:\/\/images-na.ssl-images-amazon.com\/images\/G\/01\/x-locale\/common\/grey-pixel.gif\" class=\"a-spacing-base a-lazy-loaded\" data-src=\"https:\/\/m.media-amazon.com\/images\/S\/aplus-media-library-service-media\/6053a65d-1225-4695-8dac-63aacd8a59a3.__CR0,0,970,600_PT0_SX970_V1___.png\"><\/p>\n<p>           <img decoding=\"async\" alt=\"strike force\" src=\"https:\/\/m.media-amazon.com\/images\/S\/aplus-media-library-service-media\/6053a65d-1225-4695-8dac-63aacd8a59a3.__CR0,0,970,600_PT0_SX970_V1___.png\"><\/p>\n<p>          <img decoding=\"async\" alt=\"strike force\" src=\"https:\/\/images-na.ssl-images-amazon.com\/images\/G\/01\/x-locale\/common\/grey-pixel.gif\" class=\"a-spacing-base a-lazy-loaded\" data-src=\"https:\/\/m.media-amazon.com\/images\/S\/aplus-media-library-service-media\/4050639f-6814-4735-af8a-33377d29de2e.__CR0,0,970,600_PT0_SX970_V1___.png\"><\/p>\n<p>           <img decoding=\"async\" alt=\"strike force\" src=\"https:\/\/m.media-amazon.com\/images\/S\/aplus-media-library-service-media\/4050639f-6814-4735-af8a-33377d29de2e.__CR0,0,970,600_PT0_SX970_V1___.png\"><\/p>\n<p>          <img decoding=\"async\" alt=\"strike force\" src=\"https:\/\/images-na.ssl-images-amazon.com\/images\/G\/01\/x-locale\/common\/grey-pixel.gif\" class=\"a-spacing-base a-lazy-loaded\" data-src=\"https:\/\/m.media-amazon.com\/images\/S\/aplus-media-library-service-media\/600e6fca-31ed-4d86-bd6f-a986cbd6f354.__CR0,0,970,600_PT0_SX970_V1___.png\"><\/p>\n<p>           <img decoding=\"async\" alt=\"strike force\" src=\"https:\/\/m.media-amazon.com\/images\/S\/aplus-media-library-service-media\/600e6fca-31ed-4d86-bd6f-a986cbd6f354.__CR0,0,970,600_PT0_SX970_V1___.png\"><\/p>\n<p>          <img decoding=\"async\" alt=\"strike force\" src=\"https:\/\/images-na.ssl-images-amazon.com\/images\/G\/01\/x-locale\/common\/grey-pixel.gif\" class=\"a-spacing-base a-lazy-loaded\" data-src=\"https:\/\/m.media-amazon.com\/images\/S\/aplus-media-library-service-media\/a6df258b-bda5-48be-a957-8ab285e07abb.__CR0,0,970,600_PT0_SX970_V1___.png\"><\/p>\n<p>           <img decoding=\"async\" alt=\"strike force\" src=\"https:\/\/m.media-amazon.com\/images\/S\/aplus-media-library-service-media\/a6df258b-bda5-48be-a957-8ab285e07abb.__CR0,0,970,600_PT0_SX970_V1___.png\"><\/p>\n<p>          <img decoding=\"async\" alt=\"strike force\" src=\"https:\/\/images-na.ssl-images-amazon.com\/images\/G\/01\/x-locale\/common\/grey-pixel.gif\" class=\"a-spacing-base a-lazy-loaded\" data-src=\"https:\/\/m.media-amazon.com\/images\/S\/aplus-media-library-service-media\/55ada4ad-0538-447a-9f18-895d7c5c85ef.__CR0,0,970,600_PT0_SX970_V1___.png\"><\/p>\n<p>           <img decoding=\"async\" alt=\"strike force\" src=\"https:\/\/m.media-amazon.com\/images\/S\/aplus-media-library-service-media\/55ada4ad-0538-447a-9f18-895d7c5c85ef.__CR0,0,970,600_PT0_SX970_V1___.png\"><\/p>\n<p> Alterseinstufung \u200f : \u200e  USK ab 16 freigegeben <br \/> Verpackungsabmessungen \u200f : \u200e  19 x 14 x 1 cm; 80 Gramm <br \/> ASIN \u200f : \u200e  B0B88LYFX2 <br \/> Herkunftsland \u200f : \u200e  Deutschland <\/p>\n<p>Genre: Action Shooter<br \/>Plattform: PS4<br \/>1 Spieler<br \/>\n<br \/>[ad_2]<\/p>\n","protected":false},"excerpt":{"rendered":"<p>Price: [price_with_discount](as of [price_update_date] &#8211; Details) [ad_1] Produktinformation Technische Infos System: PlayStation 4 Freigegeben ab 16 Jahren in deutscher Sprache Ein tropisches Paradies wird zum Kriegsschauplatz! Du bist Mitglied der<\/p>\n","protected":false},"featured_media":27725,"comment_status":"open","ping_status":"closed","template":"","meta":[],"product_cat":[227],"product_tag":[261],"class_list":{"0":"post-27724","1":"product","2":"type-product","3":"status-publish","4":"has-post-thumbnail","6":"product_cat-gaming","7":"product_tag-playstation-legacy-games","9":"first","10":"instock","11":"shipping-taxable","12":"product-type-external"},"aioseo_notices":[],"_links":{"self":[{"href":"https:\/\/topgetestet.de\/index.php?rest_route=\/wp\/v2\/product\/27724","targetHints":{"allow":["GET"]}}],"collection":[{"href":"https:\/\/topgetestet.de\/index.php?rest_route=\/wp\/v2\/product"}],"about":[{"href":"https:\/\/topgetestet.de\/index.php?rest_route=\/wp\/v2\/types\/product"}],"replies":[{"embeddable":true,"href":"https:\/\/topgetestet.de\/index.php?rest_route=%2Fwp%2Fv2%2Fcomments&post=27724"}],"wp:featuredmedia":[{"embeddable":true,"href":"https:\/\/topgetestet.de\/index.php?rest_route=\/wp\/v2\/media\/27725"}],"wp:attachment":[{"href":"https:\/\/topgetestet.de\/index.php?rest_route=%2Fwp%2Fv2%2Fmedia&parent=27724"}],"wp:term":[{"taxonomy":"product_cat","embeddable":true,"href":"https:\/\/topgetestet.de\/index.php?rest_route=%2Fwp%2Fv2%2Fproduct_cat&post=27724"},{"taxonomy":"product_tag","embeddable":true,"href":"https:\/\/topgetestet.de\/index.php?rest_route=%2Fwp%2Fv2%2Fproduct_tag&post=27724"}],"curies":[{"name":"wp","href":"https:\/\/api.w.org\/{rel}","templated":true}]}}