{"id":26527,"date":"2022-09-25T09:14:38","date_gmt":"2022-09-25T09:14:38","guid":{"rendered":"https:\/\/topgetestet.de\/?product=brooks-3"},"modified":"2022-09-25T09:14:38","modified_gmt":"2022-09-25T09:14:38","slug":"brooks-3","status":"publish","type":"product","link":"https:\/\/topgetestet.de\/?product=brooks-3","title":{"rendered":"Brooks"},"content":{"rendered":"<p>Price: <span style=\"color:#b12704\">[price_with_discount]<\/span><br \/><i><small>(as of [price_update_date] &#8211; <span class=\"wp_automatic_amazon_disclaimer\" title=\"Product prices and availability are accurate as of the date\/time indicated and are subject to change. Any price and availability information displayed on [relevant Amazon Site(s), as applicable] at the time of purchase will apply to the purchase of this product.\">Details<\/span>)<\/small><\/i><\/p>\n<p><a href=\"https:\/\/amazon.de\/dp\/B08LMGCJYH?tag=topgetestet09-21\"><img decoding=\"async\" src=\"https:\/\/i.imgur.com\/ISRHEWs.png\"><\/a><br \/>\n[ad_1]<br \/>\n <span>Ein wenig wie auf Wolken laufen. Durch die erh\u00f6hte Elastizit\u00e4t des Obermaterials und eine superweiche D\u00e4mpfung \u00fcber die gesamte L\u00e4nge bieten diese Laufschuhe f\u00fcr Herren maximalen Tragekomfort.<\/span> <br \/> Verpackungsabmessungen \u200f : \u200e  30.51 x 18.39 x 11.51 cm; 630 Gramm <br \/> Im Angebot von Amazon.de seit \u200f : \u200e  1. Februar 2021 <br \/> Hersteller \u200f : \u200e  Brooks <br \/> ASIN \u200f : \u200e  B08LN298V9 <br \/> Herstellerreferenz \u200f : \u200e  1103561D071.070 <br \/> Kategorie \u200f : \u200e  Herren <\/p>\n<p>[ad_2]<\/p>\n","protected":false},"excerpt":{"rendered":"<p>Price: [price_with_discount](as of [price_update_date] &#8211; Details) [ad_1] Ein wenig wie auf Wolken laufen. Durch die erh\u00f6hte Elastizit\u00e4t des Obermaterials und eine superweiche D\u00e4mpfung \u00fcber die gesamte L\u00e4nge bieten diese Laufschuhe<\/p>\n","protected":false},"featured_media":26528,"comment_status":"open","ping_status":"closed","template":"","meta":[],"product_cat":[234],"product_tag":[235],"class_list":{"0":"post-26527","1":"product","2":"type-product","3":"status-publish","4":"has-post-thumbnail","6":"product_cat-shoes","7":"product_tag-mens-road-running-shoes","9":"first","10":"instock","11":"shipping-taxable","12":"product-type-external"},"aioseo_notices":[],"_links":{"self":[{"href":"https:\/\/topgetestet.de\/index.php?rest_route=\/wp\/v2\/product\/26527","targetHints":{"allow":["GET"]}}],"collection":[{"href":"https:\/\/topgetestet.de\/index.php?rest_route=\/wp\/v2\/product"}],"about":[{"href":"https:\/\/topgetestet.de\/index.php?rest_route=\/wp\/v2\/types\/product"}],"replies":[{"embeddable":true,"href":"https:\/\/topgetestet.de\/index.php?rest_route=%2Fwp%2Fv2%2Fcomments&post=26527"}],"wp:featuredmedia":[{"embeddable":true,"href":"https:\/\/topgetestet.de\/index.php?rest_route=\/wp\/v2\/media\/26528"}],"wp:attachment":[{"href":"https:\/\/topgetestet.de\/index.php?rest_route=%2Fwp%2Fv2%2Fmedia&parent=26527"}],"wp:term":[{"taxonomy":"product_cat","embeddable":true,"href":"https:\/\/topgetestet.de\/index.php?rest_route=%2Fwp%2Fv2%2Fproduct_cat&post=26527"},{"taxonomy":"product_tag","embeddable":true,"href":"https:\/\/topgetestet.de\/index.php?rest_route=%2Fwp%2Fv2%2Fproduct_tag&post=26527"}],"curies":[{"name":"wp","href":"https:\/\/api.w.org\/{rel}","templated":true}]}}