{"id":26261,"date":"2022-09-25T07:44:13","date_gmt":"2022-09-25T07:44:13","guid":{"rendered":"https:\/\/topgetestet.de\/?product=reebok-deck"},"modified":"2022-09-25T07:44:13","modified_gmt":"2022-09-25T07:44:13","slug":"reebok-deck","status":"publish","type":"product","link":"https:\/\/topgetestet.de\/?product=reebok-deck","title":{"rendered":"Reebok Deck"},"content":{"rendered":"<p>Price: <span style=\"color:#b12704\">[price_with_discount]<\/span><br \/><i><small>(as of [price_update_date] &#8211; <span class=\"wp_automatic_amazon_disclaimer\" title=\"Product prices and availability are accurate as of the date\/time indicated and are subject to change. Any price and availability information displayed on [relevant Amazon Site(s), as applicable] at the time of purchase will apply to the purchase of this product.\">Details<\/span>)<\/small><\/i><\/p>\n<p><a href=\"https:\/\/amazon.de\/dp\/B08TR9Y5YD?tag=topgetestet09-21\"><img decoding=\"async\" src=\"https:\/\/i.imgur.com\/ISRHEWs.png\"><\/a><br \/>\n[ad_1]<br \/>\n <img decoding=\"async\" alt=\"1\" src=\"https:\/\/images-na.ssl-images-amazon.com\/images\/G\/01\/x-locale\/common\/grey-pixel.gif\" class=\"a-spacing-mini a-lazy-loaded\" data-src=\"https:\/\/m.media-amazon.com\/images\/S\/aplus-media\/vc\/ac38f2ac-4f60-4f49-b4a5-000b58b0919f.__CR0,0,1870,1870_PT0_SX300_V1___.jpg\"><br \/>\n                   <noscript><br \/>\n                    <img decoding=\"async\" alt=\"1\" src=\"https:\/\/m.media-amazon.com\/images\/S\/aplus-media\/vc\/ac38f2ac-4f60-4f49-b4a5-000b58b0919f.__CR0,0,1870,1870_PT0_SX300_V1___.jpg\"><br \/>\n                   <\/noscript> <br \/>Das Deck ist ideal f\u00fcr alle Arten von Training. Es ist eine vollst\u00e4ndig anpassbare Plattform mit Konfigurationen f\u00fcr Steigung, Gef\u00e4lle und Flachbank, einschlie\u00dflich der M\u00f6glichkeit, die R\u00fcckenlehne in vier verstellbare Positionen zu kippen. Das Deck bietet au\u00dferdem zwei Stufen der H\u00f6henverstellung (20 &#038; 35 cm), um die Intensit\u00e4t weiter zu erh\u00f6hen und Ihre Trainingsoptionen zu variieren. Um Ihnen den Einstieg zu erleichtern, haben Sie Zugang zu kostenlosen Online-Videotrainings, damit Sie das Beste aus Ihrem neuen Reebok Deck herausholen k\u00f6nnen.<br \/>Die multitexturierte Trainingsoberfl\u00e4che wurde \u00fcberarbeitet, um im Vergleich zu fr\u00fcheren Generationen eine bessere Griffigkeit und einen h\u00f6heren D\u00e4mpfungskomfort zu bieten. Die visuellen Zielzonen schaffen Bezugspunkte f\u00fcr eine bessere Form und sch\u00e4rfere \u00dcberg\u00e4nge, w\u00e4hrend die gerippten Seitenw\u00e4nde maximale Traktion an den \u00e4u\u00dfersten R\u00e4ndern bieten, um Ihnen das Vertrauen zu geben, das Sie f\u00fcr Workouts mit h\u00f6herer Intensit\u00e4t ben\u00f6tigen. Die verbesserte Oberfl\u00e4che eignet sich noch besser zum Treten, Springen und Longieren sowie zum Sitzen und Liegen bei Gewichtheber\u00fcbungen.<br \/>Das Deck ist mit integrierten Befestigungspunkten ausgestattet, so dass Sie Widerstandsrohre sowohl an den F\u00fc\u00dfen als auch an der R\u00fcckenlehne einh\u00e4ngen k\u00f6nnen, um Ihre Trainingsm\u00f6glichkeiten weiter zu erweitern. Eine beliebige Anzahl von zus\u00e4tzlichem Fitness-Zubeh\u00f6r kann in Ihr Deck-Training integriert werden, um Ihnen zu helfen, die gew\u00fcnschten Ergebnisse zu erzielen. Kleineres Zubeh\u00f6r l\u00e4sst sich nach dem Gebrauch einfach im internen Staufach verstauen.<br \/>Das Deck ist leicht und einfach zu transportieren und zu verstauen, aber dennoch stabil und robust genug, um auch den h\u00e4rtesten Trainingseinheiten standzuhalten. Mit einer maximalen Belastbarkeit von 150 kg k\u00f6nnen Sie Ihr Training mit einem hohen Gewicht erg\u00e4nzen, um neben den K\u00f6rpergewichtsbewegungen auch die Kraft zu entwickeln. Die zw\u00f6lf rutschfesten Gummif\u00fc\u00dfe helfen, St\u00f6\u00dfe zu absorbieren und sorgen f\u00fcr eine solide, stabile Fitnessplattform.<br \/>\n<br \/>[ad_2]<\/p>\n","protected":false},"excerpt":{"rendered":"<p>Price: [price_with_discount](as of [price_update_date] &#8211; Details) [ad_1] Das Deck ist ideal f\u00fcr alle Arten von Training. Es ist eine vollst\u00e4ndig anpassbare Plattform mit Konfigurationen f\u00fcr Steigung, Gef\u00e4lle und Flachbank, einschlie\u00dflich<\/p>\n","protected":false},"featured_media":26262,"comment_status":"open","ping_status":"closed","template":"","meta":[],"product_cat":[233],"product_tag":[271],"class_list":{"0":"post-26261","1":"product","2":"type-product","3":"status-publish","4":"has-post-thumbnail","6":"product_cat-fitness","7":"product_tag-strength-training-equipment","9":"first","10":"instock","11":"sale","12":"shipping-taxable","13":"product-type-external"},"aioseo_notices":[],"_links":{"self":[{"href":"https:\/\/topgetestet.de\/index.php?rest_route=\/wp\/v2\/product\/26261","targetHints":{"allow":["GET"]}}],"collection":[{"href":"https:\/\/topgetestet.de\/index.php?rest_route=\/wp\/v2\/product"}],"about":[{"href":"https:\/\/topgetestet.de\/index.php?rest_route=\/wp\/v2\/types\/product"}],"replies":[{"embeddable":true,"href":"https:\/\/topgetestet.de\/index.php?rest_route=%2Fwp%2Fv2%2Fcomments&post=26261"}],"wp:featuredmedia":[{"embeddable":true,"href":"https:\/\/topgetestet.de\/index.php?rest_route=\/wp\/v2\/media\/26262"}],"wp:attachment":[{"href":"https:\/\/topgetestet.de\/index.php?rest_route=%2Fwp%2Fv2%2Fmedia&parent=26261"}],"wp:term":[{"taxonomy":"product_cat","embeddable":true,"href":"https:\/\/topgetestet.de\/index.php?rest_route=%2Fwp%2Fv2%2Fproduct_cat&post=26261"},{"taxonomy":"product_tag","embeddable":true,"href":"https:\/\/topgetestet.de\/index.php?rest_route=%2Fwp%2Fv2%2Fproduct_tag&post=26261"}],"curies":[{"name":"wp","href":"https:\/\/api.w.org\/{rel}","templated":true}]}}