{"id":25939,"date":"2022-09-25T04:59:26","date_gmt":"2022-09-25T04:59:26","guid":{"rendered":"https:\/\/topgetestet.de\/?product=vaude-damen-womens-mtn-dibona-tech-wanderschuh"},"modified":"2022-09-25T04:59:26","modified_gmt":"2022-09-25T04:59:26","slug":"vaude-damen-womens-mtn-dibona-tech-wanderschuh","status":"publish","type":"product","link":"https:\/\/topgetestet.de\/?product=vaude-damen-womens-mtn-dibona-tech-wanderschuh","title":{"rendered":"VAUDE Damen Women&#8217;s MTN Dibona Tech Wanderschuh"},"content":{"rendered":"<p>Price: <span style=\"color:#b12704\">[price_with_discount]<\/span><br \/><i><small>(as of [price_update_date] &#8211; <span class=\"wp_automatic_amazon_disclaimer\" title=\"Product prices and availability are accurate as of the date\/time indicated and are subject to change. Any price and availability information displayed on [relevant Amazon Site(s), as applicable] at the time of purchase will apply to the purchase of this product.\">Details<\/span>)<\/small><\/i><\/p>\n<p><a href=\"https:\/\/amazon.de\/dp\/B07HM7Q1FV?tag=topgetestet09-21\"><img decoding=\"async\" src=\"https:\/\/i.imgur.com\/ISRHEWs.png\"><\/a><br \/>\n[ad_1]<br \/>\n <span>Robuste Aufstiegshilfe! Der MTN Dibona Tech ist ein vielseitiger Zustiegsschuh, der sich auch perfekt zum Wandern eignet. Seine stabile Sohlenkonstruktion verleiht dem MTN Dibona Tech einen perfekten Grip &#8211; auch dann, wenn es im Gel\u00e4nde technischer wird. Der weit nach oben gezogene Sohlenrand sorgt f\u00fcr Stabilit\u00e4t, eine hohe Lebensdauer und eine top Performance bei leichteren Klettereien. Die clevere Schn\u00fcrung bietet einen ausgezeichneten Sitz und eine optimale Druckverteilung auf den Vor- und Mittelfu\u00df, die solide Zehenkappe sch\u00fctzt bei h\u00e4rterem Felskontakt. Der Schaft im Mittelfu\u00dfbereich wird mit robustem, h\u00f6chst abriebfestem Obermaterial verst\u00e4rkt, das dem Outdoorschuh eine l\u00e4ngere Lebensdauer verleiht. Seine Zwischensohle besteht aus zwei verschieden harten Materialmischungen &#8211; einer etwas weicheren und d\u00e4mpfenden an der Ferse und einer etwas h\u00e4rteren am Vorderfu\u00df, die f\u00fcr mehr Stabilit\u00e4t sorgt. Egal ob man einen robusten Zustiegsschuh f\u00fcr die alpine Mehrseill\u00e4nge in den Dolomiten oder einen leichten Wanderschuh f\u00fcr die n\u00e4chste Familienreise sucht &#8211; der MTN Dibona Tech ist ein solider, zuverl\u00e4ssiger Begleiter. Der Schuh besteht aus umweltfreundlichem Leder, die Zwischensohle aus recycelten Materialien, das Innenfutter zur H\u00e4lfte aus recycelten Rohstoffen, die Schn\u00fcrb\u00e4nder komplett aus recycelten Rohstoffen. Das VAUDE Green Shape-Label steht f\u00fcr ein umweltfreundliches, funktionelles Produkt aus nachhaltigen Materialien.<\/span> <br \/> Im Angebot von Amazon.de seit \u200f : \u200e  19. Dezember 2018 <br \/> Hersteller \u200f : \u200e  VAUDE <br \/> ASIN \u200f : \u200e  B07HM542Z7 <br \/> Modellnummer \u200f : \u200e  20484 <br \/> Kategorie \u200f : \u200e  Damen <\/p>\n<p>Innenmaterial: 50% recyceltes Polyester<br \/>Sohle: Gummi<br \/>Verschluss: Schn\u00fcrung<br \/>Absatzform: Flach<br \/>Materialzusammensetzung: Au\u00dfensohle: Vibram Predator II, Innenmaterial: Mesh [50 % recycled], Obermaterial: Suede Leather<br \/>Schuhweite: medium<br \/>Wasserfest<br \/>\n<br \/>[ad_2]<\/p>\n","protected":false},"excerpt":{"rendered":"<p>Price: [price_with_discount](as of [price_update_date] &#8211; Details) [ad_1] Robuste Aufstiegshilfe! Der MTN Dibona Tech ist ein vielseitiger Zustiegsschuh, der sich auch perfekt zum Wandern eignet. Seine stabile Sohlenkonstruktion verleiht dem MTN<\/p>\n","protected":false},"featured_media":25940,"comment_status":"open","ping_status":"closed","template":"","meta":[],"product_cat":[232],"product_tag":[],"class_list":{"0":"post-25939","1":"product","2":"type-product","3":"status-publish","4":"has-post-thumbnail","6":"product_cat-women-fashion","8":"first","9":"instock","10":"shipping-taxable","11":"product-type-external"},"aioseo_notices":[],"_links":{"self":[{"href":"https:\/\/topgetestet.de\/index.php?rest_route=\/wp\/v2\/product\/25939","targetHints":{"allow":["GET"]}}],"collection":[{"href":"https:\/\/topgetestet.de\/index.php?rest_route=\/wp\/v2\/product"}],"about":[{"href":"https:\/\/topgetestet.de\/index.php?rest_route=\/wp\/v2\/types\/product"}],"replies":[{"embeddable":true,"href":"https:\/\/topgetestet.de\/index.php?rest_route=%2Fwp%2Fv2%2Fcomments&post=25939"}],"wp:featuredmedia":[{"embeddable":true,"href":"https:\/\/topgetestet.de\/index.php?rest_route=\/wp\/v2\/media\/25940"}],"wp:attachment":[{"href":"https:\/\/topgetestet.de\/index.php?rest_route=%2Fwp%2Fv2%2Fmedia&parent=25939"}],"wp:term":[{"taxonomy":"product_cat","embeddable":true,"href":"https:\/\/topgetestet.de\/index.php?rest_route=%2Fwp%2Fv2%2Fproduct_cat&post=25939"},{"taxonomy":"product_tag","embeddable":true,"href":"https:\/\/topgetestet.de\/index.php?rest_route=%2Fwp%2Fv2%2Fproduct_tag&post=25939"}],"curies":[{"name":"wp","href":"https:\/\/api.w.org\/{rel}","templated":true}]}}