{"id":25786,"date":"2022-09-25T04:37:56","date_gmt":"2022-09-25T04:37:56","guid":{"rendered":"https:\/\/topgetestet.de\/?product=s-oliver-herren-t-shirt-5"},"modified":"2022-09-25T04:37:56","modified_gmt":"2022-09-25T04:37:56","slug":"s-oliver-herren-t-shirt-5","status":"publish","type":"product","link":"https:\/\/topgetestet.de\/?product=s-oliver-herren-t-shirt-5","title":{"rendered":"s.Oliver Herren T-Shirt"},"content":{"rendered":"<p>Price: <span style=\"color:#b12704\">[price_with_discount]<\/span><br \/><i><small>(as of [price_update_date] &#8211; <span class=\"wp_automatic_amazon_disclaimer\" title=\"Product prices and availability are accurate as of the date\/time indicated and are subject to change. Any price and availability information displayed on [relevant Amazon Site(s), as applicable] at the time of purchase will apply to the purchase of this product.\">Details<\/span>)<\/small><\/i><\/p>\n<p><a href=\"https:\/\/amazon.de\/dp\/B09FLQ6WXW?tag=topgetestet09-21\"><img decoding=\"async\" src=\"https:\/\/i.imgur.com\/ISRHEWs.png\"><\/a><br \/>\n[ad_1]<br \/>\n <span>Die hochwertige Qualit\u00e4t besteht aus schwerem Baumwolljersey mit Flammgarnstruktur.Ein Rippblende befindet sich am Rundhalsausschnitt.Die Vorderseite ist mit einem Motiv bedruckt.F\u00fcr eine l\u00e4ssige Optik sorgt der Loose Fit.Die R\u00fcckenl\u00e4nge<\/span> <br \/> Verpackungsabmessungen \u200f : \u200e  28.2 x 21.3 x 8 cm; 330 Gramm <br \/> Im Angebot von Amazon.de seit \u200f : \u200e  7. September 2021 <br \/> Hersteller \u200f : \u200e  s.Oliver <br \/> ASIN \u200f : \u200e  B09FLMTCL5 <br \/> Modellnummer \u200f : \u200e  130.10.111.12.130.2112266 <br \/> Kategorie \u200f : \u200e  Herren <\/p>\n<p>Relaxed fit<br \/>Kragenform: Einteiliger Kragen<br \/>13.111.32.X735 T-Shirt kurzarm RELAXED<br \/>Verschluss: Pull-On<br \/>100% Baumwolle<br \/>Westlich<br \/>\n<br \/>[ad_2]<\/p>\n","protected":false},"excerpt":{"rendered":"<p>Price: [price_with_discount](as of [price_update_date] &#8211; Details) [ad_1] Die hochwertige Qualit\u00e4t besteht aus schwerem Baumwolljersey mit Flammgarnstruktur.Ein Rippblende befindet sich am Rundhalsausschnitt.Die Vorderseite ist mit einem Motiv bedruckt.F\u00fcr eine l\u00e4ssige Optik<\/p>\n","protected":false},"featured_media":25787,"comment_status":"open","ping_status":"closed","template":"","meta":[],"product_cat":[231],"product_tag":[],"class_list":{"0":"post-25786","1":"product","2":"type-product","3":"status-publish","4":"has-post-thumbnail","6":"product_cat-mens-fashion","8":"first","9":"instock","10":"shipping-taxable","11":"product-type-external"},"aioseo_notices":[],"_links":{"self":[{"href":"https:\/\/topgetestet.de\/index.php?rest_route=\/wp\/v2\/product\/25786","targetHints":{"allow":["GET"]}}],"collection":[{"href":"https:\/\/topgetestet.de\/index.php?rest_route=\/wp\/v2\/product"}],"about":[{"href":"https:\/\/topgetestet.de\/index.php?rest_route=\/wp\/v2\/types\/product"}],"replies":[{"embeddable":true,"href":"https:\/\/topgetestet.de\/index.php?rest_route=%2Fwp%2Fv2%2Fcomments&post=25786"}],"wp:featuredmedia":[{"embeddable":true,"href":"https:\/\/topgetestet.de\/index.php?rest_route=\/wp\/v2\/media\/25787"}],"wp:attachment":[{"href":"https:\/\/topgetestet.de\/index.php?rest_route=%2Fwp%2Fv2%2Fmedia&parent=25786"}],"wp:term":[{"taxonomy":"product_cat","embeddable":true,"href":"https:\/\/topgetestet.de\/index.php?rest_route=%2Fwp%2Fv2%2Fproduct_cat&post=25786"},{"taxonomy":"product_tag","embeddable":true,"href":"https:\/\/topgetestet.de\/index.php?rest_route=%2Fwp%2Fv2%2Fproduct_tag&post=25786"}],"curies":[{"name":"wp","href":"https:\/\/api.w.org\/{rel}","templated":true}]}}