{"id":25393,"date":"2022-09-24T21:54:53","date_gmt":"2022-09-24T21:54:53","guid":{"rendered":"https:\/\/topgetestet.de\/?product=s-oliver-damen-5-5-22104-26-ballerinas"},"modified":"2022-09-24T21:54:53","modified_gmt":"2022-09-24T21:54:53","slug":"s-oliver-damen-5-5-22104-26-ballerinas","status":"publish","type":"product","link":"https:\/\/topgetestet.de\/?product=s-oliver-damen-5-5-22104-26-ballerinas","title":{"rendered":"s.Oliver Damen 5-5-22104-26 Ballerinas"},"content":{"rendered":"<p>Price: <span style=\"color:#b12704\">[price_with_discount]<\/span><br \/><i><small>(as of [price_update_date] &#8211; <span class=\"wp_automatic_amazon_disclaimer\" title=\"Product prices and availability are accurate as of the date\/time indicated and are subject to change. Any price and availability information displayed on [relevant Amazon Site(s), as applicable] at the time of purchase will apply to the purchase of this product.\">Details<\/span>)<\/small><\/i><\/p>\n<p><a href=\"https:\/\/amazon.de\/dp\/B08DVBCVNY?tag=topgetestet09-21\"><img decoding=\"async\" src=\"https:\/\/i.imgur.com\/ISRHEWs.png\"><\/a><br \/>\n[ad_1]<\/p>\n<p>       Produktbeschreibung des Herstellers <\/p>\n<p>          <img decoding=\"async\" alt=\"s.Oliver Shoes\" src=\"https:\/\/images-na.ssl-images-amazon.com\/images\/G\/01\/x-locale\/common\/grey-pixel.gif\" class=\"a-lazy-loaded\" data-src=\"https:\/\/m.media-amazon.com\/images\/S\/aplus-media\/vc\/3d6c69e8-3704-48cc-bcf7-2acea154f33a.__CR0,0,1250,375_PT0_SX600_V1___.png\"><\/p>\n<p>           <img decoding=\"async\" alt=\"s.Oliver Shoes\" src=\"https:\/\/m.media-amazon.com\/images\/S\/aplus-media\/vc\/3d6c69e8-3704-48cc-bcf7-2acea154f33a.__CR0,0,1250,375_PT0_SX600_V1___.png\"><\/p>\n<p>              <img decoding=\"async\" alt=\"s.Oliver Shoes\" src=\"https:\/\/images-na.ssl-images-amazon.com\/images\/G\/01\/x-locale\/common\/grey-pixel.gif\" class=\"a-lazy-loaded\" data-src=\"https:\/\/m.media-amazon.com\/images\/S\/aplus-media\/vc\/0af81457-7d34-48c4-8b73-2932a7e90a11.__CR0,0,300,300_PT0_SX300_V1___.png\"><\/p>\n<p>               <img decoding=\"async\" alt=\"s.Oliver Shoes\" src=\"https:\/\/m.media-amazon.com\/images\/S\/aplus-media\/vc\/0af81457-7d34-48c4-8b73-2932a7e90a11.__CR0,0,300,300_PT0_SX300_V1___.png\"><\/p>\n<h3 class=\"a-spacing-mini\"> s.Oliver \u2013 Eine Marke f\u00fcr die ganze Familie <\/h3>\n<p> s.Oliver f\u00fcllt Ihre W\u00fcnsche mit Leben und pr\u00e4sentiert Mode f\u00fcr die gesamte Familie, stets mit besonderem Fokus auf Tragbarkeit. <\/p>\n<p> Moderne Styles, die allen Anforderungen des Alltags gerecht werden und dabei stets den modischen Anspruch im Auge behalten. <\/p>\n<p> Die Marke ist l\u00e4ssig, authentisch und leicht zu kombinieren. Dabei zeigt sie sich modern, farbenfroh und sportiv. <\/p>\n<p> Eine Kollektion, mit der sich garantiert jeder wohl f\u00fchlt. <\/p>\n<h3 class=\"a-spacing-small\"> Produkttechnologie <\/h3>\n<p> <img decoding=\"async\" alt=\"s.Oliver Shoes\" src=\"https:\/\/images-na.ssl-images-amazon.com\/images\/G\/01\/x-locale\/common\/grey-pixel.gif\" class=\"a-lazy-loaded\" data-src=\"https:\/\/m.media-amazon.com\/images\/S\/aplus-media\/vc\/cf470c6f-35c6-4a5c-abf4-b0b43d30fc4e.__CR0,0,220,220_PT0_SX220_V1___.png\">\n                     <\/p>\n<p>                      <img decoding=\"async\" alt=\"s.Oliver Shoes\" src=\"https:\/\/m.media-amazon.com\/images\/S\/aplus-media\/vc\/cf470c6f-35c6-4a5c-abf4-b0b43d30fc4e.__CR0,0,220,220_PT0_SX220_V1___.png\"><\/p>\n<p> <img decoding=\"async\" alt=\"s.Oliver Shoes\" src=\"https:\/\/images-na.ssl-images-amazon.com\/images\/G\/01\/x-locale\/common\/grey-pixel.gif\" class=\"a-lazy-loaded\" data-src=\"https:\/\/m.media-amazon.com\/images\/S\/aplus-media\/vc\/5f3d4139-19ad-4e36-9dca-866bd6c1badf.__CR0,0,220,220_PT0_SX220_V1___.png\">\n                     <\/p>\n<p>                      <img decoding=\"async\" alt=\"s.Oliver Shoes\" src=\"https:\/\/m.media-amazon.com\/images\/S\/aplus-media\/vc\/5f3d4139-19ad-4e36-9dca-866bd6c1badf.__CR0,0,220,220_PT0_SX220_V1___.png\"><\/p>\n<p> <img decoding=\"async\" alt=\"s.Oliver Shoes\" src=\"https:\/\/images-na.ssl-images-amazon.com\/images\/G\/01\/x-locale\/common\/grey-pixel.gif\" class=\"a-lazy-loaded\" data-src=\"https:\/\/m.media-amazon.com\/images\/S\/aplus-media\/vc\/9f207ff8-e46b-44e5-a499-9e5c7429f5d6.__CR0,0,220,220_PT0_SX220_V1___.png\">\n                     <\/p>\n<p>                      <img decoding=\"async\" alt=\"s.Oliver Shoes\" src=\"https:\/\/m.media-amazon.com\/images\/S\/aplus-media\/vc\/9f207ff8-e46b-44e5-a499-9e5c7429f5d6.__CR0,0,220,220_PT0_SX220_V1___.png\"><\/p>\n<p> <img decoding=\"async\" alt=\"s.Oliver Shoes\" src=\"https:\/\/images-na.ssl-images-amazon.com\/images\/G\/01\/x-locale\/common\/grey-pixel.gif\" class=\"a-lazy-loaded\" data-src=\"https:\/\/m.media-amazon.com\/images\/S\/aplus-media\/vc\/0086fc02-6ea4-4a47-ac7f-99b0eb7b0e7a.__CR0,0,220,220_PT0_SX220_V1___.png\">\n                     <\/p>\n<p>                      <img decoding=\"async\" alt=\"s.Oliver Shoes\" src=\"https:\/\/m.media-amazon.com\/images\/S\/aplus-media\/vc\/0086fc02-6ea4-4a47-ac7f-99b0eb7b0e7a.__CR0,0,220,220_PT0_SX220_V1___.png\"><\/p>\n<p>                     SO FELX &#8211; FLEXIBILITY REDEFINED  <\/p>\n<p class=\"a-size-small\"> Bei SO FLEX steht absolute Flexibilit\u00e4t im Vordergrund. Dank der extrem flexiblen, weichen und innovativen Sohlen-Konstruktion l\u00e4uft es sich wie auf Wolken. Zudem kommt die Optik nicht zu kurz &#8211; ein cleanes und gepflegtes Aussehen ist ein Muss f\u00fcr die smarten Modelle. <\/p>\n<p>                     SOFT FOAM  <\/p>\n<p class=\"a-size-small\"> Mit unserer SOFT FOAM Sohle wird das Laufen noch bequemer &#8211; und zwar den ganzen Tag \u00fcber! Daf\u00fcr sorgt eine weiche Schaumschicht zwischen Deck- und Brandsohle, die sich der Fu\u00dfform optimal und individuell anpasst. <\/p>\n<p>[ad_2]<\/p>\n","protected":false},"excerpt":{"rendered":"<p>Price: [price_with_discount](as of [price_update_date] &#8211; Details) [ad_1] Produktbeschreibung des Herstellers s.Oliver \u2013 Eine Marke f\u00fcr die ganze Familie s.Oliver f\u00fcllt Ihre W\u00fcnsche mit Leben und pr\u00e4sentiert Mode f\u00fcr die gesamte<\/p>\n","protected":false},"featured_media":25394,"comment_status":"open","ping_status":"closed","template":"","meta":[],"product_cat":[232],"product_tag":[],"class_list":{"0":"post-25393","1":"product","2":"type-product","3":"status-publish","4":"has-post-thumbnail","6":"product_cat-women-fashion","8":"first","9":"instock","10":"shipping-taxable","11":"product-type-external"},"aioseo_notices":[],"_links":{"self":[{"href":"https:\/\/topgetestet.de\/index.php?rest_route=\/wp\/v2\/product\/25393","targetHints":{"allow":["GET"]}}],"collection":[{"href":"https:\/\/topgetestet.de\/index.php?rest_route=\/wp\/v2\/product"}],"about":[{"href":"https:\/\/topgetestet.de\/index.php?rest_route=\/wp\/v2\/types\/product"}],"replies":[{"embeddable":true,"href":"https:\/\/topgetestet.de\/index.php?rest_route=%2Fwp%2Fv2%2Fcomments&post=25393"}],"wp:featuredmedia":[{"embeddable":true,"href":"https:\/\/topgetestet.de\/index.php?rest_route=\/wp\/v2\/media\/25394"}],"wp:attachment":[{"href":"https:\/\/topgetestet.de\/index.php?rest_route=%2Fwp%2Fv2%2Fmedia&parent=25393"}],"wp:term":[{"taxonomy":"product_cat","embeddable":true,"href":"https:\/\/topgetestet.de\/index.php?rest_route=%2Fwp%2Fv2%2Fproduct_cat&post=25393"},{"taxonomy":"product_tag","embeddable":true,"href":"https:\/\/topgetestet.de\/index.php?rest_route=%2Fwp%2Fv2%2Fproduct_tag&post=25393"}],"curies":[{"name":"wp","href":"https:\/\/api.w.org\/{rel}","templated":true}]}}