{"id":24714,"date":"2022-09-24T15:54:50","date_gmt":"2022-09-24T15:54:50","guid":{"rendered":"https:\/\/topgetestet.de\/?product=jack-jones-herren-jcosolar-sweat-high-neck-jacke-3"},"modified":"2022-09-24T15:54:50","modified_gmt":"2022-09-24T15:54:50","slug":"jack-jones-herren-jcosolar-sweat-high-neck-jacke-3","status":"publish","type":"product","link":"https:\/\/topgetestet.de\/?product=jack-jones-herren-jcosolar-sweat-high-neck-jacke-3","title":{"rendered":"JACK &#038; JONES Herren Jcosolar Sweat High Neck Jacke"},"content":{"rendered":"<p>Price: <span style=\"color:#b12704\">[price_with_discount]<\/span><br \/><i><small>(as of [price_update_date] &#8211; <span class=\"wp_automatic_amazon_disclaimer\" title=\"Product prices and availability are accurate as of the date\/time indicated and are subject to change. Any price and availability information displayed on [relevant Amazon Site(s), as applicable] at the time of purchase will apply to the purchase of this product.\">Details<\/span>)<\/small><\/i><\/p>\n<p><a href=\"https:\/\/amazon.de\/dp\/B09BVF1YQP?tag=topgetestet09-21\"><img decoding=\"async\" src=\"https:\/\/i.imgur.com\/ISRHEWs.png\"><\/a><br \/>\n[ad_1]<br \/>\n <span>Activewear-Jacke, Gr\u00f6\u00dfe M, f\u00fcr Herren in der Farbe Dunkelrot der d\u00e4nischen Marke JACK&amp;JONES, aus 100% Polyester<\/span> <br \/> Verpackungsabmessungen \u200f : \u200e  36.7 x 29.2 x 8.1 cm; 450 Gramm <br \/> Im Angebot von Amazon.de seit \u200f : \u200e  4. August 2021 <br \/> Hersteller \u200f : \u200e  Bestseller A\/S <br \/> ASIN \u200f : \u200e  B09BVDZP1K <br \/> Modellnummer \u200f : \u200e  12192893 <br \/> Kategorie \u200f : \u200e  Herren <\/p>\n<p>[ad_2]<\/p>\n","protected":false},"excerpt":{"rendered":"<p>Price: [price_with_discount](as of [price_update_date] &#8211; Details) [ad_1] Activewear-Jacke, Gr\u00f6\u00dfe M, f\u00fcr Herren in der Farbe Dunkelrot der d\u00e4nischen Marke JACK&amp;JONES, aus 100% Polyester Verpackungsabmessungen \u200f : \u200e 36.7 x 29.2<\/p>\n","protected":false},"featured_media":24715,"comment_status":"open","ping_status":"closed","template":"","meta":[],"product_cat":[231],"product_tag":[],"class_list":{"0":"post-24714","1":"product","2":"type-product","3":"status-publish","4":"has-post-thumbnail","6":"product_cat-mens-fashion","8":"first","9":"instock","10":"shipping-taxable","11":"product-type-external"},"aioseo_notices":[],"_links":{"self":[{"href":"https:\/\/topgetestet.de\/index.php?rest_route=\/wp\/v2\/product\/24714","targetHints":{"allow":["GET"]}}],"collection":[{"href":"https:\/\/topgetestet.de\/index.php?rest_route=\/wp\/v2\/product"}],"about":[{"href":"https:\/\/topgetestet.de\/index.php?rest_route=\/wp\/v2\/types\/product"}],"replies":[{"embeddable":true,"href":"https:\/\/topgetestet.de\/index.php?rest_route=%2Fwp%2Fv2%2Fcomments&post=24714"}],"wp:featuredmedia":[{"embeddable":true,"href":"https:\/\/topgetestet.de\/index.php?rest_route=\/wp\/v2\/media\/24715"}],"wp:attachment":[{"href":"https:\/\/topgetestet.de\/index.php?rest_route=%2Fwp%2Fv2%2Fmedia&parent=24714"}],"wp:term":[{"taxonomy":"product_cat","embeddable":true,"href":"https:\/\/topgetestet.de\/index.php?rest_route=%2Fwp%2Fv2%2Fproduct_cat&post=24714"},{"taxonomy":"product_tag","embeddable":true,"href":"https:\/\/topgetestet.de\/index.php?rest_route=%2Fwp%2Fv2%2Fproduct_tag&post=24714"}],"curies":[{"name":"wp","href":"https:\/\/api.w.org\/{rel}","templated":true}]}}