{"id":24553,"date":"2022-09-24T14:35:15","date_gmt":"2022-09-24T14:35:15","guid":{"rendered":"https:\/\/topgetestet.de\/?product=xbox-wireless-controller-robot-white"},"modified":"2022-09-24T14:35:15","modified_gmt":"2022-09-24T14:35:15","slug":"xbox-wireless-controller-robot-white","status":"publish","type":"product","link":"https:\/\/topgetestet.de\/?product=xbox-wireless-controller-robot-white","title":{"rendered":"Xbox Wireless Controller Robot White"},"content":{"rendered":"<p>Price: <span style=\"color:#b12704\">[price_with_discount]<\/span><br \/><i><small>(as of [price_update_date] &#8211; <span class=\"wp_automatic_amazon_disclaimer\" title=\"Product prices and availability are accurate as of the date\/time indicated and are subject to change. Any price and availability information displayed on [relevant Amazon Site(s), as applicable] at the time of purchase will apply to the purchase of this product.\">Details<\/span>)<\/small><\/i><\/p>\n<p><a href=\"https:\/\/amazon.de\/dp\/B087VLP2RT?tag=topgetestet09-21\"><img decoding=\"async\" src=\"https:\/\/i.imgur.com\/ISRHEWs.png\"><\/a><br \/>\n[ad_1]<br \/>\n <span>Erleben Sie das modernisierte Design des Xbox Wireless Controllers in Roboto White, der mit seinen geformten Oberfl\u00e4chen und der verfeinerten Geometrie f\u00fcr mehr Komfort beim Spielen sorgt. Bleiben Sie dank der strukturierten Grifffl\u00e4che und dem hybriden D-Pad auf Zielkurs. Dank des neuen Share Buttons k\u00f6nnen Sie Inhalte wie Screenshots w\u00e4hrend des Spiels m\u00fchelos aufnehmen und teilen. Mit der Xbox Zubeh\u00f6r-App k\u00f6nnen Sie Tasten individuell zuweisen und benutzerdefinierte Controller-Profile f\u00fcr ihre Lieblingsspiele erstellen. Verbinden Sie den Controller sekundenschnell mit kompatiblen Ger\u00e4ten und wechseln Sie bequem zwischen ihnen. Dazu geh\u00f6ren Xbox Series X, Xbox One, Windows 10-PCs und Android-Ger\u00e4te. An der 3,5mm-Stereo-Headsetbuchse kannst du kompatible Headsets und Kopfh\u00f6rer anschlie\u00dfen.<\/span> <br \/> Batterien \u200f : \u200e  2 AA Batterien erforderlich (enthalten). <br \/> Alterseinstufung \u200f : \u200e  Nicht gepr\u00fcft <br \/> Produktabmessungen \u200f : \u200e  7 x 17 x 18 cm; 0.48 Gramm <br \/> Erscheinungstermin \u200f : \u200e  10. November 2020 <br \/> ASIN \u200f : \u200e  B087VLP2RT <br \/> Modellnummer \u200f : \u200e  QAS-00002 <br \/> Herkunftsland \u200f : \u200e  Deutschland <\/p>\n<p>Bleiben Sie dank der strukturierten Grifffl\u00e4che und dem hybriden D-Pad auf Zielkurs<br \/>Sie k\u00f6nnen den Controller auf ihre Bed\u00fcrfnisse anpassen und \u00fcber die Xbox Zubeh\u00f6r-App die Tasten so zuweisen, wie Sie m\u00f6chten<br \/>An der 3,5mm-Stereo-Headsetbuchse kannst du kompatible Headsets und Kopfh\u00f6rer anschlie\u00dfen<br \/>Verf\u00fcgt \u00fcber Xbox Wireless- und Bluetooth-Technologie f\u00fcr drahtloses Gaming auf unterst\u00fctzten Konsolen, Windows 10-PCs und Android-Smartphones sowie Tablets<br \/>\n<br \/>[ad_2]<\/p>\n","protected":false},"excerpt":{"rendered":"<p>Price: [price_with_discount](as of [price_update_date] &#8211; Details) [ad_1] Erleben Sie das modernisierte Design des Xbox Wireless Controllers in Roboto White, der mit seinen geformten Oberfl\u00e4chen und der verfeinerten Geometrie f\u00fcr mehr<\/p>\n","protected":false},"featured_media":24554,"comment_status":"open","ping_status":"closed","template":"","meta":[],"product_cat":[227],"product_tag":[258],"class_list":{"0":"post-24553","1":"product","2":"type-product","3":"status-publish","4":"has-post-thumbnail","6":"product_cat-gaming","7":"product_tag-mac-accessories","9":"first","10":"instock","11":"shipping-taxable","12":"product-type-external"},"aioseo_notices":[],"_links":{"self":[{"href":"https:\/\/topgetestet.de\/index.php?rest_route=\/wp\/v2\/product\/24553","targetHints":{"allow":["GET"]}}],"collection":[{"href":"https:\/\/topgetestet.de\/index.php?rest_route=\/wp\/v2\/product"}],"about":[{"href":"https:\/\/topgetestet.de\/index.php?rest_route=\/wp\/v2\/types\/product"}],"replies":[{"embeddable":true,"href":"https:\/\/topgetestet.de\/index.php?rest_route=%2Fwp%2Fv2%2Fcomments&post=24553"}],"wp:featuredmedia":[{"embeddable":true,"href":"https:\/\/topgetestet.de\/index.php?rest_route=\/wp\/v2\/media\/24554"}],"wp:attachment":[{"href":"https:\/\/topgetestet.de\/index.php?rest_route=%2Fwp%2Fv2%2Fmedia&parent=24553"}],"wp:term":[{"taxonomy":"product_cat","embeddable":true,"href":"https:\/\/topgetestet.de\/index.php?rest_route=%2Fwp%2Fv2%2Fproduct_cat&post=24553"},{"taxonomy":"product_tag","embeddable":true,"href":"https:\/\/topgetestet.de\/index.php?rest_route=%2Fwp%2Fv2%2Fproduct_tag&post=24553"}],"curies":[{"name":"wp","href":"https:\/\/api.w.org\/{rel}","templated":true}]}}