{"id":24167,"date":"2022-09-24T11:52:33","date_gmt":"2022-09-24T11:52:33","guid":{"rendered":"https:\/\/topgetestet.de\/?product=levis-herren-graphic-crewneck-tee-t-shirt"},"modified":"2022-09-24T11:52:33","modified_gmt":"2022-09-24T11:52:33","slug":"levis-herren-graphic-crewneck-tee-t-shirt","status":"publish","type":"product","link":"https:\/\/topgetestet.de\/?product=levis-herren-graphic-crewneck-tee-t-shirt","title":{"rendered":"Levi&#8217;s Herren Graphic Crewneck Tee T-Shirt"},"content":{"rendered":"<p>Price: <span style=\"color:#b12704\">[price_with_discount]<\/span><br \/><i><small>(as of [price_update_date] &#8211; <span class=\"wp_automatic_amazon_disclaimer\" title=\"Product prices and availability are accurate as of the date\/time indicated and are subject to change. Any price and availability information displayed on [relevant Amazon Site(s), as applicable] at the time of purchase will apply to the purchase of this product.\">Details<\/span>)<\/small><\/i><\/p>\n<p><a href=\"https:\/\/amazon.de\/dp\/B09SJ6MDZ7?tag=topgetestet09-21\"><img decoding=\"async\" src=\"https:\/\/i.imgur.com\/ISRHEWs.png\"><\/a><br \/>\n[ad_1]<\/p>\n<p>       Produktbeschreibung des Herstellers <\/p>\n<p>              <img decoding=\"async\" alt=\"Du tr\u00e4gst Jeans. Du lebst in Levi's.\" src=\"https:\/\/images-na.ssl-images-amazon.com\/images\/G\/01\/x-locale\/common\/grey-pixel.gif\" class=\"a-lazy-loaded\" data-src=\"https:\/\/m.media-amazon.com\/images\/S\/aplus-media\/sota\/c464ed5d-92a6-40c2-bfbe-1234939153ba.__CR0,0,970,300_PT0_SX970_V1___.jpg\"><\/p>\n<p>               <img decoding=\"async\" alt=\"Du tr\u00e4gst Jeans. Du lebst in Levi's.\" src=\"https:\/\/m.media-amazon.com\/images\/S\/aplus-media\/sota\/c464ed5d-92a6-40c2-bfbe-1234939153ba.__CR0,0,970,300_PT0_SX970_V1___.jpg\"><\/p>\n<h3 class=\"a-spacing-mini\"> Du tr\u00e4gst Jeans. Du lebst in Levi&#8217;s. <\/h3>\n<p>          <img decoding=\"async\" alt=\"Du tr\u00e4gst Jeans. Du lebst in Levi's.\" src=\"https:\/\/images-na.ssl-images-amazon.com\/images\/G\/01\/x-locale\/common\/grey-pixel.gif\" class=\"a-spacing-base a-lazy-loaded\" data-src=\"https:\/\/m.media-amazon.com\/images\/S\/aplus-media\/sota\/65dbad39-bdea-472b-a96b-a4cf1a1b0a3b.__CR0,0,970,600_PT0_SX970_V1___.jpg\"><\/p>\n<p>           <img decoding=\"async\" alt=\"Du tr\u00e4gst Jeans. Du lebst in Levi's.\" src=\"https:\/\/m.media-amazon.com\/images\/S\/aplus-media\/sota\/65dbad39-bdea-472b-a96b-a4cf1a1b0a3b.__CR0,0,970,600_PT0_SX970_V1___.jpg\"><\/p>\n<p class=\"a-spacing-base\"> Seit Levi Strauss 1873 in Kalifornien die Jeans erfand, geh\u00f6rten Levi&#8217;s Jeans zu den bekanntesten Kleidungsst\u00fccken der Welt. Was als Erfindung f\u00fcr die amerikanischen Arbeiter entstand, wurde schnell zu einer Art Uniform. <\/p>\n<p class=\"a-spacing-base\"> Getragen von Minenarbeitern, Cowboys, Rebellen, Rockstars, Pr\u00e4sidenten und ganz normalen M\u00e4nnern und Frauen. Die funktionale Kleidung wurde nicht mehr nur bei der Arbeit getragen, sondern man lebte f\u00f6rmlich in ihr. Aber Levi&#8217;s ist noch viel mehr. Kleidung von Levi&#8217;s ist ein ganzer Lebensstil, eine Art, sich auszudr\u00fccken. Sie zeigt die Spuren des Lebens, die Form des eigenen K\u00f6rpers, die Erinnerungen der erlebten Abenteuer. <\/p>\n<p>          <img decoding=\"async\" alt=\"Levi's Internationale Umrechnungstabelle Herren Oberteile und Jacken\" src=\"https:\/\/images-na.ssl-images-amazon.com\/images\/G\/01\/x-locale\/common\/grey-pixel.gif\" class=\"a-spacing-base a-lazy-loaded\" data-src=\"https:\/\/m.media-amazon.com\/images\/S\/aplus-media-library-service-media\/90e58942-05c8-472d-9643-ab1ff07e0a49.__CR0,0,1347,833_PT0_SX970_V1___.png\"><\/p>\n<p>           <img decoding=\"async\" alt=\"Levi's Internationale Umrechnungstabelle Herren Oberteile und Jacken\" src=\"https:\/\/m.media-amazon.com\/images\/S\/aplus-media-library-service-media\/90e58942-05c8-472d-9643-ab1ff07e0a49.__CR0,0,1347,833_PT0_SX970_V1___.png\"><\/p>\n<p>              <img decoding=\"async\" alt=\"Levi`s Men Tops\" src=\"https:\/\/images-na.ssl-images-amazon.com\/images\/G\/01\/x-locale\/common\/grey-pixel.gif\" class=\"a-spacing-mini a-lazy-loaded\" data-src=\"https:\/\/m.media-amazon.com\/images\/S\/aplus-media\/sota\/1a29b531-745c-46aa-8f84-96ed621c87f5.__CR0,0,600,600_PT0_SX300_V1___.jpg\"><\/p>\n<p>               <img decoding=\"async\" alt=\"Levi`s Men Tops\" src=\"https:\/\/m.media-amazon.com\/images\/S\/aplus-media\/sota\/1a29b531-745c-46aa-8f84-96ed621c87f5.__CR0,0,600,600_PT0_SX300_V1___.jpg\"><\/p>\n<h3 class=\"a-spacing-mini\"> Messanweisung <\/h3>\n<p> Hals: Miss deinen Halsumfang an der breitesten Stelle mit einem Ma\u00dfband. <\/p>\n<p> Brust: Miss deinen Brustumgang an der breitesten Stelle. Leg das Ma\u00dfband dabei unbedingt gerade an. Taille: Miss deinen Taillenumfang an der schmalsten Stelle. Nicht zu eng, nicht zu weit. <\/p>\n<p> Ges\u00e4\u00df: Miss deinen H\u00fcftumfang an der breitesten Stelle. Leg das Ma\u00dfband so gerade an wie m\u00f6glich. <\/p>\n<p>              <img decoding=\"async\" alt=\"Levi`s\" src=\"https:\/\/images-na.ssl-images-amazon.com\/images\/G\/01\/x-locale\/common\/grey-pixel.gif\" class=\"a-lazy-loaded\" data-src=\"https:\/\/m.media-amazon.com\/images\/S\/aplus-media\/sota\/c0a5e225-08bb-473c-97ac-cf391bbc3138.__CR0,0,970,300_PT0_SX970_V1___.jpg\"><\/p>\n<p>               <img decoding=\"async\" alt=\"Levi`s\" src=\"https:\/\/m.media-amazon.com\/images\/S\/aplus-media\/sota\/c0a5e225-08bb-473c-97ac-cf391bbc3138.__CR0,0,970,300_PT0_SX970_V1___.jpg\"><\/p>\n<p>[ad_2]<\/p>\n","protected":false},"excerpt":{"rendered":"<p>Price: [price_with_discount](as of [price_update_date] &#8211; Details) [ad_1] Produktbeschreibung des Herstellers Du tr\u00e4gst Jeans. Du lebst in Levi&#8217;s. Seit Levi Strauss 1873 in Kalifornien die Jeans erfand, geh\u00f6rten Levi&#8217;s Jeans zu<\/p>\n","protected":false},"featured_media":24168,"comment_status":"open","ping_status":"closed","template":"","meta":[],"product_cat":[231],"product_tag":[],"class_list":{"0":"post-24167","1":"product","2":"type-product","3":"status-publish","4":"has-post-thumbnail","6":"product_cat-mens-fashion","8":"first","9":"instock","10":"shipping-taxable","11":"product-type-external"},"aioseo_notices":[],"_links":{"self":[{"href":"https:\/\/topgetestet.de\/index.php?rest_route=\/wp\/v2\/product\/24167","targetHints":{"allow":["GET"]}}],"collection":[{"href":"https:\/\/topgetestet.de\/index.php?rest_route=\/wp\/v2\/product"}],"about":[{"href":"https:\/\/topgetestet.de\/index.php?rest_route=\/wp\/v2\/types\/product"}],"replies":[{"embeddable":true,"href":"https:\/\/topgetestet.de\/index.php?rest_route=%2Fwp%2Fv2%2Fcomments&post=24167"}],"wp:featuredmedia":[{"embeddable":true,"href":"https:\/\/topgetestet.de\/index.php?rest_route=\/wp\/v2\/media\/24168"}],"wp:attachment":[{"href":"https:\/\/topgetestet.de\/index.php?rest_route=%2Fwp%2Fv2%2Fmedia&parent=24167"}],"wp:term":[{"taxonomy":"product_cat","embeddable":true,"href":"https:\/\/topgetestet.de\/index.php?rest_route=%2Fwp%2Fv2%2Fproduct_cat&post=24167"},{"taxonomy":"product_tag","embeddable":true,"href":"https:\/\/topgetestet.de\/index.php?rest_route=%2Fwp%2Fv2%2Fproduct_tag&post=24167"}],"curies":[{"name":"wp","href":"https:\/\/api.w.org\/{rel}","templated":true}]}}