{"id":23392,"date":"2022-09-24T05:44:32","date_gmt":"2022-09-24T05:44:32","guid":{"rendered":"https:\/\/topgetestet.de\/?product=brooks-2"},"modified":"2022-09-24T05:44:32","modified_gmt":"2022-09-24T05:44:32","slug":"brooks-2","status":"publish","type":"product","link":"https:\/\/topgetestet.de\/?product=brooks-2","title":{"rendered":"Brooks"},"content":{"rendered":"<p>Price: <span style=\"color:#b12704\">[price_with_discount]<\/span><br \/><i><small>(as of [price_update_date] &#8211; <span class=\"wp_automatic_amazon_disclaimer\" title=\"Product prices and availability are accurate as of the date\/time indicated and are subject to change. Any price and availability information displayed on [relevant Amazon Site(s), as applicable] at the time of purchase will apply to the purchase of this product.\">Details<\/span>)<\/small><\/i><\/p>\n<p><a href=\"https:\/\/amazon.de\/dp\/B08LMHCCF2?tag=topgetestet09-21\"><img decoding=\"async\" src=\"https:\/\/i.imgur.com\/ISRHEWs.png\"><\/a><br \/>\n[ad_1]<br \/>\n <span>Unser legend\u00e4rer Schuh hat gerade neue Tricks erlernt. Unser neuestes Go-To-Shoe verf\u00fcgt jetzt \u00fcber das ganzheitliche GuideRails Support-System sowie eine weiche und verantwortungsvolle D\u00e4mpfung.<\/span> <br \/> Produktabmessungen \u200f : \u200e  25.4 x 38.1 x 15.24 cm; 907.18 Gramm <br \/> Im Angebot von Amazon.de seit \u200f : \u200e  1. Februar 2021 <br \/> Hersteller \u200f : \u200e  Brooks <br \/> ASIN \u200f : \u200e  B08LMBR12D <br \/> Herstellerreferenz \u200f : \u200e  1103571D095.080 <br \/> Kategorie \u200f : \u200e  Herren <\/p>\n<p>[ad_2]<\/p>\n","protected":false},"excerpt":{"rendered":"<p>Price: [price_with_discount](as of [price_update_date] &#8211; Details) [ad_1] Unser legend\u00e4rer Schuh hat gerade neue Tricks erlernt. Unser neuestes Go-To-Shoe verf\u00fcgt jetzt \u00fcber das ganzheitliche GuideRails Support-System sowie eine weiche und verantwortungsvolle<\/p>\n","protected":false},"featured_media":23393,"comment_status":"open","ping_status":"closed","template":"","meta":[],"product_cat":[234],"product_tag":[235],"class_list":{"0":"post-23392","1":"product","2":"type-product","3":"status-publish","4":"has-post-thumbnail","6":"product_cat-shoes","7":"product_tag-mens-road-running-shoes","9":"first","10":"instock","11":"shipping-taxable","12":"product-type-external"},"aioseo_notices":[],"_links":{"self":[{"href":"https:\/\/topgetestet.de\/index.php?rest_route=\/wp\/v2\/product\/23392","targetHints":{"allow":["GET"]}}],"collection":[{"href":"https:\/\/topgetestet.de\/index.php?rest_route=\/wp\/v2\/product"}],"about":[{"href":"https:\/\/topgetestet.de\/index.php?rest_route=\/wp\/v2\/types\/product"}],"replies":[{"embeddable":true,"href":"https:\/\/topgetestet.de\/index.php?rest_route=%2Fwp%2Fv2%2Fcomments&post=23392"}],"wp:featuredmedia":[{"embeddable":true,"href":"https:\/\/topgetestet.de\/index.php?rest_route=\/wp\/v2\/media\/23393"}],"wp:attachment":[{"href":"https:\/\/topgetestet.de\/index.php?rest_route=%2Fwp%2Fv2%2Fmedia&parent=23392"}],"wp:term":[{"taxonomy":"product_cat","embeddable":true,"href":"https:\/\/topgetestet.de\/index.php?rest_route=%2Fwp%2Fv2%2Fproduct_cat&post=23392"},{"taxonomy":"product_tag","embeddable":true,"href":"https:\/\/topgetestet.de\/index.php?rest_route=%2Fwp%2Fv2%2Fproduct_tag&post=23392"}],"curies":[{"name":"wp","href":"https:\/\/api.w.org\/{rel}","templated":true}]}}