{"id":22474,"date":"2022-09-23T23:12:24","date_gmt":"2022-09-23T23:12:24","guid":{"rendered":"https:\/\/topgetestet.de\/?product=belkin-active-pro-messenger-tasche-156-zoll-laptop-tasche-schwarz"},"modified":"2022-09-23T23:12:24","modified_gmt":"2022-09-23T23:12:24","slug":"belkin-active-pro-messenger-tasche-156-zoll-laptop-tasche-schwarz","status":"publish","type":"product","link":"https:\/\/topgetestet.de\/?product=belkin-active-pro-messenger-tasche-156-zoll-laptop-tasche-schwarz","title":{"rendered":"Belkin Active Pro Messenger-Tasche (15,6 Zoll, Laptop-Tasche) schwarz"},"content":{"rendered":"<p>Price: <span style=\"color:#b12704\">[price_with_discount]<\/span><br \/><i><small>(as of [price_update_date] &#8211; <span class=\"wp_automatic_amazon_disclaimer\" title=\"Product prices and availability are accurate as of the date\/time indicated and are subject to change. Any price and availability information displayed on [relevant Amazon Site(s), as applicable] at the time of purchase will apply to the purchase of this product.\">Details<\/span>)<\/small><\/i><\/p>\n<p><a href=\"https:\/\/amazon.de\/dp\/B071W8TYFP?tag=topgetestet09-21\"><img decoding=\"async\" src=\"https:\/\/i.imgur.com\/ISRHEWs.png\"><\/a><br \/>\n[ad_1]<\/p>\n<p>        Produktbeschreibung des Herstellers <\/p>\n<p>                <img decoding=\"async\" alt=\"\" src=\"https:\/\/images-na.ssl-images-amazon.com\/images\/G\/01\/x-locale\/common\/grey-pixel.gif\" class=\"a-spacing-mini a-lazy-loaded\" data-src=\"https:\/\/m.media-amazon.com\/images\/S\/aplus-media\/vc\/139fec95-cff2-4b9d-a047-253a4a81b122._SR285,285_.jpeg\"><\/p>\n<p>                 <img decoding=\"async\" alt=\"\" src=\"https:\/\/m.media-amazon.com\/images\/S\/aplus-media\/vc\/139fec95-cff2-4b9d-a047-253a4a81b122._SR285,285_.jpeg\"><\/p>\n<p> <\/p>\n<p>  F8N903btBLK  <\/p>\n<p>                 <img decoding=\"async\" alt=\"\" src=\"https:\/\/images-na.ssl-images-amazon.com\/images\/G\/01\/x-locale\/common\/grey-pixel.gif\" class=\"a-spacing-mini a-lazy-loaded\" data-src=\"https:\/\/m.media-amazon.com\/images\/S\/aplus-media\/vc\/3fc2b307-5429-46af-bc71-78f7802ec5bd._SR230,100_.png\"><\/p>\n<p>                  <img decoding=\"async\" alt=\"\" src=\"https:\/\/m.media-amazon.com\/images\/S\/aplus-media\/vc\/3fc2b307-5429-46af-bc71-78f7802ec5bd._SR230,100_.png\"><\/p>\n<p>                  Auf einen Blick:  <\/p>\n<p>                      Separate F\u00e4cher f\u00fcr Laptop und Tablet<br \/>\n                      Verstellbarer, mit Netzmaterial gepolsterter Schulterriemen<br \/>\n                      Wasserfester \u00dcberzug an der Unterseite bietet dem Inhalt Schutz<br \/>\n                      Reflektierende Streifen sind im Dunkeln gut sichtbar<br \/>\n                      Top-Loader-Modell l\u00e4sst sich ohne St\u00fctze senkrecht aufstellen<br \/>\n                      Integrierte F\u00e4cher f\u00fcr Zubeh\u00f6r<br \/>\n                      Senkrechte F\u00e4cher f\u00fcr schnellen Zugriff unterwegs<br \/>\n                      Verstecktes, besonders sicheres Fach<br \/>\n                      Schlaufe f\u00fcr Fahrradleuchte<br \/>\n                      Gep\u00e4ckriemen zur Befestigung an Trolleys oder Koffern<br \/>\n                      Sportliches, legeres Design<br \/>\n                      Breite x H\u00f6he x Tiefe: 44 cm x 32 cm x 13,5 cm<br \/>\n                      Gewicht: 842 g   <\/p>\n<h3 class=\"a-spacing-mini\"> Active Pro Messenger-Tasche <\/h3>\n<p>                 Unkompliziert Unterwegs  <\/p>\n<p class=\"a-spacing-base\"> Die Active Pro Messenger-Tasche ist der ultimative Begleiter, wenn Sie beruflich viel unterwegs sind. Gepolsterte F\u00e4cher bieten Ihrem Laptop und Ihrem Tablet Schutz. In separaten F\u00e4chern k\u00f6nnen Sie zudem bequem Mobiltelefone, Akkupacks, Visitenkarten, Kugelschreiber und anderes Zubeh\u00f6r verstauen. Die verstellbaren, gepolsterten Riemen sorgen f\u00fcr besonderen Komfort. Ein wasserfester \u00dcberzug an der Unterseite bietet dem Inhalt Schutz und hochreflektierende Streifen gew\u00e4hrleisten mehr Sichtbarkeit im Dunkeln. Diese robuste Tasche, die speziell f\u00fcr Mobilger\u00e4te hergestellt wurde, ist der perfekte Begleiter auf dem Weg zur Arbeit. <\/p>\n<p>               <img decoding=\"async\" alt=\"\" src=\"https:\/\/images-na.ssl-images-amazon.com\/images\/G\/01\/x-locale\/common\/grey-pixel.gif\" class=\"a-spacing-mini a-lazy-loaded\" data-src=\"https:\/\/m.media-amazon.com\/images\/S\/aplus-media\/vc\/c63552af-d1c0-4798-815e-cf19cb3ada82._SR300,300_.jpg\"><\/p>\n<p>                <img decoding=\"async\" alt=\"\" src=\"https:\/\/m.media-amazon.com\/images\/S\/aplus-media\/vc\/c63552af-d1c0-4798-815e-cf19cb3ada82._SR300,300_.jpg\"><\/p>\n<h3 class=\"a-spacing-mini\"> Vorz\u00fcge von Belkin <\/h3>\n<p> Zukunftsweisende Technologie und Innovation seit \u00fcber 30 Jahren <\/p>\n<p> 1. Jeder Gegenstand hat seinen eigenen, speziellen Platz, damit er immer ordentlich verstaut ist. <\/p>\n<p> 2. Reflektierende Streifen und Fahrradlichtschlaufe sorgen f\u00fcr mehr Sichtbarkeit und bieten zus\u00e4tzliche Sicherheit auf dem Weg zur Arbeit. <\/p>\n<p> 3. Senkrechte Au\u00dfenf\u00e4cher bieten problemlosen Zugriff unterwegs, sodass unerl\u00e4ssliche Gegenst\u00e4nde immer griffbereit sind. <\/p>\n<p> 4. Design im Ziehharmonikastil macht das Finden und das Zugreifen auf Gegenst\u00e4nde im Inneren ganz einfach. <\/p>\n<p>                <img decoding=\"async\" alt=\"\" src=\"https:\/\/images-na.ssl-images-amazon.com\/images\/G\/01\/x-locale\/common\/grey-pixel.gif\" class=\"a-spacing-mini a-lazy-loaded\" data-src=\"https:\/\/m.media-amazon.com\/images\/S\/aplus-media\/vc\/ea50035e-ccf4-47b7-9727-01716bed61f8._SL300__.jpg\"><\/p>\n<p>                 <img decoding=\"async\" alt=\"\" src=\"https:\/\/m.media-amazon.com\/images\/S\/aplus-media\/vc\/ea50035e-ccf4-47b7-9727-01716bed61f8._SL300__.jpg\"><\/p>\n<p>                <img decoding=\"async\" alt=\"\" src=\"https:\/\/images-na.ssl-images-amazon.com\/images\/G\/01\/x-locale\/common\/grey-pixel.gif\" class=\"a-spacing-mini a-lazy-loaded\" data-src=\"https:\/\/m.media-amazon.com\/images\/S\/aplus-media\/vc\/e63e3fc8-b045-4f85-806e-3d3ea82af683._SL300__.jpg\"><\/p>\n<p>                 <img decoding=\"async\" alt=\"\" src=\"https:\/\/m.media-amazon.com\/images\/S\/aplus-media\/vc\/e63e3fc8-b045-4f85-806e-3d3ea82af683._SL300__.jpg\"><\/p>\n<h3 class=\"a-spacing-mini\"> Stil und Funktion kombiniert <\/h3>\n<p class=\"a-spacing-base\"> Stil und Funktionalit\u00e4t werden durch reflektierende Akzente, die die Sichtbarkeit w\u00e4hrend der Fahrt zur Arbeit erh\u00f6hen, miteinander kombiniert. Unerl\u00e4ssliche Gegenst\u00e4nde sind in mehreren Frontf\u00e4chern problemlos zug\u00e4nglich. Ein Fahrradlichtclip verbessert die Sichtbarkeit noch weiter. Das texturierte Schwarz sieht am Flughafen, im Konferenzraum und auch bei der Happy Hour gro\u00dfartig aus. <\/p>\n<p>                <img decoding=\"async\" alt=\"\" src=\"https:\/\/images-na.ssl-images-amazon.com\/images\/G\/01\/x-locale\/common\/grey-pixel.gif\" class=\"a-lazy-loaded\" data-src=\"https:\/\/m.media-amazon.com\/images\/S\/aplus-media\/vc\/ea50035e-ccf4-47b7-9727-01716bed61f8._SL300__.jpg\"><\/p>\n<p>                 <img decoding=\"async\" alt=\"\" src=\"https:\/\/m.media-amazon.com\/images\/S\/aplus-media\/vc\/ea50035e-ccf4-47b7-9727-01716bed61f8._SL300__.jpg\"><\/p>\n<p>  Tag  <\/p>\n<p>                <img decoding=\"async\" alt=\"\" src=\"https:\/\/images-na.ssl-images-amazon.com\/images\/G\/01\/x-locale\/common\/grey-pixel.gif\" class=\"a-lazy-loaded\" data-src=\"https:\/\/m.media-amazon.com\/images\/S\/aplus-media\/vc\/e63e3fc8-b045-4f85-806e-3d3ea82af683._SL300__.jpg\"><\/p>\n<p>                 <img decoding=\"async\" alt=\"\" src=\"https:\/\/m.media-amazon.com\/images\/S\/aplus-media\/vc\/e63e3fc8-b045-4f85-806e-3d3ea82af683._SL300__.jpg\"><\/p>\n<p>  Nacht  <\/p>\n<p> <img decoding=\"async\" alt=\"\" src=\"https:\/\/images-na.ssl-images-amazon.com\/images\/G\/01\/x-locale\/common\/grey-pixel.gif\" class=\"a-spacing-mini a-lazy-loaded\" data-src=\"https:\/\/m.media-amazon.com\/images\/S\/aplus-media\/vc\/ca10cbaf-99a7-469a-a8da-4547fdc25d7d._SL300__.jpg\">\n                    <\/p>\n<p>                     <img decoding=\"async\" alt=\"\" src=\"https:\/\/m.media-amazon.com\/images\/S\/aplus-media\/vc\/ca10cbaf-99a7-469a-a8da-4547fdc25d7d._SL300__.jpg\"><\/p>\n<p> <img decoding=\"async\" alt=\"\" src=\"https:\/\/images-na.ssl-images-amazon.com\/images\/G\/01\/x-locale\/common\/grey-pixel.gif\" class=\"a-spacing-mini a-lazy-loaded\" data-src=\"https:\/\/m.media-amazon.com\/images\/S\/aplus-media\/vc\/f75d0341-2951-424d-ad37-e3df61e8a450._SL300__.png\">\n                    <\/p>\n<p>                     <img decoding=\"async\" alt=\"\" src=\"https:\/\/m.media-amazon.com\/images\/S\/aplus-media\/vc\/f75d0341-2951-424d-ad37-e3df61e8a450._SL300__.png\"><\/p>\n<p> <img decoding=\"async\" alt=\"\" src=\"https:\/\/images-na.ssl-images-amazon.com\/images\/G\/01\/x-locale\/common\/grey-pixel.gif\" class=\"a-spacing-mini a-lazy-loaded\" data-src=\"https:\/\/m.media-amazon.com\/images\/S\/aplus-media\/vc\/ff4f664b-0faa-4036-88be-d6ece6ac4a26._SL300__.jpg\">\n                    <\/p>\n<p>                     <img decoding=\"async\" alt=\"\" src=\"https:\/\/m.media-amazon.com\/images\/S\/aplus-media\/vc\/ff4f664b-0faa-4036-88be-d6ece6ac4a26._SL300__.jpg\"><\/p>\n<p>                    Ultimativer Komfort  <\/p>\n<p> Ein robuster und mit weichem Material gepolsterter Riemen ist f\u00fcr individuellen Komfort verstellbar. F\u00fcr konstanten Komfort ist sogar der Tragegriff gepolstert. <\/p>\n<p>                    Kompakt und Vielseitig  <\/p>\n<p> Kompakte Komplettl\u00f6sung. Separate Innenf\u00e4cher bieten einem Laptop und einem Tablet Schutz. Weitere F\u00e4cher dienen zum ordentlichen Verstauen von anderem Zubeh\u00f6r wie Mobiltelefonen, Visitenkarten und Kugelschreibern. In speziell daf\u00fcr entworfenen Au\u00dfentaschen k\u00f6nnen Sie unterwegs mithilfe eines Akkupacks Ger\u00e4te aufladen und auch Ihre Wasserflasche haben Sie immer sofort zur Hand. Wertsachen finden hingegen in versteckten F\u00e4chern Platz. <\/p>\n<p>                    Langlebig  <\/p>\n<p> 1. Weiches, stylisches Futter f\u00fchlt sich an der Innenseite angenehm an. <\/p>\n<p> 2. Schaumstoffpolsterschicht sorgt f\u00fcr eine stabile Struktur und hervorragenden Schutz f\u00fcr Laptops und andere Wertgegenst\u00e4nde. <\/p>\n<p> 3. Wasserabsto\u00dfende PU-Schicht an der Unterseite Ihrer Messenger-Tasche h\u00e4lt die Innenseite trocken. <\/p>\n<p> 4. Strapazierf\u00e4higes 600D-Nylon an der Au\u00dfenseite bietet Schutz vor Abnutzung und sorgt f\u00fcr eine lange Lebensdauer des Produkts. <\/p>\n<p>                  Artikelnummer<br \/>\n                  F8N902btBLK<br \/>\n                  F8N903btBLK<br \/>\n                  F8N900btBLK<br \/>\n                  F8N901btBLK   <\/p>\n<p>                  Farbe<br \/>\n                  Schwarz<br \/>\n                  Schwarz<br \/>\n                  Grau<br \/>\n                  Grau   <\/p>\n<p>                  Kompatible Ger\u00e4te (max. Bildschirmgr\u00f6\u00dfe)<br \/>\n                  15.6 Zoll<br \/>\n                  15.6 Zoll<br \/>\n                  15.6 Zoll<br \/>\n                  15.6 Zoll   <\/p>\n<p>                  Separate F\u00e4cher f\u00fcr Laptop und Tablet<br \/>\n                  \u2713<br \/>\n                  \u2713<br \/>\n                  \u2713<br \/>\n                  \u2713   <\/p>\n<p>                  Integrierte F\u00e4cher f\u00fcr Zubeh\u00f6r<br \/>\n                  \u2713<br \/>\n                  \u2713<br \/>\n                  \u2713<br \/>\n                  \u2713   <\/p>\n<p>                  Gepolsterter Schulterriemen<br \/>\n                  \u2713<br \/>\n                  \u2713<br \/>\n                  \u2713<br \/>\n                  \u2713   <\/p>\n<p>                  Gep\u00e4ckriemen zur Befestigung an Trolleys oder Koffern<br \/>\n                  \u2713<br \/>\n                  \u2713<br \/>\n                  \u2713<br \/>\n                  \u2713   <\/p>\n<p>                  Wasserfester \u00dcberzug an der Unterseite<br \/>\n                  \u2713<br \/>\n                  \u2713   <\/p>\n<p>                  Reflektierende Streifen<br \/>\n                  \u2713<br \/>\n                  \u2713   <\/p>\n<p>                  Verstecktes Fach<br \/>\n                  \u2713<br \/>\n                  \u2713   <\/p>\n<p>Kompakte Komplettl\u00f6sung: Separate Innenf\u00e4cher bieten einem Laptop und einem Tablet (bis zu 15,6 Zoll Bildschirmgr\u00f6\u00dfe) Schutz. Weitere Innenf\u00e4cher dienen zum ordentlichen Verstauen von anderem Zubeh\u00f6r wie Mobiltelefonen, Visitenkarten und Kugelschreibern. In den Au\u00dfentaschen k\u00f6nnen Sie unterwegs mithilfe eines Akkupacks Ger\u00e4te aufladen und auch Ihre Wasserflasche haben Sie immer sofort zur Hand<br \/>Komfort und Design kombiniert: Die verstellbaren mit Netzmaterial gepolsterten Schulterriemen und die gepolsterte R\u00fcckseite sorgen f\u00fcr einen bequemen Sitz der leichten Unisex-Messenger-Tasche im sportlichen Design<br \/>Unterwegs leicht zug\u00e4ngliche F\u00e4cher: Dank des Toploader-Designs, das auch ohne St\u00fctze hochkant aufgestellt werden kann, sind Ihre Dinge besonders sicher verstaut, aber auch an Pl\u00e4tzen, wo Sie nicht ungest\u00f6rt sind, leicht zug\u00e4nglich; Hohe Funktionalit\u00e4t mit hochwertigen Materialien: Wasserfester \u00dcberzug an der Unterseite bietet dem Inhalt Schutz. Mithilfe des Gep\u00e4ckriemens ist auf Reisen eine einfache Befestigung an Trolleys oder Koffern m\u00f6glich<br \/>Sicherheit geht vor: Die Tasche bietet graue reflektierende Streifen f\u00fcr mehr Sichtbarkeit im Dunkeln, eine Schlaufe zur Befestigung einer Fahrradleuchte und ein verstecktes Sicherheitsfach zum Transportieren Ihrer Wertsachen<br \/>Lieferumfang: Active Pro Messenger-Tasche<br \/>\n<br \/>[ad_2]<\/p>\n","protected":false},"excerpt":{"rendered":"<p>Price: [price_with_discount](as of [price_update_date] &#8211; Details) [ad_1] Produktbeschreibung des Herstellers F8N903btBLK Auf einen Blick: Separate F\u00e4cher f\u00fcr Laptop und Tablet Verstellbarer, mit Netzmaterial gepolsterter Schulterriemen Wasserfester \u00dcberzug an der Unterseite<\/p>\n","protected":false},"featured_media":22475,"comment_status":"open","ping_status":"closed","template":"","meta":[],"product_cat":[225],"product_tag":[],"class_list":{"0":"post-22474","1":"product","2":"type-product","3":"status-publish","4":"has-post-thumbnail","6":"product_cat-electronics","8":"first","9":"instock","10":"sale","11":"shipping-taxable","12":"product-type-external"},"aioseo_notices":[],"_links":{"self":[{"href":"https:\/\/topgetestet.de\/index.php?rest_route=\/wp\/v2\/product\/22474","targetHints":{"allow":["GET"]}}],"collection":[{"href":"https:\/\/topgetestet.de\/index.php?rest_route=\/wp\/v2\/product"}],"about":[{"href":"https:\/\/topgetestet.de\/index.php?rest_route=\/wp\/v2\/types\/product"}],"replies":[{"embeddable":true,"href":"https:\/\/topgetestet.de\/index.php?rest_route=%2Fwp%2Fv2%2Fcomments&post=22474"}],"wp:featuredmedia":[{"embeddable":true,"href":"https:\/\/topgetestet.de\/index.php?rest_route=\/wp\/v2\/media\/22475"}],"wp:attachment":[{"href":"https:\/\/topgetestet.de\/index.php?rest_route=%2Fwp%2Fv2%2Fmedia&parent=22474"}],"wp:term":[{"taxonomy":"product_cat","embeddable":true,"href":"https:\/\/topgetestet.de\/index.php?rest_route=%2Fwp%2Fv2%2Fproduct_cat&post=22474"},{"taxonomy":"product_tag","embeddable":true,"href":"https:\/\/topgetestet.de\/index.php?rest_route=%2Fwp%2Fv2%2Fproduct_tag&post=22474"}],"curies":[{"name":"wp","href":"https:\/\/api.w.org\/{rel}","templated":true}]}}