{"id":22348,"date":"2022-09-23T21:43:57","date_gmt":"2022-09-23T21:43:57","guid":{"rendered":"https:\/\/topgetestet.de\/?product=karhu-synchron-ortyx-laufschuhe-fur-herren"},"modified":"2022-09-23T21:43:57","modified_gmt":"2022-09-23T21:43:57","slug":"karhu-synchron-ortyx-laufschuhe-fur-herren","status":"publish","type":"product","link":"https:\/\/topgetestet.de\/?product=karhu-synchron-ortyx-laufschuhe-fur-herren","title":{"rendered":"Karhu &#8211; Synchron Ortyx Laufschuhe f\u00fcr Herren"},"content":{"rendered":"<p>Price: <span style=\"color:#b12704\">[price_with_discount]<\/span><br \/><i><small>(as of [price_update_date] &#8211; <span class=\"wp_automatic_amazon_disclaimer\" title=\"Product prices and availability are accurate as of the date\/time indicated and are subject to change. Any price and availability information displayed on [relevant Amazon Site(s), as applicable] at the time of purchase will apply to the purchase of this product.\">Details<\/span>)<\/small><\/i><\/p>\n<p><a href=\"https:\/\/amazon.de\/dp\/B08M41Y2TH?tag=topgetestet09-21\"><img decoding=\"async\" src=\"https:\/\/i.imgur.com\/ISRHEWs.png\"><\/a><br \/>\n[ad_1]<br \/>\n <span>Der brandneue Karhu Synchron 2020 bietet die neuesten Schuhentwicklungen, darunter eine AeroFoam Nova-Zwischensohle und ein Ideal Knit-Obermaterial. Der Karhu Synchron 2020 ist f\u00fcr L\u00e4ufer konzipiert, die maximale D\u00e4mpfung und ein angenehmes Fu\u00dfgef\u00fchl suchen, ohne einen effizienten \u00dcbergang zu beeintr\u00e4chtigen. Die AeroFoam Nova-Zwischensohle des Karhu Synchron 2020 bietet ein luxuri\u00f6seres D\u00e4mpfungserlebnis als das herk\u00f6mmliche EVA-Compounds in den meisten Schuhen. Das Ideal Knit Mesh-Obermaterial des Karhu Synchron 2020 passt bequem und sichert gleichzeitig den Mittelfu\u00df. Der Vorfu\u00df zeigt die klassische asymmetrische Spitze \u00fcber der Zehenbox, um Mikroanpassungen an die Passform zu erm\u00f6glichen. SIZES: 8 &#8211; 13, 14WIDTH:StandardWEIGHT US 10:360g \/ 12.7 ozSprengung: 8mm (HEEL \/ TOE:23 mm \/ 15 mm)<\/span> <br \/> Verpackungsabmessungen \u200f : \u200e  33.4 x 23.5 x 12.2 cm; 1.01 Kilogramm <br \/> Im Angebot von Amazon.de seit \u200f : \u200e  29. Juni 2020 <br \/> Hersteller \u200f : \u200e  Karhu <br \/> ASIN \u200f : \u200e  B086G9W23P <br \/> Herstellerreferenz \u200f : \u200e  KH100- <br \/> Kategorie \u200f : \u200e  Herren <\/p>\n<p>Verschluss: Schn\u00fcrung<br \/>Absatzform: Flach<br \/>Materialzusammensetzung: Synthetik<br \/>Schuhweite: Medium<br \/>\n<br \/>[ad_2]<\/p>\n","protected":false},"excerpt":{"rendered":"<p>Price: [price_with_discount](as of [price_update_date] &#8211; Details) [ad_1] Der brandneue Karhu Synchron 2020 bietet die neuesten Schuhentwicklungen, darunter eine AeroFoam Nova-Zwischensohle und ein Ideal Knit-Obermaterial. Der Karhu Synchron 2020 ist f\u00fcr<\/p>\n","protected":false},"featured_media":22349,"comment_status":"open","ping_status":"closed","template":"","meta":[],"product_cat":[234],"product_tag":[235],"class_list":{"0":"post-22348","1":"product","2":"type-product","3":"status-publish","4":"has-post-thumbnail","6":"product_cat-shoes","7":"product_tag-mens-road-running-shoes","9":"first","10":"instock","11":"shipping-taxable","12":"product-type-external"},"aioseo_notices":[],"_links":{"self":[{"href":"https:\/\/topgetestet.de\/index.php?rest_route=\/wp\/v2\/product\/22348","targetHints":{"allow":["GET"]}}],"collection":[{"href":"https:\/\/topgetestet.de\/index.php?rest_route=\/wp\/v2\/product"}],"about":[{"href":"https:\/\/topgetestet.de\/index.php?rest_route=\/wp\/v2\/types\/product"}],"replies":[{"embeddable":true,"href":"https:\/\/topgetestet.de\/index.php?rest_route=%2Fwp%2Fv2%2Fcomments&post=22348"}],"wp:featuredmedia":[{"embeddable":true,"href":"https:\/\/topgetestet.de\/index.php?rest_route=\/wp\/v2\/media\/22349"}],"wp:attachment":[{"href":"https:\/\/topgetestet.de\/index.php?rest_route=%2Fwp%2Fv2%2Fmedia&parent=22348"}],"wp:term":[{"taxonomy":"product_cat","embeddable":true,"href":"https:\/\/topgetestet.de\/index.php?rest_route=%2Fwp%2Fv2%2Fproduct_cat&post=22348"},{"taxonomy":"product_tag","embeddable":true,"href":"https:\/\/topgetestet.de\/index.php?rest_route=%2Fwp%2Fv2%2Fproduct_tag&post=22348"}],"curies":[{"name":"wp","href":"https:\/\/api.w.org\/{rel}","templated":true}]}}