{"id":21563,"date":"2022-09-23T16:10:53","date_gmt":"2022-09-23T16:10:53","guid":{"rendered":"https:\/\/topgetestet.de\/?product=tommy-hilfiger-damen-corporate-piping-sneaker"},"modified":"2022-09-23T16:10:53","modified_gmt":"2022-09-23T16:10:53","slug":"tommy-hilfiger-damen-corporate-piping-sneaker","status":"publish","type":"product","link":"https:\/\/topgetestet.de\/?product=tommy-hilfiger-damen-corporate-piping-sneaker","title":{"rendered":"Tommy Hilfiger Damen Corporate Piping Sneaker"},"content":{"rendered":"<p>Price: <span style=\"color:#b12704\">[price_with_discount]<\/span><br \/><i><small>(as of [price_update_date] &#8211; <span class=\"wp_automatic_amazon_disclaimer\" title=\"Product prices and availability are accurate as of the date\/time indicated and are subject to change. Any price and availability information displayed on [relevant Amazon Site(s), as applicable] at the time of purchase will apply to the purchase of this product.\">Details<\/span>)<\/small><\/i><\/p>\n<p><a href=\"https:\/\/amazon.de\/dp\/B098THHJZD?tag=topgetestet09-21\"><img decoding=\"async\" src=\"https:\/\/i.imgur.com\/ISRHEWs.png\"><\/a><br \/>\n[ad_1]<\/p>\n<p>       Produktbeschreibung des Herstellers <\/p>\n<p>          <img decoding=\"async\" alt=\"logo\" src=\"https:\/\/images-na.ssl-images-amazon.com\/images\/G\/01\/x-locale\/common\/grey-pixel.gif\" class=\"a-lazy-loaded\" data-src=\"https:\/\/m.media-amazon.com\/images\/S\/aplus-media\/sota\/e6d411ff-2802-40d3-ab74-287618f1a192.__CR0,504,3840,1152_PT0_SX600_V1___.png\"><\/p>\n<p>           <img decoding=\"async\" alt=\"logo\" src=\"https:\/\/m.media-amazon.com\/images\/S\/aplus-media\/sota\/e6d411ff-2802-40d3-ab74-287618f1a192.__CR0,504,3840,1152_PT0_SX600_V1___.png\"><\/p>\n<p>          <img decoding=\"async\" alt=\"tommy\" src=\"https:\/\/images-na.ssl-images-amazon.com\/images\/G\/01\/x-locale\/common\/grey-pixel.gif\" class=\"a-spacing-base a-lazy-loaded\" data-src=\"https:\/\/m.media-amazon.com\/images\/S\/aplus-media\/sota\/92039cdb-ead7-4adf-a747-d006fc59a125.__CR0,0,1500,928_PT0_SX970_V1___.jpg\"><\/p>\n<p>           <img decoding=\"async\" alt=\"tommy\" src=\"https:\/\/m.media-amazon.com\/images\/S\/aplus-media\/sota\/92039cdb-ead7-4adf-a747-d006fc59a125.__CR0,0,1500,928_PT0_SX970_V1___.jpg\"><\/p>\n<p class=\"a-spacing-base\"> Entdecken Sie die neuesten Trends und strahlen Sie mit der Kleidung, den Schuhen, Taschen und Accessoires der Saison f\u00fcr Damen und Herren von Tommy Hilfiger Selbstbewusstsein pur aus. M\u00e4nner finden die idealen Outfits in der Herrenkollektion von Tommy Hilfiger. Perfektionieren Sie einen klassischen Freizeitlook mit einem eleganten Hemd und einer Jeans oder setzen Sie auf einen perfekt sitzenden Anzug f\u00fcr Herren. Runden Sie Ihr Outfit mit der Auswahl an G\u00fcrteln, Uhren und Schuhen f\u00fcr Herren gekonnt ab. Unsere umfangreiche Damenkollektion steht f\u00fcr stilvollen Luxus. Egal, ob Sie auf der Suche nach einem Cocktailkleid f\u00fcr ein glamour\u00f6ses Abendevent oder das richtige Outfit f\u00fcr einen gem\u00fctlichen Abend zu Hause sind \u2013 mit der Auswahl an High Heels, <\/p>\n<p class=\"a-spacing-base\"> Handtaschen und schillerndem Schmuck sowie l\u00e4ssigen Jogginghosen und Sneakern k\u00f6nnen Sie nach Lust und Laune wundersch\u00f6ne Looks kreieren. Bei Tommy Hilfiger finden Sie au\u00dferdem stylishe Jacken und M\u00e4ntel sowie Strickmode f\u00fcr Damen f\u00fcr jede Jahreszeit. Ob auff\u00e4llig und farbenfroh oder zeitlos und minimalistisch \u2013 bei Tommy Hilfiger finden Sie den richtigen Style f\u00fcr Ihren Geschmack. <\/p>\n<p> <img decoding=\"async\" alt=\"tommy\" src=\"https:\/\/images-na.ssl-images-amazon.com\/images\/G\/01\/x-locale\/common\/grey-pixel.gif\" class=\"a-spacing-mini a-lazy-loaded\" data-src=\"https:\/\/m.media-amazon.com\/images\/S\/aplus-media\/sota\/8bdddeeb-d5ab-4e3d-a263-381a842921b6.__CR0,0,1500,1500_PT0_SX300_V1___.jpg\">\n                   <\/p>\n<p>                    <img decoding=\"async\" alt=\"tommy\" src=\"https:\/\/m.media-amazon.com\/images\/S\/aplus-media\/sota\/8bdddeeb-d5ab-4e3d-a263-381a842921b6.__CR0,0,1500,1500_PT0_SX300_V1___.jpg\"><\/p>\n<p> <img decoding=\"async\" alt=\"tommy\" src=\"https:\/\/images-na.ssl-images-amazon.com\/images\/G\/01\/x-locale\/common\/grey-pixel.gif\" class=\"a-spacing-mini a-lazy-loaded\" data-src=\"https:\/\/m.media-amazon.com\/images\/S\/aplus-media\/sota\/938af3d8-72ab-4b06-aeaa-43509b9ce70b.__CR0,0,1500,1500_PT0_SX300_V1___.jpg\">\n                   <\/p>\n<p>                    <img decoding=\"async\" alt=\"tommy\" src=\"https:\/\/m.media-amazon.com\/images\/S\/aplus-media\/sota\/938af3d8-72ab-4b06-aeaa-43509b9ce70b.__CR0,0,1500,1500_PT0_SX300_V1___.jpg\"><\/p>\n<p> <img decoding=\"async\" alt=\"tommy\" src=\"https:\/\/images-na.ssl-images-amazon.com\/images\/G\/01\/x-locale\/common\/grey-pixel.gif\" class=\"a-spacing-mini a-lazy-loaded\" data-src=\"https:\/\/m.media-amazon.com\/images\/S\/aplus-media\/sota\/05f1e1d3-a85f-485a-9e11-6b3dc2f16cd7.__CR0,0,1500,1500_PT0_SX300_V1___.jpg\">\n                   <\/p>\n<p>                    <img decoding=\"async\" alt=\"tommy\" src=\"https:\/\/m.media-amazon.com\/images\/S\/aplus-media\/sota\/05f1e1d3-a85f-485a-9e11-6b3dc2f16cd7.__CR0,0,1500,1500_PT0_SX300_V1___.jpg\"><\/p>\n<p>          <img decoding=\"async\" alt=\"tommy\" src=\"https:\/\/images-na.ssl-images-amazon.com\/images\/G\/01\/x-locale\/common\/grey-pixel.gif\" class=\"a-spacing-base a-lazy-loaded\" data-src=\"https:\/\/m.media-amazon.com\/images\/S\/aplus-media\/sota\/35ff6419-3df9-4fdb-a4c9-3714266dce7a.__CR0,88,1500,928_PT0_SX970_V1___.jpg\"><\/p>\n<p>           <img decoding=\"async\" alt=\"tommy\" src=\"https:\/\/m.media-amazon.com\/images\/S\/aplus-media\/sota\/35ff6419-3df9-4fdb-a4c9-3714266dce7a.__CR0,88,1500,928_PT0_SX970_V1___.jpg\"><\/p>\n<p>[ad_2]<\/p>\n","protected":false},"excerpt":{"rendered":"<p>Price: [price_with_discount](as of [price_update_date] &#8211; Details) [ad_1] Produktbeschreibung des Herstellers Entdecken Sie die neuesten Trends und strahlen Sie mit der Kleidung, den Schuhen, Taschen und Accessoires der Saison f\u00fcr Damen<\/p>\n","protected":false},"featured_media":21564,"comment_status":"open","ping_status":"closed","template":"","meta":[],"product_cat":[232],"product_tag":[],"class_list":{"0":"post-21563","1":"product","2":"type-product","3":"status-publish","4":"has-post-thumbnail","6":"product_cat-women-fashion","8":"first","9":"instock","10":"shipping-taxable","11":"product-type-external"},"aioseo_notices":[],"_links":{"self":[{"href":"https:\/\/topgetestet.de\/index.php?rest_route=\/wp\/v2\/product\/21563","targetHints":{"allow":["GET"]}}],"collection":[{"href":"https:\/\/topgetestet.de\/index.php?rest_route=\/wp\/v2\/product"}],"about":[{"href":"https:\/\/topgetestet.de\/index.php?rest_route=\/wp\/v2\/types\/product"}],"replies":[{"embeddable":true,"href":"https:\/\/topgetestet.de\/index.php?rest_route=%2Fwp%2Fv2%2Fcomments&post=21563"}],"wp:featuredmedia":[{"embeddable":true,"href":"https:\/\/topgetestet.de\/index.php?rest_route=\/wp\/v2\/media\/21564"}],"wp:attachment":[{"href":"https:\/\/topgetestet.de\/index.php?rest_route=%2Fwp%2Fv2%2Fmedia&parent=21563"}],"wp:term":[{"taxonomy":"product_cat","embeddable":true,"href":"https:\/\/topgetestet.de\/index.php?rest_route=%2Fwp%2Fv2%2Fproduct_cat&post=21563"},{"taxonomy":"product_tag","embeddable":true,"href":"https:\/\/topgetestet.de\/index.php?rest_route=%2Fwp%2Fv2%2Fproduct_tag&post=21563"}],"curies":[{"name":"wp","href":"https:\/\/api.w.org\/{rel}","templated":true}]}}