{"id":21460,"date":"2022-09-23T15:24:41","date_gmt":"2022-09-23T15:24:41","guid":{"rendered":"https:\/\/topgetestet.de\/?product=s-oliver-damen-analog-quarz-uhr-mit-kunststoff-armband"},"modified":"2022-09-23T15:24:41","modified_gmt":"2022-09-23T15:24:41","slug":"s-oliver-damen-analog-quarz-uhr-mit-kunststoff-armband","status":"publish","type":"product","link":"https:\/\/topgetestet.de\/?product=s-oliver-damen-analog-quarz-uhr-mit-kunststoff-armband","title":{"rendered":"s.Oliver Damen Analog Quarz Uhr mit Kunststoff Armband"},"content":{"rendered":"<p>Price: <span style=\"color:#b12704\">[price_with_discount]<\/span><br \/><i><small>(as of [price_update_date] &#8211; <span class=\"wp_automatic_amazon_disclaimer\" title=\"Product prices and availability are accurate as of the date\/time indicated and are subject to change. Any price and availability information displayed on [relevant Amazon Site(s), as applicable] at the time of purchase will apply to the purchase of this product.\">Details<\/span>)<\/small><\/i><\/p>\n<p><a href=\"https:\/\/amazon.de\/dp\/B07ZPC4CXF?tag=topgetestet09-21\"><img decoding=\"async\" src=\"https:\/\/i.imgur.com\/ISRHEWs.png\"><\/a><br \/>\n[ad_1]<br \/>\n Im Mittelpunkt der s.Oliver Kollektion steht, dass du in den Designs so sein kannst, wie du bist und dich niemals verkleidet f\u00fchlst . Dabei findest du bei uns zu jedem Look die passende Uhr, egal ob zum sportlichen Freizeit-Look, zum schicken Buisness-Outfit oder zum eleganten Auftritt am Abend. <br \/> Batterien \u200f : \u200e  1 Unbekannt Batterien erforderlich (enthalten). <br \/> Verpackungsabmessungen \u200f : \u200e  17.8 x 13 x 7.3 cm; 34.3 Gramm <br \/> Im Angebot von Amazon.de seit \u200f : \u200e  28. Oktober 2019 <br \/> Hersteller \u200f : \u200e  pro\/concept Vermarktungs GmbH <br \/> ASIN \u200f : \u200e  B07ZPC4CXF <br \/> Modellnummer \u200f : \u200e  SO-3971-LQ <br \/> Herkunftsland \u200f : \u200e  China <br \/> Kategorie \u200f : \u200e  Damen <\/p>\n<p>Metallgeh\u00e4use poliert \u00d8 40 mm, kratzunempfindliches Mineralglas, Wasserdichtigkeit gepr\u00fcft bis 3 ATM<br \/>Weiches Armband aus Kunstleder mit Dornschlie\u00dfe, L\u00e4nge 70 x 115 mm, Geh\u00e4useboden, Dornschlie\u00dfe und Krone aus Edelstahl<br \/>Gut ablesbares Zifferblatt<br \/>Verpackt in original s.Oliver Geschenkverpackung<br \/>\n<br \/>[ad_2]<\/p>\n","protected":false},"excerpt":{"rendered":"<p>Price: [price_with_discount](as of [price_update_date] &#8211; Details) [ad_1] Im Mittelpunkt der s.Oliver Kollektion steht, dass du in den Designs so sein kannst, wie du bist und dich niemals verkleidet f\u00fchlst .<\/p>\n","protected":false},"featured_media":21461,"comment_status":"open","ping_status":"closed","template":"","meta":[],"product_cat":[233],"product_tag":[276],"class_list":{"0":"post-21460","1":"product","2":"type-product","3":"status-publish","4":"has-post-thumbnail","6":"product_cat-fitness","7":"product_tag-womens-clothing","9":"first","10":"instock","11":"shipping-taxable","12":"product-type-external"},"aioseo_notices":[],"_links":{"self":[{"href":"https:\/\/topgetestet.de\/index.php?rest_route=\/wp\/v2\/product\/21460","targetHints":{"allow":["GET"]}}],"collection":[{"href":"https:\/\/topgetestet.de\/index.php?rest_route=\/wp\/v2\/product"}],"about":[{"href":"https:\/\/topgetestet.de\/index.php?rest_route=\/wp\/v2\/types\/product"}],"replies":[{"embeddable":true,"href":"https:\/\/topgetestet.de\/index.php?rest_route=%2Fwp%2Fv2%2Fcomments&post=21460"}],"wp:featuredmedia":[{"embeddable":true,"href":"https:\/\/topgetestet.de\/index.php?rest_route=\/wp\/v2\/media\/21461"}],"wp:attachment":[{"href":"https:\/\/topgetestet.de\/index.php?rest_route=%2Fwp%2Fv2%2Fmedia&parent=21460"}],"wp:term":[{"taxonomy":"product_cat","embeddable":true,"href":"https:\/\/topgetestet.de\/index.php?rest_route=%2Fwp%2Fv2%2Fproduct_cat&post=21460"},{"taxonomy":"product_tag","embeddable":true,"href":"https:\/\/topgetestet.de\/index.php?rest_route=%2Fwp%2Fv2%2Fproduct_tag&post=21460"}],"curies":[{"name":"wp","href":"https:\/\/api.w.org\/{rel}","templated":true}]}}