{"id":21403,"date":"2022-09-23T15:07:23","date_gmt":"2022-09-23T15:07:23","guid":{"rendered":"https:\/\/topgetestet.de\/?product=hummel-damen-hmlauthentic-poly-jersey-woman-s-s-trikot"},"modified":"2022-09-23T15:07:23","modified_gmt":"2022-09-23T15:07:23","slug":"hummel-damen-hmlauthentic-poly-jersey-woman-s-s-trikot","status":"publish","type":"product","link":"https:\/\/topgetestet.de\/?product=hummel-damen-hmlauthentic-poly-jersey-woman-s-s-trikot","title":{"rendered":"hummel Damen Hmlauthentic Poly Jersey Woman S\/S Trikot"},"content":{"rendered":"<p>Price: <span style=\"color:#b12704\">[price_with_discount]<\/span><br \/><i><small>(as of [price_update_date] &#8211; <span class=\"wp_automatic_amazon_disclaimer\" title=\"Product prices and availability are accurate as of the date\/time indicated and are subject to change. Any price and availability information displayed on [relevant Amazon Site(s), as applicable] at the time of purchase will apply to the purchase of this product.\">Details<\/span>)<\/small><\/i><\/p>\n<p><a href=\"https:\/\/amazon.de\/dp\/B07YFCZLMB?tag=topgetestet09-21\"><img decoding=\"async\" src=\"https:\/\/i.imgur.com\/ISRHEWs.png\"><\/a><br \/>\n[ad_1]<br \/>\n <span>Das Authentic Poly JERSEY wo man S\/S f\u00fchlt sich federleicht an und bietet maximale Bel\u00fcftung. Eine klassische Farbgebung kombiniert mit zeitgem\u00e4\u00dfem Design garantiert dir die Aufmerksamkeit auf und neben dem Spielfeld. Kultige Winkel verlaufen \u00fcber den Schultern und ein Hummel Bumblebee Logo ziert die Brust. Kombiniere es mit einer beliebigen Shorts oder Hose aus dem Hummel Authentic Sortiment f\u00fcr eine fabelhafte Kombination.<\/span> <br \/> Verpackungsabmessungen \u200f : \u200e  27.6 x 17.8 x 2.8 cm; 110 Gramm <br \/> Im Angebot von Amazon.de seit \u200f : \u200e  19. September 2019 <br \/> Hersteller \u200f : \u200e  hummel <br \/> ASIN \u200f : \u200e  B07ZG6LSHG <br \/> Modellnummer \u200f : \u200e  204921-1525-XS <br \/> Kategorie \u200f : \u200e  Damen <\/p>\n<p>[ad_2]<\/p>\n","protected":false},"excerpt":{"rendered":"<p>Price: [price_with_discount](as of [price_update_date] &#8211; Details) [ad_1] Das Authentic Poly JERSEY wo man S\/S f\u00fchlt sich federleicht an und bietet maximale Bel\u00fcftung. Eine klassische Farbgebung kombiniert mit zeitgem\u00e4\u00dfem Design garantiert<\/p>\n","protected":false},"featured_media":21404,"comment_status":"open","ping_status":"closed","template":"","meta":[],"product_cat":[232],"product_tag":[],"class_list":{"0":"post-21403","1":"product","2":"type-product","3":"status-publish","4":"has-post-thumbnail","6":"product_cat-women-fashion","8":"first","9":"instock","10":"shipping-taxable","11":"product-type-external"},"aioseo_notices":[],"_links":{"self":[{"href":"https:\/\/topgetestet.de\/index.php?rest_route=\/wp\/v2\/product\/21403","targetHints":{"allow":["GET"]}}],"collection":[{"href":"https:\/\/topgetestet.de\/index.php?rest_route=\/wp\/v2\/product"}],"about":[{"href":"https:\/\/topgetestet.de\/index.php?rest_route=\/wp\/v2\/types\/product"}],"replies":[{"embeddable":true,"href":"https:\/\/topgetestet.de\/index.php?rest_route=%2Fwp%2Fv2%2Fcomments&post=21403"}],"wp:featuredmedia":[{"embeddable":true,"href":"https:\/\/topgetestet.de\/index.php?rest_route=\/wp\/v2\/media\/21404"}],"wp:attachment":[{"href":"https:\/\/topgetestet.de\/index.php?rest_route=%2Fwp%2Fv2%2Fmedia&parent=21403"}],"wp:term":[{"taxonomy":"product_cat","embeddable":true,"href":"https:\/\/topgetestet.de\/index.php?rest_route=%2Fwp%2Fv2%2Fproduct_cat&post=21403"},{"taxonomy":"product_tag","embeddable":true,"href":"https:\/\/topgetestet.de\/index.php?rest_route=%2Fwp%2Fv2%2Fproduct_tag&post=21403"}],"curies":[{"name":"wp","href":"https:\/\/api.w.org\/{rel}","templated":true}]}}