{"id":20763,"date":"2022-09-23T10:52:10","date_gmt":"2022-09-23T10:52:10","guid":{"rendered":"https:\/\/topgetestet.de\/?product=jack-wolfskin-damen-moonrise-3in1-jkt-w-jacket"},"modified":"2022-09-23T10:52:10","modified_gmt":"2022-09-23T10:52:10","slug":"jack-wolfskin-damen-moonrise-3in1-jkt-w-jacket","status":"publish","type":"product","link":"https:\/\/topgetestet.de\/?product=jack-wolfskin-damen-moonrise-3in1-jkt-w-jacket","title":{"rendered":"Jack Wolfskin Damen Moonrise 3in1 Jkt W Jacket"},"content":{"rendered":"<p>Price: <span style=\"color:#b12704\">[price_with_discount]<\/span><br \/><i><small>(as of [price_update_date] &#8211; <span class=\"wp_automatic_amazon_disclaimer\" title=\"Product prices and availability are accurate as of the date\/time indicated and are subject to change. Any price and availability information displayed on [relevant Amazon Site(s), as applicable] at the time of purchase will apply to the purchase of this product.\">Details<\/span>)<\/small><\/i><\/p>\n<p><a href=\"https:\/\/amazon.de\/dp\/B09TW6LHCN?tag=topgetestet09-21\"><img decoding=\"async\" src=\"https:\/\/i.imgur.com\/ISRHEWs.png\"><\/a><br \/>\n[ad_1]<br \/>\n <span>Nimm die nachhaltige 3in1-Jacke MOONRISE mit auf jede deiner Wanderungen. Die Innenjacke aus warmem POLARTEC 200 wurde aus \u00fcberwiegend recyceltem Material hergestellt. Zweilagiges TEXAPORE CORE macht die Au\u00dfenjacke wasserdicht, winddicht und atmungsaktiv. Wasserabweisende Rei\u00dfverschl\u00fcsse runden den Wetterschutz ab. Deine Habseligkeiten verstaust du w\u00e4hrend der Wanderung in den zwei H\u00fcfttaschen. Das Volumen der Kapuze und den Saum passt du nach Bedarf an. Die vorgeformten Ellbogen sorgen f\u00fcr Bewegungsfreiheit.<\/span> <br \/> Verpackungsabmessungen \u200f : \u200e  50.29 x 37.29 x 8.9 cm; 440 Gramm <br \/> Im Angebot von Amazon.de seit \u200f : \u200e  4. M\u00e4rz 2022 <br \/> Hersteller \u200f : \u200e  Jack Wolfskin <br \/> ASIN \u200f : \u200e  B09TW6HR4C <br \/> Modellnummer \u200f : \u200e  1115621 <br \/> Kategorie \u200f : \u200e  Damen <\/p>\n<p>mit Fleece-Innenjacke<br \/>Verschluss: Rei\u00dfverschluss<br \/>100% Polyester<br \/>Outdoorjacke<br \/>Pflegehinweis: Maschinenw\u00e4sche<br \/>Modellnummer: 1115621<br \/>\n<br \/>[ad_2]<\/p>\n","protected":false},"excerpt":{"rendered":"<p>Price: [price_with_discount](as of [price_update_date] &#8211; Details) [ad_1] Nimm die nachhaltige 3in1-Jacke MOONRISE mit auf jede deiner Wanderungen. Die Innenjacke aus warmem POLARTEC 200 wurde aus \u00fcberwiegend recyceltem Material hergestellt. Zweilagiges<\/p>\n","protected":false},"featured_media":20764,"comment_status":"open","ping_status":"closed","template":"","meta":[],"product_cat":[232],"product_tag":[],"class_list":{"0":"post-20763","1":"product","2":"type-product","3":"status-publish","4":"has-post-thumbnail","6":"product_cat-women-fashion","8":"first","9":"instock","10":"shipping-taxable","11":"product-type-external"},"aioseo_notices":[],"_links":{"self":[{"href":"https:\/\/topgetestet.de\/index.php?rest_route=\/wp\/v2\/product\/20763","targetHints":{"allow":["GET"]}}],"collection":[{"href":"https:\/\/topgetestet.de\/index.php?rest_route=\/wp\/v2\/product"}],"about":[{"href":"https:\/\/topgetestet.de\/index.php?rest_route=\/wp\/v2\/types\/product"}],"replies":[{"embeddable":true,"href":"https:\/\/topgetestet.de\/index.php?rest_route=%2Fwp%2Fv2%2Fcomments&post=20763"}],"wp:featuredmedia":[{"embeddable":true,"href":"https:\/\/topgetestet.de\/index.php?rest_route=\/wp\/v2\/media\/20764"}],"wp:attachment":[{"href":"https:\/\/topgetestet.de\/index.php?rest_route=%2Fwp%2Fv2%2Fmedia&parent=20763"}],"wp:term":[{"taxonomy":"product_cat","embeddable":true,"href":"https:\/\/topgetestet.de\/index.php?rest_route=%2Fwp%2Fv2%2Fproduct_cat&post=20763"},{"taxonomy":"product_tag","embeddable":true,"href":"https:\/\/topgetestet.de\/index.php?rest_route=%2Fwp%2Fv2%2Fproduct_tag&post=20763"}],"curies":[{"name":"wp","href":"https:\/\/api.w.org\/{rel}","templated":true}]}}