{"id":20694,"date":"2022-09-23T10:34:06","date_gmt":"2022-09-23T10:34:06","guid":{"rendered":"https:\/\/topgetestet.de\/?product=crumpler-unisex-dinky-di-companion-13-luggage-messenger-bag"},"modified":"2022-09-23T10:34:06","modified_gmt":"2022-09-23T10:34:06","slug":"crumpler-unisex-dinky-di-companion-13-luggage-messenger-bag","status":"publish","type":"product","link":"https:\/\/topgetestet.de\/?product=crumpler-unisex-dinky-di-companion-13-luggage-messenger-bag","title":{"rendered":"Crumpler Unisex Dinky Di Companion 13&#8243; Luggage- Messenger Bag"},"content":{"rendered":"<p>Price: <span style=\"color:#b12704\">[price_with_discount]<\/span><br \/><i><small>(as of [price_update_date] &#8211; <span class=\"wp_automatic_amazon_disclaimer\" title=\"Product prices and availability are accurate as of the date\/time indicated and are subject to change. Any price and availability information displayed on [relevant Amazon Site(s), as applicable] at the time of purchase will apply to the purchase of this product.\">Details<\/span>)<\/small><\/i><\/p>\n<p><a href=\"https:\/\/amazon.de\/dp\/B09QF44DRW?tag=topgetestet09-21\"><img decoding=\"async\" src=\"https:\/\/i.imgur.com\/ISRHEWs.png\"><\/a><br \/>\n[ad_1]<br \/>\n <span>Mit ihrem l\u00e4ssigen Messenger-Look ist die Dinky Di Companion 13\u201c der perfekte Stadtbegleiter, wenn du nicht allzu viel mit dir herumtr\u00e4gst und eine kleine, handliche Umh\u00e4ngetasche f\u00fcr deinen Alltag suchst. Mit ihrer gro\u00dfen Schwester, der Dinky Di Messenger M, hat die Geschichte von Crumpler 1995 in der Fahrradkurierszene im australischen Melbourne begonnen. Heute ist die Dinky Di eine unserer beliebtesten und bekanntesten Taschen. Unsere Designer haben sie kontinuierlich und akribisch mit vielen funktionalen Details f\u00fcr unterschiedliche Anl\u00e4sse weiterentwickelt. Die Dinky Di Companion 13\u201c bietet ausreichend Platz f\u00fcr einen 13 Zoll Laptop und genau wie ihre Verwandten ist auch diese Tasche einfach daf\u00fcr gemacht, getragen, gezeigt, gesehen und bewundert zu werden.<\/span> <br \/> Produktabmessungen \u200f : \u200e  44 x 28 x 14.5 cm; 650 Gramm <br \/> Im Angebot von Amazon.de seit \u200f : \u200e  13. Januar 2022 <br \/> Hersteller \u200f : \u200e  Crumpler <br \/> ASIN \u200f : \u200e  B09QF44DRW <br \/> Modellnummer \u200f : \u200e  DDI-COM-13-01-004 <br \/> Kategorie \u200f : \u200e  Unisex <\/p>\n<p>[ad_2]<\/p>\n","protected":false},"excerpt":{"rendered":"<p>Price: [price_with_discount](as of [price_update_date] &#8211; Details) [ad_1] Mit ihrem l\u00e4ssigen Messenger-Look ist die Dinky Di Companion 13\u201c der perfekte Stadtbegleiter, wenn du nicht allzu viel mit dir herumtr\u00e4gst und eine<\/p>\n","protected":false},"featured_media":20695,"comment_status":"open","ping_status":"closed","template":"","meta":[],"product_cat":[225],"product_tag":[],"class_list":{"0":"post-20694","1":"product","2":"type-product","3":"status-publish","4":"has-post-thumbnail","6":"product_cat-electronics","8":"first","9":"instock","10":"shipping-taxable","11":"product-type-external"},"aioseo_notices":[],"_links":{"self":[{"href":"https:\/\/topgetestet.de\/index.php?rest_route=\/wp\/v2\/product\/20694","targetHints":{"allow":["GET"]}}],"collection":[{"href":"https:\/\/topgetestet.de\/index.php?rest_route=\/wp\/v2\/product"}],"about":[{"href":"https:\/\/topgetestet.de\/index.php?rest_route=\/wp\/v2\/types\/product"}],"replies":[{"embeddable":true,"href":"https:\/\/topgetestet.de\/index.php?rest_route=%2Fwp%2Fv2%2Fcomments&post=20694"}],"wp:featuredmedia":[{"embeddable":true,"href":"https:\/\/topgetestet.de\/index.php?rest_route=\/wp\/v2\/media\/20695"}],"wp:attachment":[{"href":"https:\/\/topgetestet.de\/index.php?rest_route=%2Fwp%2Fv2%2Fmedia&parent=20694"}],"wp:term":[{"taxonomy":"product_cat","embeddable":true,"href":"https:\/\/topgetestet.de\/index.php?rest_route=%2Fwp%2Fv2%2Fproduct_cat&post=20694"},{"taxonomy":"product_tag","embeddable":true,"href":"https:\/\/topgetestet.de\/index.php?rest_route=%2Fwp%2Fv2%2Fproduct_tag&post=20694"}],"curies":[{"name":"wp","href":"https:\/\/api.w.org\/{rel}","templated":true}]}}