{"id":20224,"date":"2022-09-23T07:17:28","date_gmt":"2022-09-23T07:17:28","guid":{"rendered":"https:\/\/topgetestet.de\/?product=lonsdale-damen-tulse-t-shirt"},"modified":"2022-09-23T07:17:28","modified_gmt":"2022-09-23T07:17:28","slug":"lonsdale-damen-tulse-t-shirt","status":"publish","type":"product","link":"https:\/\/topgetestet.de\/?product=lonsdale-damen-tulse-t-shirt","title":{"rendered":"Lonsdale Damen Tulse T-Shirt"},"content":{"rendered":"<p>Price: <span style=\"color:#b12704\">[price_with_discount]<\/span><br \/><i><small>(as of [price_update_date] &#8211; <span class=\"wp_automatic_amazon_disclaimer\" title=\"Product prices and availability are accurate as of the date\/time indicated and are subject to change. Any price and availability information displayed on [relevant Amazon Site(s), as applicable] at the time of purchase will apply to the purchase of this product.\">Details<\/span>)<\/small><\/i><\/p>\n<p><a href=\"https:\/\/amazon.de\/dp\/B07X3BJMBL?tag=topgetestet09-21\"><img decoding=\"async\" src=\"https:\/\/i.imgur.com\/ISRHEWs.png\"><\/a><br \/>\n[ad_1]<br \/>\n <span>Die Marke Lonsdale wurde 1960 durch den damals 22-j\u00e4hrigen, britischen Boxer Bernhard Hart in London gegr\u00fcndet. Namensgeber f\u00fcr seine Marke war Hugh Lowther, 5th Earl of Lonsdale (1857-1944), der sich in den 1890er Jahren einen Namen im modernen Boxsport gemacht hat. Hugh Lowther war unter anderem Gr\u00fcndungsmitglied des National Sporting Club, der unter strikten Regeln \u00f6ffentliche Boxk\u00e4mpfe ausrichtete und damit entscheidend zur gesellschaftlichen Anerkennung des Boxens beitrug. 1960 er\u00f6ffnete Bernhard Hart den ersten Lonsdale-Shop auf der Beak Street, mitten im Londoner Viertel Soho. Seitdem trugen und tragen namhafte Profiboxer wie Muhammad Ali, Henry Cooper, Sugar Ray Robinson, Evander Holyfield, Lennox Lewis und Ricky Hatton die Marke Lonsdale. Noch heute spielen diese ber\u00fchmten Pers\u00f6nlichkeiten und die wichtigsten Meilensteine aus der Entstehungsgeschichte der Marke eine gro\u00dfe Rolle und tauchen immer wieder in den modernen Designs der inzwischen umfangreichen Produktlinie auf. 1979 kaufte The Jam-Chef Paul Weller eine gro\u00dfe Anzahl von T-Shirts f\u00fcr seine Konzerte. Dank dessen erlangte Lonsdale gro\u00dfe Bekanntheit und zeigte, dass ihre Kleidung nicht nur f\u00fcr Sportler ist. Profisportler, Amateure und Enthusiasten auf der ganzen Welt liefern seit vielen Jahren die Produkte der Marke.<\/span> <br \/> Verpackungsabmessungen \u200f : \u200e  31.2 x 28.5 x 3.7 cm; 110 Gramm <br \/> Im Angebot von Amazon.de seit \u200f : \u200e  29. August 2019 <br \/> Hersteller \u200f : \u200e  Punch GmbH <br \/> ASIN \u200f : \u200e  B07TX25ZHB <br \/> Modellnummer \u200f : \u200e  1140261034 <br \/> Kategorie \u200f : \u200e  Damen <\/p>\n<p>ANGENEHM und WEICH T-Shirt &#8211; Langlebig und resistent gegen Dehnung. Es ist leicht in der Waschmaschine oder von Hand zu waschen. Leicht zu b\u00fcgeln. Mit der Zeit verliert es seine Eigenschaften nicht. F\u00fcr den Langzeitgebrauch<br \/>Kurzarm<br \/>Verschluss: Pull-On<br \/>60% Cotton 40% Polyster<br \/>T-Shirt<br \/>Pflegehinweis: Maschinenw\u00e4sche<br \/>\n<br \/>[ad_2]<\/p>\n","protected":false},"excerpt":{"rendered":"<p>Price: [price_with_discount](as of [price_update_date] &#8211; Details) [ad_1] Die Marke Lonsdale wurde 1960 durch den damals 22-j\u00e4hrigen, britischen Boxer Bernhard Hart in London gegr\u00fcndet. Namensgeber f\u00fcr seine Marke war Hugh Lowther,<\/p>\n","protected":false},"featured_media":20225,"comment_status":"open","ping_status":"closed","template":"","meta":[],"product_cat":[232],"product_tag":[],"class_list":{"0":"post-20224","1":"product","2":"type-product","3":"status-publish","4":"has-post-thumbnail","6":"product_cat-women-fashion","8":"first","9":"instock","10":"shipping-taxable","11":"product-type-external"},"aioseo_notices":[],"_links":{"self":[{"href":"https:\/\/topgetestet.de\/index.php?rest_route=\/wp\/v2\/product\/20224","targetHints":{"allow":["GET"]}}],"collection":[{"href":"https:\/\/topgetestet.de\/index.php?rest_route=\/wp\/v2\/product"}],"about":[{"href":"https:\/\/topgetestet.de\/index.php?rest_route=\/wp\/v2\/types\/product"}],"replies":[{"embeddable":true,"href":"https:\/\/topgetestet.de\/index.php?rest_route=%2Fwp%2Fv2%2Fcomments&post=20224"}],"wp:featuredmedia":[{"embeddable":true,"href":"https:\/\/topgetestet.de\/index.php?rest_route=\/wp\/v2\/media\/20225"}],"wp:attachment":[{"href":"https:\/\/topgetestet.de\/index.php?rest_route=%2Fwp%2Fv2%2Fmedia&parent=20224"}],"wp:term":[{"taxonomy":"product_cat","embeddable":true,"href":"https:\/\/topgetestet.de\/index.php?rest_route=%2Fwp%2Fv2%2Fproduct_cat&post=20224"},{"taxonomy":"product_tag","embeddable":true,"href":"https:\/\/topgetestet.de\/index.php?rest_route=%2Fwp%2Fv2%2Fproduct_tag&post=20224"}],"curies":[{"name":"wp","href":"https:\/\/api.w.org\/{rel}","templated":true}]}}