{"id":19296,"date":"2022-09-23T01:13:34","date_gmt":"2022-09-23T01:13:34","guid":{"rendered":"https:\/\/topgetestet.de\/?product=q-s-designed-by-damen-jacke-langarm"},"modified":"2022-09-23T01:13:34","modified_gmt":"2022-09-23T01:13:34","slug":"q-s-designed-by-damen-jacke-langarm","status":"publish","type":"product","link":"https:\/\/topgetestet.de\/?product=q-s-designed-by-damen-jacke-langarm","title":{"rendered":"Q\/S designed by Damen Jacke Langarm"},"content":{"rendered":"<p>Price: <span style=\"color:#b12704\">[price_with_discount]<\/span><br \/><i><small>(as of [price_update_date] &#8211; <span class=\"wp_automatic_amazon_disclaimer\" title=\"Product prices and availability are accurate as of the date\/time indicated and are subject to change. Any price and availability information displayed on [relevant Amazon Site(s), as applicable] at the time of purchase will apply to the purchase of this product.\">Details<\/span>)<\/small><\/i><\/p>\n<p><a href=\"https:\/\/amazon.de\/dp\/B09S5ST3JR?tag=topgetestet09-21\"><img decoding=\"async\" src=\"https:\/\/i.imgur.com\/ISRHEWs.png\"><\/a><br \/>\n[ad_1]<br \/>\n <br \/> Verpackungsabmessungen \u200f : \u200e  49.7 x 31.1 x 10.2 cm; 430 Gramm <br \/> Im Angebot von Amazon.de seit \u200f : \u200e  10. Februar 2022 <br \/> Hersteller \u200f : \u200e  s.Oliver <br \/> ASIN \u200f : \u200e  B09S5W9BS6 <br \/> Modellnummer \u200f : \u200e  510.12.208.16.150.2115485 <br \/> Kategorie \u200f : \u200e  Damen <\/p>\n<p>hat einen Rei\u00dfverschluss, hat eine Eingrifftasche, \u00c4rmel mit Gummib\u00fcndchen<br \/>Langarm<br \/>Verschluss: Rei\u00dfverschluss<br \/>100% Polyester<br \/>A-Linie Mantel<br \/>Pflegehinweis: Maschinenw\u00e4sche<br \/>\n<br \/>[ad_2]<\/p>\n","protected":false},"excerpt":{"rendered":"<p>Price: [price_with_discount](as of [price_update_date] &#8211; Details) [ad_1] Verpackungsabmessungen \u200f : \u200e 49.7 x 31.1 x 10.2 cm; 430 Gramm Im Angebot von Amazon.de seit \u200f : \u200e 10. Februar 2022<\/p>\n","protected":false},"featured_media":19297,"comment_status":"open","ping_status":"closed","template":"","meta":[],"product_cat":[232],"product_tag":[],"class_list":{"0":"post-19296","1":"product","2":"type-product","3":"status-publish","4":"has-post-thumbnail","6":"product_cat-women-fashion","8":"first","9":"instock","10":"shipping-taxable","11":"product-type-external"},"aioseo_notices":[],"_links":{"self":[{"href":"https:\/\/topgetestet.de\/index.php?rest_route=\/wp\/v2\/product\/19296","targetHints":{"allow":["GET"]}}],"collection":[{"href":"https:\/\/topgetestet.de\/index.php?rest_route=\/wp\/v2\/product"}],"about":[{"href":"https:\/\/topgetestet.de\/index.php?rest_route=\/wp\/v2\/types\/product"}],"replies":[{"embeddable":true,"href":"https:\/\/topgetestet.de\/index.php?rest_route=%2Fwp%2Fv2%2Fcomments&post=19296"}],"wp:featuredmedia":[{"embeddable":true,"href":"https:\/\/topgetestet.de\/index.php?rest_route=\/wp\/v2\/media\/19297"}],"wp:attachment":[{"href":"https:\/\/topgetestet.de\/index.php?rest_route=%2Fwp%2Fv2%2Fmedia&parent=19296"}],"wp:term":[{"taxonomy":"product_cat","embeddable":true,"href":"https:\/\/topgetestet.de\/index.php?rest_route=%2Fwp%2Fv2%2Fproduct_cat&post=19296"},{"taxonomy":"product_tag","embeddable":true,"href":"https:\/\/topgetestet.de\/index.php?rest_route=%2Fwp%2Fv2%2Fproduct_tag&post=19296"}],"curies":[{"name":"wp","href":"https:\/\/api.w.org\/{rel}","templated":true}]}}