{"id":18878,"date":"2022-09-22T22:21:40","date_gmt":"2022-09-22T22:21:40","guid":{"rendered":"https:\/\/topgetestet.de\/?product=nintendo-joy-con-2er-set-blau-neon-gelb"},"modified":"2022-09-22T22:21:40","modified_gmt":"2022-09-22T22:21:40","slug":"nintendo-joy-con-2er-set-blau-neon-gelb","status":"publish","type":"product","link":"https:\/\/topgetestet.de\/?product=nintendo-joy-con-2er-set-blau-neon-gelb","title":{"rendered":"Nintendo Joy-Con 2er-Set, blau\/neon-gelb"},"content":{"rendered":"<p>Price: <span style=\"color:#b12704\">[price_with_discount]<\/span><br \/><i><small>(as of [price_update_date] &#8211; <span class=\"wp_automatic_amazon_disclaimer\" title=\"Product prices and availability are accurate as of the date\/time indicated and are subject to change. Any price and availability information displayed on [relevant Amazon Site(s), as applicable] at the time of purchase will apply to the purchase of this product.\">Details<\/span>)<\/small><\/i><\/p>\n<p><a href=\"https:\/\/amazon.de\/dp\/B07VFTVVWX?tag=topgetestet09-21\"><img decoding=\"async\" src=\"https:\/\/i.imgur.com\/ISRHEWs.png\"><\/a><br \/>\n[ad_1]<br \/>\n <span>Nintendo Switch Joy-Con 2er-Set blau\/neon-gelb Controller Switch Blau, Neongelb Verpackungsgr\u00f6\u00dfe: Inhalt: 1 St\u00fcck Originalqualit\u00e4t von Nintendo<\/span> <br \/> Batterien \u200f : \u200e  2 Lithium-Polymer Batterien erforderlich (enthalten). <br \/> Alterseinstufung \u200f : \u200e  USK ab 0 freigegeben <br \/> Sprache \u200f : \u200e  Englisch <br \/> Handbuch \u200f : \u200e  Englisch <br \/> Produktabmessungen \u200f : \u200e  12.3 x 4 x 14 cm; 150 Gramm <br \/> Erscheinungstermin \u200f : \u200e  4. Oktober 2019 <br \/> Untertitel: \u200f : \u200e  Englisch <br \/> ASIN \u200f : \u200e  B07VFTVVWX <br \/> Modellnummer \u200f : \u200e  212033 <br \/> Herkunftsland \u200f : \u200e  Deutschland <\/p>\n<p>Plattform: Nintendo Switch<br \/>Gaming-Control Technologie: Analog \/ Digital<br \/>\u00dcbertragungstechnik: Kabellos<br \/>Ger\u00e4teschnittstelle: Bluetooth<br \/>Produktfarbe: Blau\/Neon-Gelb<br \/>\n<br \/>[ad_2]<\/p>\n","protected":false},"excerpt":{"rendered":"<p>Price: [price_with_discount](as of [price_update_date] &#8211; Details) [ad_1] Nintendo Switch Joy-Con 2er-Set blau\/neon-gelb Controller Switch Blau, Neongelb Verpackungsgr\u00f6\u00dfe: Inhalt: 1 St\u00fcck Originalqualit\u00e4t von Nintendo Batterien \u200f : \u200e 2 Lithium-Polymer Batterien<\/p>\n","protected":false},"featured_media":18879,"comment_status":"open","ping_status":"closed","template":"","meta":[],"product_cat":[225],"product_tag":[],"class_list":{"0":"post-18878","1":"product","2":"type-product","3":"status-publish","4":"has-post-thumbnail","6":"product_cat-electronics","8":"first","9":"instock","10":"shipping-taxable","11":"product-type-external"},"aioseo_notices":[],"_links":{"self":[{"href":"https:\/\/topgetestet.de\/index.php?rest_route=\/wp\/v2\/product\/18878","targetHints":{"allow":["GET"]}}],"collection":[{"href":"https:\/\/topgetestet.de\/index.php?rest_route=\/wp\/v2\/product"}],"about":[{"href":"https:\/\/topgetestet.de\/index.php?rest_route=\/wp\/v2\/types\/product"}],"replies":[{"embeddable":true,"href":"https:\/\/topgetestet.de\/index.php?rest_route=%2Fwp%2Fv2%2Fcomments&post=18878"}],"wp:featuredmedia":[{"embeddable":true,"href":"https:\/\/topgetestet.de\/index.php?rest_route=\/wp\/v2\/media\/18879"}],"wp:attachment":[{"href":"https:\/\/topgetestet.de\/index.php?rest_route=%2Fwp%2Fv2%2Fmedia&parent=18878"}],"wp:term":[{"taxonomy":"product_cat","embeddable":true,"href":"https:\/\/topgetestet.de\/index.php?rest_route=%2Fwp%2Fv2%2Fproduct_cat&post=18878"},{"taxonomy":"product_tag","embeddable":true,"href":"https:\/\/topgetestet.de\/index.php?rest_route=%2Fwp%2Fv2%2Fproduct_tag&post=18878"}],"curies":[{"name":"wp","href":"https:\/\/api.w.org\/{rel}","templated":true}]}}