{"id":18080,"date":"2022-09-22T17:58:06","date_gmt":"2022-09-22T17:58:06","guid":{"rendered":"https:\/\/topgetestet.de\/?product=lego-harry-potter-collection-playstation-4"},"modified":"2022-09-22T17:58:06","modified_gmt":"2022-09-22T17:58:06","slug":"lego-harry-potter-collection-playstation-4","status":"publish","type":"product","link":"https:\/\/topgetestet.de\/?product=lego-harry-potter-collection-playstation-4","title":{"rendered":"Lego Harry Potter Collection [PlayStation 4]"},"content":{"rendered":"<p>Price: <span style=\"color:#b12704\">[price_with_discount]<\/span><br \/><i><small>(as of [price_update_date] &#8211; <span class=\"wp_automatic_amazon_disclaimer\" title=\"Product prices and availability are accurate as of the date\/time indicated and are subject to change. Any price and availability information displayed on [relevant Amazon Site(s), as applicable] at the time of purchase will apply to the purchase of this product.\">Details<\/span>)<\/small><\/i><\/p>\n<p><a href=\"https:\/\/amazon.de\/dp\/B01LNS9V3O?tag=topgetestet09-21\"><img decoding=\"async\" src=\"https:\/\/i.imgur.com\/ISRHEWs.png\"><\/a><br \/>\n[ad_1]<\/p>\n<p>       Produktbeschreibung des Herstellers <\/p>\n<p>          <img decoding=\"async\" alt=\"Banner\" src=\"https:\/\/images-na.ssl-images-amazon.com\/images\/G\/01\/x-locale\/common\/grey-pixel.gif\" class=\"a-spacing-base a-lazy-loaded\" data-src=\"https:\/\/m.media-amazon.com\/images\/S\/aplus-media\/vc\/7ccb6e77-208f-4c17-8abf-35c943332562.__CR0,0,970,600_PT0_SX970_V1___.png\"><\/p>\n<p>           <img decoding=\"async\" alt=\"Banner\" src=\"https:\/\/m.media-amazon.com\/images\/S\/aplus-media\/vc\/7ccb6e77-208f-4c17-8abf-35c943332562.__CR0,0,970,600_PT0_SX970_V1___.png\"><\/p>\n<p class=\"a-spacing-base\"> Erlebe die komplette Harry Potter Saga im typischen Lego-Stil. Die LEGO Harry Potter Collection bietet ein fesselndes Abenteuer f\u00fcr alle Zauberer und Muggel. Die Spieler erleben eine humorvolle Reise durch alle sieben B\u00fcc her bzw. acht Filme, und stellen sich Lord Voldemort im ultimativen Kampf gegen das B\u00f6se. Hier verschmelzen die kreative LEGO-Welt und das riesige Harry Potter-Universum zu einem packenden Spielerlebnis, das die Magie direkt ins heimische Wohnzimmer holt. Ein Riesenspa\u00df f\u00fcr die ganze Familie. <\/p>\n<p class=\"a-spacing-base\"> FEATUERS: <\/p>\n<p class=\"a-spacing-base\">\n<p>           Erlebe die Magie aller Harry Potter Filme! Erkunde die Kult-Schaupl\u00e4tze der Welt der Hexen und Zauberer, wie die Winkelgasse, den Verbot enen Wald, Hogsmeade und nat\u00fcrlich Schloss Hogwarts.<br \/>\n           Schl\u00fcpfe in die Rolle von Harry Potter, Ron Weasley, Hermine Granger oder spiele als einer der \u00fcber 100 Charaktere, darunter Fenrir Greyback, Bellatrix Lestrange und Professor Horace Slughorn.<br \/>\n           Erlerne komplett neue Zauber und Zauberspr\u00fcche, darunter die Unverzeihlichen Fl\u00fcche. Beherrsche fortgeschrittene Kampftechniken, um Voldemorts Todesser auf dem Weg zum ultimativen Kampf gegen den Dunklen Lord zu besiegen<br \/>\n           Spiele mit Freunden und Familienangeh\u00f6rigen im Koop-Modus mit komfortablem Ein- und Ausstieg und dynamisch geteiltem Bildschirm.<\/p>\n<p> <img decoding=\"async\" alt=\"01\" src=\"https:\/\/images-na.ssl-images-amazon.com\/images\/G\/01\/x-locale\/common\/grey-pixel.gif\" class=\"a-spacing-mini a-lazy-loaded\" data-src=\"https:\/\/m.media-amazon.com\/images\/S\/aplus-media\/vc\/b7ec82f0-caec-4f5b-9fa0-67cc93736bdb.__CR0,0,300,300_PT0_SX300_V1___.jpg\">\n                   <\/p>\n<p>                    <img decoding=\"async\" alt=\"01\" src=\"https:\/\/m.media-amazon.com\/images\/S\/aplus-media\/vc\/b7ec82f0-caec-4f5b-9fa0-67cc93736bdb.__CR0,0,300,300_PT0_SX300_V1___.jpg\"><\/p>\n<p> <img decoding=\"async\" alt=\"02\" src=\"https:\/\/images-na.ssl-images-amazon.com\/images\/G\/01\/x-locale\/common\/grey-pixel.gif\" class=\"a-spacing-mini a-lazy-loaded\" data-src=\"https:\/\/m.media-amazon.com\/images\/S\/aplus-media\/vc\/7a7c81a7-8447-4cc9-95e6-b95351929ddd.__CR0,0,300,300_PT0_SX300_V1___.jpg\">\n                   <\/p>\n<p>                    <img decoding=\"async\" alt=\"02\" src=\"https:\/\/m.media-amazon.com\/images\/S\/aplus-media\/vc\/7a7c81a7-8447-4cc9-95e6-b95351929ddd.__CR0,0,300,300_PT0_SX300_V1___.jpg\"><\/p>\n<p> <img decoding=\"async\" alt=\"03\" src=\"https:\/\/images-na.ssl-images-amazon.com\/images\/G\/01\/x-locale\/common\/grey-pixel.gif\" class=\"a-spacing-mini a-lazy-loaded\" data-src=\"https:\/\/m.media-amazon.com\/images\/S\/aplus-media\/vc\/97ae5373-0a56-4927-bfb3-0f4dea37e237.__CR0,0,300,300_PT0_SX300_V1___.jpg\">\n                   <\/p>\n<p>                    <img decoding=\"async\" alt=\"03\" src=\"https:\/\/m.media-amazon.com\/images\/S\/aplus-media\/vc\/97ae5373-0a56-4927-bfb3-0f4dea37e237.__CR0,0,300,300_PT0_SX300_V1___.jpg\"><\/p>\n<p>          <img decoding=\"async\" alt=\"logo\" src=\"https:\/\/images-na.ssl-images-amazon.com\/images\/G\/01\/x-locale\/common\/grey-pixel.gif\" class=\"a-lazy-loaded\" data-src=\"https:\/\/m.media-amazon.com\/images\/S\/aplus-media\/vc\/01a45b40-57f9-449d-9eee-ce060777d217.__CR0,0,600,180_PT0_SX600_V1___.jpg\"><\/p>\n<p>           <img decoding=\"async\" alt=\"logo\" src=\"https:\/\/m.media-amazon.com\/images\/S\/aplus-media\/vc\/01a45b40-57f9-449d-9eee-ce060777d217.__CR0,0,600,180_PT0_SX600_V1___.jpg\"><\/p>\n<p>                 Altersfreigabe:<br \/>\n                 USK: ab 6 \/ PEGI: 7+<br \/>\n                 USK: ab 6 \/ PEGI: 7+<br \/>\n                 USK: ab 6 \/ PEGI: 7+   <\/p>\n<p>                 Genre:<br \/>\n                 Action-Adventure<br \/>\n                 Action-Adventure<br \/>\n                 Action-Adventure   <\/p>\n<p>                 Plattform:<br \/>\n                 Playstation 4<br \/>\n                 Xbox One<br \/>\n                 Nintendo Switch   <\/p>\n<p>                 Spielmodus:<br \/>\n                 Single Player &amp; Koop Multiplayer<br \/>\n                 Single Player &amp; Koop Multiplayer<br \/>\n                 Single Player &amp; Koop Multiplayer   <\/p>\n<p>                 Sprache \/ Bildschirmtext:<br \/>\n                 Englisch \/ EFIGS<br \/>\n                 Englisch \/ EFIGS<br \/>\n                 Englisch \/ EFIGS   <\/p>\n<p> Auslaufartikel (Produktion durch Hersteller eingestellt) \u200f : \u200e  Nein <br \/> Alterseinstufung \u200f : \u200e  USK ab 6 freigegeben <br \/> Handbuch \u200f : \u200e  Deutsch <br \/> Produktabmessungen \u200f : \u200e  19 x 13.6 x 14 cm; 80 Gramm <br \/> Erscheinungstermin \u200f : \u200e  20. Oktober 2016 <br \/> Untertitel: \u200f : \u200e  Deutsch <br \/> ASIN \u200f : \u200e  B01LNS9V3O <br \/> Herstellerreferenz \u200f : \u200e  1000630007 <br \/> Herkunftsland \u200f : \u200e  Deutschland <\/p>\n<p>LEGO Harry Potter: Die Jahre 1-4 und LEGO Harry Potter: Die Jahre 5-7 inklusive aller bisherigen Zusatzinhalte auf einer CD. Du kannst \u00fcber 200 deiner Lieblingsfiguren freischalten und spielen. Entdecke Hogwarts im Mehrspielermodus und zaubere mit deinen Freunden. Neu aufgelegt Erlebe noch einmal alle deine Lieblingsmomente aus der Harry-Potter-Reihe, wiedererz\u00e4hlt mit dem einzigartigen Charme und frechen Humor des LEGO-Universums<br \/>Folge Harry, Hermine und Ron zur\u00fcck in die Hogwarts-Schule f\u00fcr Hexerei und Zauberei und in ein Abenteuer, das sieben B\u00fccher und zwei komplette Spiele umfasst<br \/>Von ihrer ersten Begegnung in der Gro\u00dfen Halle von Hogwarts bis zum Triumph \u00fcber ihre gr\u00f6\u00dften Gegner hilfst du ihnen auf Schritt und Tritt, Hindernisse zu \u00fcberwinden und R\u00e4tsel zu l\u00f6sen<br \/>Die LEGO Harry Potter Collection enth\u00e4lt die neu aufgelegten Versionen der PS3-Titel LEGO Harry Potter: Die Jahre 1-4 und LEGO Harry Potter: Die Jahre 5-7 als ein Paket zusammen mit den DLCs Downloadbare Spielfiguren und dem 5 Zauberspr\u00fcche Paket<br \/>\n<br \/>[ad_2]<\/p>\n","protected":false},"excerpt":{"rendered":"<p>Price: [price_with_discount](as of [price_update_date] &#8211; Details) [ad_1] Produktbeschreibung des Herstellers Erlebe die komplette Harry Potter Saga im typischen Lego-Stil. Die LEGO Harry Potter Collection bietet ein fesselndes Abenteuer f\u00fcr alle<\/p>\n","protected":false},"featured_media":18081,"comment_status":"open","ping_status":"closed","template":"","meta":[],"product_cat":[227],"product_tag":[261],"class_list":{"0":"post-18080","1":"product","2":"type-product","3":"status-publish","4":"has-post-thumbnail","6":"product_cat-gaming","7":"product_tag-playstation-legacy-games","9":"first","10":"instock","11":"shipping-taxable","12":"product-type-external"},"aioseo_notices":[],"_links":{"self":[{"href":"https:\/\/topgetestet.de\/index.php?rest_route=\/wp\/v2\/product\/18080","targetHints":{"allow":["GET"]}}],"collection":[{"href":"https:\/\/topgetestet.de\/index.php?rest_route=\/wp\/v2\/product"}],"about":[{"href":"https:\/\/topgetestet.de\/index.php?rest_route=\/wp\/v2\/types\/product"}],"replies":[{"embeddable":true,"href":"https:\/\/topgetestet.de\/index.php?rest_route=%2Fwp%2Fv2%2Fcomments&post=18080"}],"wp:featuredmedia":[{"embeddable":true,"href":"https:\/\/topgetestet.de\/index.php?rest_route=\/wp\/v2\/media\/18081"}],"wp:attachment":[{"href":"https:\/\/topgetestet.de\/index.php?rest_route=%2Fwp%2Fv2%2Fmedia&parent=18080"}],"wp:term":[{"taxonomy":"product_cat","embeddable":true,"href":"https:\/\/topgetestet.de\/index.php?rest_route=%2Fwp%2Fv2%2Fproduct_cat&post=18080"},{"taxonomy":"product_tag","embeddable":true,"href":"https:\/\/topgetestet.de\/index.php?rest_route=%2Fwp%2Fv2%2Fproduct_tag&post=18080"}],"curies":[{"name":"wp","href":"https:\/\/api.w.org\/{rel}","templated":true}]}}