{"id":18065,"date":"2022-09-22T17:54:22","date_gmt":"2022-09-22T17:54:22","guid":{"rendered":"https:\/\/topgetestet.de\/?product=fjallraven-damen-pants-abisko-trekking-tights-pro-w"},"modified":"2022-09-22T17:54:22","modified_gmt":"2022-09-22T17:54:22","slug":"fjallraven-damen-pants-abisko-trekking-tights-pro-w","status":"publish","type":"product","link":"https:\/\/topgetestet.de\/?product=fjallraven-damen-pants-abisko-trekking-tights-pro-w","title":{"rendered":"Fj\u00e4llr\u00e4ven Damen Pants Abisko Trekking Tights Pro W"},"content":{"rendered":"<p>Price: <span style=\"color:#b12704\">[price_with_discount]<\/span><br \/><i><small>(as of [price_update_date] &#8211; <span class=\"wp_automatic_amazon_disclaimer\" title=\"Product prices and availability are accurate as of the date\/time indicated and are subject to change. Any price and availability information displayed on [relevant Amazon Site(s), as applicable] at the time of purchase will apply to the purchase of this product.\">Details<\/span>)<\/small><\/i><\/p>\n<p><a href=\"https:\/\/amazon.de\/dp\/B09QT54PCH?tag=topgetestet09-21\"><img decoding=\"async\" src=\"https:\/\/i.imgur.com\/ISRHEWs.png\"><\/a><br \/>\n[ad_1]<br \/>\n <span>Technische und widerstandsf\u00e4hige Trekking-Strumpfhose aus hochfunktionellem Stretch-Gewebe. Sie vereinen die Bewegungsfreiheit einer Strumpfhose mit der Widerstandsf\u00e4higkeit einer Wanderhose. Perfekt f\u00fcr alle Arten von Bergwanderungen und anderem unwegsamen Gel\u00e4nde.<\/span> <br \/> Auslaufartikel (Produktion durch Hersteller eingestellt) \u200f : \u200e  Nein <br \/> Produktabmessungen \u200f : \u200e  10.16 x 10.16 x 5.08 cm; 113.4 Gramm <br \/> Im Angebot von Amazon.de seit \u200f : \u200e  20. Januar 2022 <br \/> Hersteller \u200f : \u200e  Fjallraven <br \/> ASIN \u200f : \u200e  B09QT5LYWJ <br \/> Modellnummer \u200f : \u200e  84771 <br \/> Kategorie \u200f : \u200e  Damen <\/p>\n<p>[ad_2]<\/p>\n","protected":false},"excerpt":{"rendered":"<p>Price: [price_with_discount](as of [price_update_date] &#8211; Details) [ad_1] Technische und widerstandsf\u00e4hige Trekking-Strumpfhose aus hochfunktionellem Stretch-Gewebe. Sie vereinen die Bewegungsfreiheit einer Strumpfhose mit der Widerstandsf\u00e4higkeit einer Wanderhose. Perfekt f\u00fcr alle Arten von<\/p>\n","protected":false},"featured_media":18066,"comment_status":"open","ping_status":"closed","template":"","meta":[],"product_cat":[232],"product_tag":[],"class_list":{"0":"post-18065","1":"product","2":"type-product","3":"status-publish","4":"has-post-thumbnail","6":"product_cat-women-fashion","8":"first","9":"instock","10":"shipping-taxable","11":"product-type-external"},"aioseo_notices":[],"_links":{"self":[{"href":"https:\/\/topgetestet.de\/index.php?rest_route=\/wp\/v2\/product\/18065","targetHints":{"allow":["GET"]}}],"collection":[{"href":"https:\/\/topgetestet.de\/index.php?rest_route=\/wp\/v2\/product"}],"about":[{"href":"https:\/\/topgetestet.de\/index.php?rest_route=\/wp\/v2\/types\/product"}],"replies":[{"embeddable":true,"href":"https:\/\/topgetestet.de\/index.php?rest_route=%2Fwp%2Fv2%2Fcomments&post=18065"}],"wp:featuredmedia":[{"embeddable":true,"href":"https:\/\/topgetestet.de\/index.php?rest_route=\/wp\/v2\/media\/18066"}],"wp:attachment":[{"href":"https:\/\/topgetestet.de\/index.php?rest_route=%2Fwp%2Fv2%2Fmedia&parent=18065"}],"wp:term":[{"taxonomy":"product_cat","embeddable":true,"href":"https:\/\/topgetestet.de\/index.php?rest_route=%2Fwp%2Fv2%2Fproduct_cat&post=18065"},{"taxonomy":"product_tag","embeddable":true,"href":"https:\/\/topgetestet.de\/index.php?rest_route=%2Fwp%2Fv2%2Fproduct_tag&post=18065"}],"curies":[{"name":"wp","href":"https:\/\/api.w.org\/{rel}","templated":true}]}}