{"id":17145,"date":"2022-09-21T02:58:28","date_gmt":"2022-09-21T02:58:28","guid":{"rendered":"https:\/\/topgetestet.de\/?product=dualsense-wireless-controller-starlight-blue-playstation-5"},"modified":"2022-09-21T02:58:28","modified_gmt":"2022-09-21T02:58:28","slug":"dualsense-wireless-controller-starlight-blue-playstation-5","status":"publish","type":"product","link":"https:\/\/topgetestet.de\/?product=dualsense-wireless-controller-starlight-blue-playstation-5","title":{"rendered":"DualSense Wireless Controller Starlight Blue [PlayStation 5]"},"content":{"rendered":"<p>Price: <span style=\"color:#b12704\">[price_with_discount]<\/span><br \/><i><small>(as of [price_update_date] &#8211; <span class=\"wp_automatic_amazon_disclaimer\" title=\"Product prices and availability are accurate as of the date\/time indicated and are subject to change. Any price and availability information displayed on [relevant Amazon Site(s), as applicable] at the time of purchase will apply to the purchase of this product.\">Details<\/span>)<\/small><\/i><\/p>\n<p><a href=\"https:\/\/amazon.de\/dp\/B09NLH8PMY?tag=topgetestet09-21\"><img decoding=\"async\" src=\"https:\/\/i.imgur.com\/ISRHEWs.png\"><\/a><br \/>\n[ad_1]<\/p>\n<p>       Produktbeschreibung des Herstellers <\/p>\n<p>                   <img decoding=\"async\" alt=\"PS5, DualSense Wireless-Controller, Controller, Zubeh\u00f6r, PlayStation, haptisches Feedback\" src=\"https:\/\/m.media-amazon.com\/images\/S\/aplus-media-library-service-media\/f34aba67-e32b-4a5a-bc9d-9c97db085dfb.__CR0,0,1464,600_PT0_SX1464_V1___.jpg\"> <\/p>\n<p>                   <img decoding=\"async\" alt=\"PS5, DualSense Wireless-Controller, Controller, Zubeh\u00f6r, PlayStation, adaptive Trigger\" src=\"https:\/\/m.media-amazon.com\/images\/S\/aplus-media-library-service-media\/407c04dd-9a9e-4df1-9d31-6e079773ef43.__CR0,0,1464,600_PT0_SX1464_V1___.jpg\"> <\/p>\n<p>                   <img decoding=\"async\" alt=\"PS5, DualSense Wireless-Controller, Controller, Zubeh\u00f6r, PlayStation, integriertes Mikrofon\" src=\"https:\/\/m.media-amazon.com\/images\/S\/aplus-media-library-service-media\/9aacf8b6-03cb-4109-9b42-e603c495103e.__CR0,0,1464,600_PT0_SX1464_V1___.jpg\"> <\/p>\n<p>                   <img decoding=\"async\" alt=\"PS5, DualSense Wireless-Controller, Controller, Zubeh\u00f6r, PlayStation, Create Taste\" src=\"https:\/\/m.media-amazon.com\/images\/S\/aplus-media-library-service-media\/b267d859-7d01-46c5-a82d-45e3023db0a1.__CR0,0,1464,600_PT0_SX1464_V1___.jpg\"> <\/p>\n<p>                   <img decoding=\"async\" alt=\"PS5, DualSense Wireless-Controller, Controller, Zubeh\u00f6r, PlayStation, Gaming Ikone\" src=\"https:\/\/m.media-amazon.com\/images\/S\/aplus-media-library-service-media\/d234fbc3-50a6-4af8-96ca-f609912944a2.__CR0,0,1464,600_PT0_SX1464_V1___.jpg\"> <\/p>\n<p>          <img decoding=\"async\" alt=\"PS5, PS5 Zubeh\u00f6r, PlayStation, Headset, Controller, Fernbedienung, Ladestation, Kamera\" src=\"https:\/\/images-na.ssl-images-amazon.com\/images\/G\/01\/x-locale\/common\/grey-pixel.gif\" class=\"a-lazy-loaded\" data-src=\"https:\/\/m.media-amazon.com\/images\/S\/aplus-media\/vc\/1ea09a78-adbb-485c-b3fd-5a55b671fc9d.__CR0,0,1464,600_PT0_SX1464_V1___.jpg\"><\/p>\n<p>           <img decoding=\"async\" alt=\"PS5, PS5 Zubeh\u00f6r, PlayStation, Headset, Controller, Fernbedienung, Ladestation, Kamera\" src=\"https:\/\/m.media-amazon.com\/images\/S\/aplus-media\/vc\/1ea09a78-adbb-485c-b3fd-5a55b671fc9d.__CR0,0,1464,600_PT0_SX1464_V1___.jpg\"><\/p>\n<p>          <img decoding=\"async\" alt=\"PS5, DualSense Wireless-Controller, Controller, Zubeh\u00f6r, PlayStation, haptisches Feedback\" src=\"https:\/\/images-na.ssl-images-amazon.com\/images\/G\/01\/x-locale\/common\/grey-pixel.gif\" class=\"a-lazy-loaded\" data-src=\"https:\/\/m.media-amazon.com\/images\/S\/aplus-media-library-service-media\/6104c250-6023-488f-97c0-4ddba0e2f111.__CR0,0,1464,600_PT0_SX1464_V1___.jpg\"><\/p>\n<p>           <img decoding=\"async\" alt=\"PS5, DualSense Wireless-Controller, Controller, Zubeh\u00f6r, PlayStation, haptisches Feedback\" src=\"https:\/\/m.media-amazon.com\/images\/S\/aplus-media-library-service-media\/6104c250-6023-488f-97c0-4ddba0e2f111.__CR0,0,1464,600_PT0_SX1464_V1___.jpg\"><\/p>\n<p class=\"aplus-question aplus-p1\"> Kann ich den DualSense Wireless-Controller mit meiner PS4-Konsole verwenden? <\/p>\n<p class=\"aplus-answer aplus-p2\"> Nein. <\/p>\n<p class=\"aplus-answer aplus-p2\"> Der DualSense Wireless-Controller ist nicht mit der PS4-Konsole kompatibel. <\/p>\n<p class=\"aplus-question aplus-p1\"> Unterst\u00fctzen die PS5-Konsole oder der DualSense Wireless-Controller Spracheingabe? <\/p>\n<p class=\"aplus-answer aplus-p2\"> Ja. <\/p>\n<p class=\"aplus-answer aplus-p2\"> Spieler k\u00f6nnen Spracheingabefunktionen verwenden, um Nachrichten oder Suchbegriffe einzugeben, entweder \u00fcber das Mikrofon des DualSense Wireless-Controllers oder \u00fcber ein Headset-Mikrofon. Unterst\u00fctzte Sprachen: JA, EN, ES, FR, IT, DE. <\/p>\n<p class=\"aplus-question aplus-p1\"> Unterst\u00fctzt der DualSense-Controller Optionen f\u00fcr Barrierefreiheit? <\/p>\n<p class=\"aplus-answer aplus-p2\"> Ja. <\/p>\n<p class=\"aplus-answer aplus-p2\"> PS5-Spieler k\u00f6nnen <\/p>\n<p class=\"aplus-answer aplus-p2\"> &#8211; Die Intensit\u00e4t des haptischen Feedbacks\/der adaptiven Trigger reduzieren oder deaktivieren. <\/p>\n<p class=\"aplus-answer aplus-p2\"> &#8211; Controller-Tasten neu zuweisen. <\/p>\n<p class=\"aplus-answer aplus-p2\"> &#8211; Spracheingabefunktionen \u00fcber das integrierte Mikrofon nutzen und nach Inhalten per Stimme suchen. <\/p>\n<p class=\"aplus-question aplus-p1\"> Wie lade ich den DualSense Wireless-Controller auf? <\/p>\n<p class=\"aplus-answer aplus-p2\"> &#8211; Indem Spieler das im Lieferumfang der PS5-Konsole enthaltene USB-Kabel an den USB-Port (Type-C) der PS5-Konsole oder ein kompatibles Ladeger\u00e4t anschlie\u00dfen. <\/p>\n<p class=\"aplus-answer aplus-p2\"> &#8211; Die DualSense-Ladestation (separat erh\u00e4ltlich) l\u00e4dt bis zu zwei Controller gleichzeitig. <\/p>\n<p class=\"aplus-question aplus-p1\"> Wie viele DualSense-Controller k\u00f6nnen gleichzeitig an die PS5-Konsole angeschlossen werden? <\/p>\n<p class=\"aplus-answer aplus-p2\"> Bis zu vier DualSense-Controller k\u00f6nnen gleichzeitig an eine PS5-Konsole angeschlossen werden. Wenn mehrere Spieler lokal spielen, zeigt die Spieler-Kontrollleuchte des DualSense Wireless-Controllers (unter dem Touchpad) an, welcher Spieler du bist. <\/p>\n<p>            Rechtliche Hinweise  <\/p>\n<p class=\"description\"> 1) &#8211; <\/p>\n<p class=\"description\"> 2) Verf\u00fcgbar, wenn die Funktion vom Spiel unterst\u00fctzt wird. <\/p>\n<p class=\"description\"> 3) Internetverbindung und Konto f\u00fcr PlayStation Network erforderlich. Kontoinhaber m\u00fcssen mindestens 7 Jahre alt sein, Kinder unter 18 Jahren ben\u00f6tigen die Zustimmung eines Erziehungsberechtigten. Es gelten die vollst\u00e4ndigen Nutzungsbedingungen: playstation.com\/PSNTerms. <\/p>\n<p class=\"description\"> Kabel nicht im Lieferumfang enthalten. Wenn du den Controller anschlie\u00dfen oder laden m\u00f6chtest, verwende das mit der PS5-Konsole gelieferte USB-Kabel. <\/p>\n<p class=\"description\"> Aktualisieren Sie die PS5-Systemsoftware und die Ger\u00e4tesoftware des Wireless-Controllers immer auf die neueste Version. <\/p>\n<p class=\"description\"> &#8220;PlayStation&#8221;, das PlayStation-Logo, das PS5-Logo, &#8220;PS5&#8221;, &#8220;DualSense&#8221; und &#8220;DUALSHOCK&#8221; sind (eingetragene) Marken von Sony Interactive Entertainment Inc. &#8220;SONY&#8221; ist eine eingetragene Marke der Sony Corporation. USB Type-C ist eine eingetragene Marke von USB Implementers Forum. <\/p>\n<p> Batterien \u200f : \u200e  2 Lithium-Ionen Batterien erforderlich. <br \/> Alterseinstufung \u200f : \u200e  Nicht gepr\u00fcft <br \/> Sprache \u200f : \u200e  Englisch <br \/> Produktabmessungen \u200f : \u200e  19.9 x 7 x 19 cm; 430 Gramm <br \/> Erscheinungstermin \u200f : \u200e  14. Januar 2022 <br \/> ASIN \u200f : \u200e  B09NLH8PMY <br \/> Modellnummer \u200f : \u200e  0711719727996 <br \/> Herkunftsland \u200f : \u200e  Deutschland <\/p>\n<p>Der DualSense Wireless-Controller bietet immersives haptisches Feedback, dynamische adaptive Trigger\u00a0und ein integriertes Mikrofon \u2013 und das alles in einem ikonischen,\u00a0komfortablen Design<br \/>Erlebe die verschiedenen Stufen von Kraft und Spannung, wenn du mit deiner Ausr\u00fcstung und Umgebung im Spiel interagierst<br \/>Chatte online mit Freunden, indem du direkt in das integrierte Mikrofon sprichst oder ein Headset an den 3,5-mm-Anschluss anschlie\u00dft<br \/>\u00dcbernimm die Kontrolle mit einem weiterentwickelten zweifarbigen Design, das ein ikonisches, intuitives Layout mit verbesserten Sticks und einer neu gestalteten Leuchtleiste kombiniert<br \/>Der Akku kann \u00fcber USB Typ-C aufgeladen werden<br \/>\n<br \/>[ad_2]<\/p>\n","protected":false},"excerpt":{"rendered":"<p>Price: [price_with_discount](as of [price_update_date] &#8211; Details) [ad_1] Produktbeschreibung des Herstellers Kann ich den DualSense Wireless-Controller mit meiner PS4-Konsole verwenden? Nein. Der DualSense Wireless-Controller ist nicht mit der PS4-Konsole kompatibel. Unterst\u00fctzen<\/p>\n","protected":false},"featured_media":17146,"comment_status":"open","ping_status":"closed","template":"","meta":[],"product_cat":[225],"product_tag":[],"class_list":{"0":"post-17145","1":"product","2":"type-product","3":"status-publish","4":"has-post-thumbnail","6":"product_cat-electronics","8":"first","9":"instock","10":"shipping-taxable","11":"product-type-external"},"aioseo_notices":[],"_links":{"self":[{"href":"https:\/\/topgetestet.de\/index.php?rest_route=\/wp\/v2\/product\/17145","targetHints":{"allow":["GET"]}}],"collection":[{"href":"https:\/\/topgetestet.de\/index.php?rest_route=\/wp\/v2\/product"}],"about":[{"href":"https:\/\/topgetestet.de\/index.php?rest_route=\/wp\/v2\/types\/product"}],"replies":[{"embeddable":true,"href":"https:\/\/topgetestet.de\/index.php?rest_route=%2Fwp%2Fv2%2Fcomments&post=17145"}],"wp:featuredmedia":[{"embeddable":true,"href":"https:\/\/topgetestet.de\/index.php?rest_route=\/wp\/v2\/media\/17146"}],"wp:attachment":[{"href":"https:\/\/topgetestet.de\/index.php?rest_route=%2Fwp%2Fv2%2Fmedia&parent=17145"}],"wp:term":[{"taxonomy":"product_cat","embeddable":true,"href":"https:\/\/topgetestet.de\/index.php?rest_route=%2Fwp%2Fv2%2Fproduct_cat&post=17145"},{"taxonomy":"product_tag","embeddable":true,"href":"https:\/\/topgetestet.de\/index.php?rest_route=%2Fwp%2Fv2%2Fproduct_tag&post=17145"}],"curies":[{"name":"wp","href":"https:\/\/api.w.org\/{rel}","templated":true}]}}