{"id":16769,"date":"2022-09-19T19:03:41","date_gmt":"2022-09-19T19:03:41","guid":{"rendered":"https:\/\/topgetestet.de\/?product=nike-herren-air-zoom-structure-23-gymnastikschuh"},"modified":"2022-09-19T19:03:41","modified_gmt":"2022-09-19T19:03:41","slug":"nike-herren-air-zoom-structure-23-gymnastikschuh","status":"publish","type":"product","link":"https:\/\/topgetestet.de\/?product=nike-herren-air-zoom-structure-23-gymnastikschuh","title":{"rendered":"Nike Herren Air Zoom Structure 23 Gymnastikschuh"},"content":{"rendered":"<p>Price: <span style=\"color:#b12704\">[price_with_discount]<\/span><br \/><i><small>(as of [price_update_date] &#8211; <span class=\"wp_automatic_amazon_disclaimer\" title=\"Product prices and availability are accurate as of the date\/time indicated and are subject to change. Any price and availability information displayed on [relevant Amazon Site(s), as applicable] at the time of purchase will apply to the purchase of this product.\">Details<\/span>)<\/small><\/i><\/p>\n<p><a href=\"https:\/\/amazon.de\/dp\/B08PKCRLS9?tag=topgetestet09-21\"><img decoding=\"async\" src=\"https:\/\/i.imgur.com\/ISRHEWs.png\"><\/a><br \/>\n[ad_1]<br \/>\n <span>Nike Air Zoom Structure 23 Laufschuhe Die R\u00fcckkehr eines der beliebtesten Modelle. Der Nike Air Zoom Structure 23 Laufschuh bietet die n\u00f6tige D\u00e4mpfung ein weiches und atmungsaktives Design. Sie wurde entwickelt, um Ihnen einen schnellen, sicheren und zuverl\u00e4ssigen Trainingspartner zu bieten.<\/span> <br \/> Produktabmessungen \u200f : \u200e  24.5 x 8.5 x 9.5 cm; 350 Gramm <br \/> Im Angebot von Amazon.de seit \u200f : \u200e  10. Dezember 2020 <br \/> Hersteller \u200f : \u200e  Nike <br \/> ASIN \u200f : \u200e  B08Q9W643G <br \/> Modellnummer \u200f : \u200e  CZ6720 <br \/> Kategorie \u200f : \u200e  Herren <\/p>\n<p>Innenmaterial: Synthetic<br \/>Sohle: Polyurethan<br \/>Verschluss: Klettverschluss<br \/>Absatzform: Kein Absatz<br \/>Materialzusammensetzung: Mesh<br \/>Schuhweite: Normale<br \/>Nicht wasserfest<br \/>\n<br \/>[ad_2]<\/p>\n","protected":false},"excerpt":{"rendered":"<p>Price: [price_with_discount](as of [price_update_date] &#8211; Details) [ad_1] Nike Air Zoom Structure 23 Laufschuhe Die R\u00fcckkehr eines der beliebtesten Modelle. Der Nike Air Zoom Structure 23 Laufschuh bietet die n\u00f6tige D\u00e4mpfung<\/p>\n","protected":false},"featured_media":16770,"comment_status":"open","ping_status":"closed","template":"","meta":[],"product_cat":[234],"product_tag":[235],"class_list":{"0":"post-16769","1":"product","2":"type-product","3":"status-publish","4":"has-post-thumbnail","6":"product_cat-shoes","7":"product_tag-mens-road-running-shoes","9":"first","10":"instock","11":"shipping-taxable","12":"product-type-external"},"aioseo_notices":[],"_links":{"self":[{"href":"https:\/\/topgetestet.de\/index.php?rest_route=\/wp\/v2\/product\/16769","targetHints":{"allow":["GET"]}}],"collection":[{"href":"https:\/\/topgetestet.de\/index.php?rest_route=\/wp\/v2\/product"}],"about":[{"href":"https:\/\/topgetestet.de\/index.php?rest_route=\/wp\/v2\/types\/product"}],"replies":[{"embeddable":true,"href":"https:\/\/topgetestet.de\/index.php?rest_route=%2Fwp%2Fv2%2Fcomments&post=16769"}],"wp:featuredmedia":[{"embeddable":true,"href":"https:\/\/topgetestet.de\/index.php?rest_route=\/wp\/v2\/media\/16770"}],"wp:attachment":[{"href":"https:\/\/topgetestet.de\/index.php?rest_route=%2Fwp%2Fv2%2Fmedia&parent=16769"}],"wp:term":[{"taxonomy":"product_cat","embeddable":true,"href":"https:\/\/topgetestet.de\/index.php?rest_route=%2Fwp%2Fv2%2Fproduct_cat&post=16769"},{"taxonomy":"product_tag","embeddable":true,"href":"https:\/\/topgetestet.de\/index.php?rest_route=%2Fwp%2Fv2%2Fproduct_tag&post=16769"}],"curies":[{"name":"wp","href":"https:\/\/api.w.org\/{rel}","templated":true}]}}