{"id":16690,"date":"2022-09-19T12:30:23","date_gmt":"2022-09-19T12:30:23","guid":{"rendered":"https:\/\/topgetestet.de\/?product=nike-herren-downshifter-12-sneaker"},"modified":"2022-09-19T12:30:23","modified_gmt":"2022-09-19T12:30:23","slug":"nike-herren-downshifter-12-sneaker","status":"publish","type":"product","link":"https:\/\/topgetestet.de\/?product=nike-herren-downshifter-12-sneaker","title":{"rendered":"Nike Herren Downshifter 12 Sneaker"},"content":{"rendered":"<p>Price: <span style=\"color:#b12704\">[price_with_discount]<\/span><br \/><i><small>(as of [price_update_date] &#8211; <span class=\"wp_automatic_amazon_disclaimer\" title=\"Product prices and availability are accurate as of the date\/time indicated and are subject to change. Any price and availability information displayed on [relevant Amazon Site(s), as applicable] at the time of purchase will apply to the purchase of this product.\">Details<\/span>)<\/small><\/i><\/p>\n<p><a href=\"https:\/\/amazon.de\/dp\/B0B2PW58K6?tag=topgetestet09-21\"><img decoding=\"async\" src=\"https:\/\/i.imgur.com\/ISRHEWs.png\"><\/a><br \/>\n[ad_1]<br \/>\n <span>Um mit Freunden zu spielen, wie Sie auf der Rennstrecke trainieren, tragen Sie einfach die Nike Downshifter 12 Schuhe und f\u00fchlen Sie sich wohl. Das atmungsaktive Obermaterial bietet Unterst\u00fctzung und macht diese Schuhe leicht und vielseitig f\u00fcr alle Ihre Aktivit\u00e4ten. Dar\u00fcber hinaus sorgt die durchgehende Gummilauffl\u00e4che f\u00fcr zus\u00e4tzliche Stabilit\u00e4t bei gr\u00f6\u00dferen Herausforderungen. Dieses Produkt besteht aus mindestens 20 % recyceltem Material.<\/span> <br \/> Verpackungsabmessungen \u200f : \u200e  35 x 20 x 15 cm; 800 Gramm <br \/> Im Angebot von Amazon.de seit \u200f : \u200e  13. Juli 2022 <br \/> Hersteller \u200f : \u200e  Nike <br \/> ASIN \u200f : \u200e  B0B6FZL5BY <br \/> Modellnummer \u200f : \u200e  DD9293-400 <br \/> Kategorie \u200f : \u200e  Herren <\/p>\n<p>Innenmaterial: Textil<br \/>Sohle: Gummi<br \/>Verschluss: Schn\u00fcrung<br \/>Absatzform: Kein Absatz<br \/>Schuhweite: Normale<br \/>Nicht wasserfest<br \/>Kn\u00f6chel<br \/>\n<br \/>[ad_2]<\/p>\n","protected":false},"excerpt":{"rendered":"<p>Price: [price_with_discount](as of [price_update_date] &#8211; Details) [ad_1] Um mit Freunden zu spielen, wie Sie auf der Rennstrecke trainieren, tragen Sie einfach die Nike Downshifter 12 Schuhe und f\u00fchlen Sie sich<\/p>\n","protected":false},"featured_media":16691,"comment_status":"open","ping_status":"closed","template":"","meta":[],"product_cat":[234],"product_tag":[235],"class_list":{"0":"post-16690","1":"product","2":"type-product","3":"status-publish","4":"has-post-thumbnail","6":"product_cat-shoes","7":"product_tag-mens-road-running-shoes","9":"first","10":"instock","11":"shipping-taxable","12":"product-type-external"},"aioseo_notices":[],"_links":{"self":[{"href":"https:\/\/topgetestet.de\/index.php?rest_route=\/wp\/v2\/product\/16690","targetHints":{"allow":["GET"]}}],"collection":[{"href":"https:\/\/topgetestet.de\/index.php?rest_route=\/wp\/v2\/product"}],"about":[{"href":"https:\/\/topgetestet.de\/index.php?rest_route=\/wp\/v2\/types\/product"}],"replies":[{"embeddable":true,"href":"https:\/\/topgetestet.de\/index.php?rest_route=%2Fwp%2Fv2%2Fcomments&post=16690"}],"wp:featuredmedia":[{"embeddable":true,"href":"https:\/\/topgetestet.de\/index.php?rest_route=\/wp\/v2\/media\/16691"}],"wp:attachment":[{"href":"https:\/\/topgetestet.de\/index.php?rest_route=%2Fwp%2Fv2%2Fmedia&parent=16690"}],"wp:term":[{"taxonomy":"product_cat","embeddable":true,"href":"https:\/\/topgetestet.de\/index.php?rest_route=%2Fwp%2Fv2%2Fproduct_cat&post=16690"},{"taxonomy":"product_tag","embeddable":true,"href":"https:\/\/topgetestet.de\/index.php?rest_route=%2Fwp%2Fv2%2Fproduct_tag&post=16690"}],"curies":[{"name":"wp","href":"https:\/\/api.w.org\/{rel}","templated":true}]}}