{"id":16457,"date":"2022-09-19T10:05:54","date_gmt":"2022-09-19T10:05:54","guid":{"rendered":"https:\/\/topgetestet.de\/?product=altra-damen-escalante-2-road-running-shoe-sneakers"},"modified":"2022-09-19T10:05:54","modified_gmt":"2022-09-19T10:05:54","slug":"altra-damen-escalante-2-road-running-shoe-sneakers","status":"publish","type":"product","link":"https:\/\/topgetestet.de\/?product=altra-damen-escalante-2-road-running-shoe-sneakers","title":{"rendered":"ALTRA Damen Escalante 2 Road Running Shoe Sneakers"},"content":{"rendered":"<p>Price: <span style=\"color:#b12704\">[price_with_discount]<\/span><br \/><i><small>(as of [price_update_date] &#8211; <span class=\"wp_automatic_amazon_disclaimer\" title=\"Product prices and availability are accurate as of the date\/time indicated and are subject to change. Any price and availability information displayed on [relevant Amazon Site(s), as applicable] at the time of purchase will apply to the purchase of this product.\">Details<\/span>)<\/small><\/i><\/p>\n<p><a href=\"https:\/\/amazon.de\/dp\/B07NBPZZ9G?tag=topgetestet09-21\"><img decoding=\"async\" src=\"https:\/\/i.imgur.com\/ISRHEWs.png\"><\/a><br \/>\n[ad_1]<br \/>\n <span>Glauben Sie es oder nicht, die beliebte Escalante ist jetzt noch besser. Mit erh\u00f6hter Entkopplung in der Zwischensohle und Au\u00dfensohle f\u00fcr mehr Flexibilit\u00e4t auf dem Lauf, und zus\u00e4tzlichen Perforationen f\u00fcr Atmungsaktivit\u00e4t im Obermaterial bietet dieser Escalante 2 eine bessere Passform und bessere Leistung. Wir haben auch eine aktualisierte Einlegesohle hinzugef\u00fcgt, die weniger anf\u00e4llig f\u00fcr Kompression ist und ein besseres Step-in-Gef\u00fchl bietet.<\/span> <br \/> Produktabmessungen \u200f : \u200e  33.02 x 20.32 x 12.7 cm; 630 Gramm <br \/> Im Angebot von Amazon.de seit \u200f : \u200e  28. Juli 2019 <br \/> Hersteller \u200f : \u200e  Altra <br \/> ASIN \u200f : \u200e  B07NBXH41G <br \/> Modellnummer \u200f : \u200e  ALW1933G <br \/> Kategorie \u200f : \u200e  Damen <\/p>\n<p>Sohle: Kautschuk<br \/>Verschluss: Kordelzug<br \/>Absatzh\u00f6he: 1 Zoll<br \/>Absatzform: Flach<br \/>Materialzusammensetzung: synthetik<br \/>Schuhweite: Schmal<br \/>Nicht wasserfest<br \/>\n<br \/>[ad_2]<\/p>\n","protected":false},"excerpt":{"rendered":"<p>Price: [price_with_discount](as of [price_update_date] &#8211; Details) [ad_1] Glauben Sie es oder nicht, die beliebte Escalante ist jetzt noch besser. Mit erh\u00f6hter Entkopplung in der Zwischensohle und Au\u00dfensohle f\u00fcr mehr Flexibilit\u00e4t<\/p>\n","protected":false},"featured_media":16458,"comment_status":"open","ping_status":"closed","template":"","meta":[],"product_cat":[234],"product_tag":[236],"class_list":{"0":"post-16457","1":"product","2":"type-product","3":"status-publish","4":"has-post-thumbnail","6":"product_cat-shoes","7":"product_tag-womens-road-running-shoes","9":"first","10":"instock","11":"shipping-taxable","12":"product-type-external"},"aioseo_notices":[],"_links":{"self":[{"href":"https:\/\/topgetestet.de\/index.php?rest_route=\/wp\/v2\/product\/16457","targetHints":{"allow":["GET"]}}],"collection":[{"href":"https:\/\/topgetestet.de\/index.php?rest_route=\/wp\/v2\/product"}],"about":[{"href":"https:\/\/topgetestet.de\/index.php?rest_route=\/wp\/v2\/types\/product"}],"replies":[{"embeddable":true,"href":"https:\/\/topgetestet.de\/index.php?rest_route=%2Fwp%2Fv2%2Fcomments&post=16457"}],"wp:featuredmedia":[{"embeddable":true,"href":"https:\/\/topgetestet.de\/index.php?rest_route=\/wp\/v2\/media\/16458"}],"wp:attachment":[{"href":"https:\/\/topgetestet.de\/index.php?rest_route=%2Fwp%2Fv2%2Fmedia&parent=16457"}],"wp:term":[{"taxonomy":"product_cat","embeddable":true,"href":"https:\/\/topgetestet.de\/index.php?rest_route=%2Fwp%2Fv2%2Fproduct_cat&post=16457"},{"taxonomy":"product_tag","embeddable":true,"href":"https:\/\/topgetestet.de\/index.php?rest_route=%2Fwp%2Fv2%2Fproduct_tag&post=16457"}],"curies":[{"name":"wp","href":"https:\/\/api.w.org\/{rel}","templated":true}]}}