{"id":15860,"date":"2022-09-19T05:42:11","date_gmt":"2022-09-19T05:42:11","guid":{"rendered":"https:\/\/topgetestet.de\/?product=vaseline-intensive-care-aloe-soothe-korperlotion-400ml"},"modified":"2022-09-19T05:42:11","modified_gmt":"2022-09-19T05:42:11","slug":"vaseline-intensive-care-aloe-soothe-korperlotion-400ml","status":"publish","type":"product","link":"https:\/\/topgetestet.de\/?product=vaseline-intensive-care-aloe-soothe-korperlotion-400ml","title":{"rendered":"Vaseline Intensive Care Aloe Soothe K\u00f6rperlotion 400ml"},"content":{"rendered":"<p>Price: <span style=\"color:#b12704\">[price_with_discount]<\/span><br \/><i><small>(as of [price_update_date] &#8211; <span class=\"wp_automatic_amazon_disclaimer\" title=\"Product prices and availability are accurate as of the date\/time indicated and are subject to change. Any price and availability information displayed on [relevant Amazon Site(s), as applicable] at the time of purchase will apply to the purchase of this product.\">Details<\/span>)<\/small><\/i><\/p>\n<p><a href=\"https:\/\/amazon.de\/dp\/B00ZGC6C40?tag=topgetestet09-21\"><img decoding=\"async\" src=\"https:\/\/i.imgur.com\/ISRHEWs.png\"><\/a><br \/>\n[ad_1]<\/p>\n<p>       Nachhaltigkeit im Fokus <\/p>\n<p>              <img decoding=\"async\" alt=\"Compact By Design. Certified by Amazon. Climate Pledge Friendly.\" src=\"https:\/\/images-na.ssl-images-amazon.com\/images\/G\/01\/x-locale\/common\/grey-pixel.gif\" class=\"a-lazy-loaded\" data-src=\"https:\/\/m.media-amazon.com\/images\/S\/aplus-media\/sota\/f9fbf23b-ceeb-47fb-bef2-4f117defc6b2.__CR0,0,970,300_PT0_SX970_V1___.png\"><\/p>\n<p>               <img decoding=\"async\" alt=\"Compact By Design. Certified by Amazon. Climate Pledge Friendly.\" src=\"https:\/\/m.media-amazon.com\/images\/S\/aplus-media\/sota\/f9fbf23b-ceeb-47fb-bef2-4f117defc6b2.__CR0,0,970,300_PT0_SX970_V1___.png\"><\/p>\n<p>            Kleine \u00c4nderungen an der Produktgr\u00f6\u00dfe und dem Gewicht f\u00fchren zu geringeren CO2-Emissionen.  <\/p>\n<p class=\"description\"> Wir haben Compact by Design entwickelt, um Produkte zu kennzeichnen, die zwar eventuell nicht wirklich anders aussehen, jedoch ein effizienteres Design haben. Mit der Entfernung von \u00fcbersch\u00fcssiger Luft und Wasser ben\u00f6tigen Produkte weniger Verpackung und lassen sich effizienter versenden. Insgesamt f\u00fchren diese geringen Unterschiede in Produktgr\u00f6\u00dfe und -gewicht zu erheblichen Einsparungen bei CO2-Emissionen. <\/p>\n<h3 class=\"a-spacing-small\"> Hier finden Sie einige der vielen M\u00f6glichkeiten, wie sich Produkte qualifizieren k\u00f6nnen: <\/h3>\n<p> <img decoding=\"async\" alt=\"Weniger Verpackung\" src=\"https:\/\/images-na.ssl-images-amazon.com\/images\/G\/01\/x-locale\/common\/grey-pixel.gif\" class=\"a-lazy-loaded\" data-src=\"https:\/\/m.media-amazon.com\/images\/S\/aplus-media\/sota\/96fcee89-b098-4456-acbb-dc31a2d27564.__CR0,0,220,220_PT0_SX220_V1___.png\">\n                     <\/p>\n<p>                      <img decoding=\"async\" alt=\"Weniger Verpackung\" src=\"https:\/\/m.media-amazon.com\/images\/S\/aplus-media\/sota\/96fcee89-b098-4456-acbb-dc31a2d27564.__CR0,0,220,220_PT0_SX220_V1___.png\"><\/p>\n<p> <img decoding=\"async\" alt=\"Weniger Luft im Beh\u00e4lter\" src=\"https:\/\/images-na.ssl-images-amazon.com\/images\/G\/01\/x-locale\/common\/grey-pixel.gif\" class=\"a-lazy-loaded\" data-src=\"https:\/\/m.media-amazon.com\/images\/S\/aplus-media\/sota\/4ad47d2a-0b59-472d-a31a-89a5adde8727.__CR0,0,220,220_PT0_SX220_V1___.png\">\n                     <\/p>\n<p>                      <img decoding=\"async\" alt=\"Weniger Luft im Beh\u00e4lter\" src=\"https:\/\/m.media-amazon.com\/images\/S\/aplus-media\/sota\/4ad47d2a-0b59-472d-a31a-89a5adde8727.__CR0,0,220,220_PT0_SX220_V1___.png\"><\/p>\n<p> <img decoding=\"async\" alt=\"Effizientere Form\" src=\"https:\/\/images-na.ssl-images-amazon.com\/images\/G\/01\/x-locale\/common\/grey-pixel.gif\" class=\"a-lazy-loaded\" data-src=\"https:\/\/m.media-amazon.com\/images\/S\/aplus-media\/sota\/254bfe8f-dba3-4ba9-a33f-2d8a595cab54.__CR0,0,220,220_PT0_SX220_V1___.png\">\n                     <\/p>\n<p>                      <img decoding=\"async\" alt=\"Effizientere Form\" src=\"https:\/\/m.media-amazon.com\/images\/S\/aplus-media\/sota\/254bfe8f-dba3-4ba9-a33f-2d8a595cab54.__CR0,0,220,220_PT0_SX220_V1___.png\"><\/p>\n<p> <img decoding=\"async\" alt=\"Wasserlose Technologie\" src=\"https:\/\/images-na.ssl-images-amazon.com\/images\/G\/01\/x-locale\/common\/grey-pixel.gif\" class=\"a-lazy-loaded\" data-src=\"https:\/\/m.media-amazon.com\/images\/S\/aplus-media\/sota\/b67e5f44-336f-4601-a0d9-d223fe8bc653.__CR0,0,220,220_PT0_SX220_V1___.png\">\n                     <\/p>\n<p>                      <img decoding=\"async\" alt=\"Wasserlose Technologie\" src=\"https:\/\/m.media-amazon.com\/images\/S\/aplus-media\/sota\/b67e5f44-336f-4601-a0d9-d223fe8bc653.__CR0,0,220,220_PT0_SX220_V1___.png\"><\/p>\n<p>Unsere Feuchtigkeitscreme spendet klinisch nachweislich innerhalb der ersten Anwendung tief Feuchtigkeit (innerhalb des Stratum Corneum) f\u00fcr sp\u00fcrbar ges\u00fcnder aussehende Haut<br \/>Die K\u00f6rperlotionen von Vaseline Intensive Care ziehen schnell ein und sorgen f\u00fcr ein nicht fettendes Gef\u00fchl<br \/>Aloe Soothe K\u00f6rperlotion enth\u00e4lt Mikro-Tropfen von Vaseline-Gelee, um Feuchtigkeit einzuschlie\u00dfen und eine tiefenheilende Hautpflege zu bieten<br \/>Diese K\u00f6rpercreme enth\u00e4lt Aloe, bekannt daf\u00fcr, trockene, gereizte Haut zu beruhigen und zu beruhigen<br \/>Unsere K\u00f6rperlotion funktioniert am besten f\u00fcr Menschen mit trockener, rauer und gereizter Haut<br \/>\n<br \/>[ad_2]<\/p>\n","protected":false},"excerpt":{"rendered":"<p>Price: [price_with_discount](as of [price_update_date] &#8211; Details) [ad_1] Nachhaltigkeit im Fokus Kleine \u00c4nderungen an der Produktgr\u00f6\u00dfe und dem Gewicht f\u00fchren zu geringeren CO2-Emissionen. Wir haben Compact by Design entwickelt, um Produkte<\/p>\n","protected":false},"featured_media":15861,"comment_status":"open","ping_status":"closed","template":"","meta":[],"product_cat":[228],"product_tag":[239],"class_list":{"0":"post-15860","1":"product","2":"type-product","3":"status-publish","4":"has-post-thumbnail","6":"product_cat-beauty","7":"product_tag-body-skin-care","9":"first","10":"instock","11":"shipping-taxable","12":"product-type-external"},"aioseo_notices":[],"_links":{"self":[{"href":"https:\/\/topgetestet.de\/index.php?rest_route=\/wp\/v2\/product\/15860","targetHints":{"allow":["GET"]}}],"collection":[{"href":"https:\/\/topgetestet.de\/index.php?rest_route=\/wp\/v2\/product"}],"about":[{"href":"https:\/\/topgetestet.de\/index.php?rest_route=\/wp\/v2\/types\/product"}],"replies":[{"embeddable":true,"href":"https:\/\/topgetestet.de\/index.php?rest_route=%2Fwp%2Fv2%2Fcomments&post=15860"}],"wp:featuredmedia":[{"embeddable":true,"href":"https:\/\/topgetestet.de\/index.php?rest_route=\/wp\/v2\/media\/15861"}],"wp:attachment":[{"href":"https:\/\/topgetestet.de\/index.php?rest_route=%2Fwp%2Fv2%2Fmedia&parent=15860"}],"wp:term":[{"taxonomy":"product_cat","embeddable":true,"href":"https:\/\/topgetestet.de\/index.php?rest_route=%2Fwp%2Fv2%2Fproduct_cat&post=15860"},{"taxonomy":"product_tag","embeddable":true,"href":"https:\/\/topgetestet.de\/index.php?rest_route=%2Fwp%2Fv2%2Fproduct_tag&post=15860"}],"curies":[{"name":"wp","href":"https:\/\/api.w.org\/{rel}","templated":true}]}}