{"id":15824,"date":"2022-09-19T05:28:08","date_gmt":"2022-09-19T05:28:08","guid":{"rendered":"https:\/\/topgetestet.de\/?product=head-herren-activewear-pants-performance-workout-running-sweatpants-ultra-jogger"},"modified":"2022-09-19T05:28:08","modified_gmt":"2022-09-19T05:28:08","slug":"head-herren-activewear-pants-performance-workout-running-sweatpants-ultra-jogger","status":"publish","type":"product","link":"https:\/\/topgetestet.de\/?product=head-herren-activewear-pants-performance-workout-running-sweatpants-ultra-jogger","title":{"rendered":"HEAD Herren Activewear Pants &#8211; Performance Workout &#038; Running Sweatpants Ultra Jogger"},"content":{"rendered":"<p>Price: <span style=\"color:#b12704\">[price_with_discount]<\/span><br \/><i><small>(as of [price_update_date] &#8211; <span class=\"wp_automatic_amazon_disclaimer\" title=\"Product prices and availability are accurate as of the date\/time indicated and are subject to change. Any price and availability information displayed on [relevant Amazon Site(s), as applicable] at the time of purchase will apply to the purchase of this product.\">Details<\/span>)<\/small><\/i><\/p>\n<p><a href=\"https:\/\/amazon.de\/dp\/B07GDTHH5Z?tag=topgetestet09-21\"><img decoding=\"async\" src=\"https:\/\/i.imgur.com\/ISRHEWs.png\"><\/a><br \/>\n[ad_1]<br \/>\n <br \/> Produktabmessungen \u200f : \u200e  2.54 x 2.54 x 2.54 cm; 358 Gramm <br \/> Im Angebot von Amazon.de seit \u200f : \u200e  22. Juli 2019 <br \/> Hersteller \u200f : \u200e  HEAD <br \/> ASIN \u200f : \u200e  B074MLBW8D <br \/> Modellnummer \u200f : \u200e  HEM173PA20001 <br \/> Kategorie \u200f : \u200e  Herren <\/p>\n<p>H\u00f6chster Komfort: Auch wenn Sie nie einen Schwei\u00df in dieser Trainingshose brechen, werden Sie sie immer noch genie\u00dfen. Das 100% Polyester Design macht diese Schwei\u00dfteile so bequem, dass Sie nichts anderes tragen wollen.<br \/>Verschluss: Tunnelzug<br \/>100% Polyester<br \/>Field Jogger<br \/>Pflegehinweis: Maschinenw\u00e4sche, Nur chemische Reinigung<br \/>Modellnummer: HEM173PA20001<br \/>\n<br \/>[ad_2]<\/p>\n","protected":false},"excerpt":{"rendered":"<p>Price: [price_with_discount](as of [price_update_date] &#8211; Details) [ad_1] Produktabmessungen \u200f : \u200e 2.54 x 2.54 x 2.54 cm; 358 Gramm Im Angebot von Amazon.de seit \u200f : \u200e 22. Juli 2019<\/p>\n","protected":false},"featured_media":15825,"comment_status":"open","ping_status":"closed","template":"","meta":[],"product_cat":[231],"product_tag":[],"class_list":{"0":"post-15824","1":"product","2":"type-product","3":"status-publish","4":"has-post-thumbnail","6":"product_cat-mens-fashion","8":"first","9":"instock","10":"shipping-taxable","11":"product-type-external"},"aioseo_notices":[],"_links":{"self":[{"href":"https:\/\/topgetestet.de\/index.php?rest_route=\/wp\/v2\/product\/15824","targetHints":{"allow":["GET"]}}],"collection":[{"href":"https:\/\/topgetestet.de\/index.php?rest_route=\/wp\/v2\/product"}],"about":[{"href":"https:\/\/topgetestet.de\/index.php?rest_route=\/wp\/v2\/types\/product"}],"replies":[{"embeddable":true,"href":"https:\/\/topgetestet.de\/index.php?rest_route=%2Fwp%2Fv2%2Fcomments&post=15824"}],"wp:featuredmedia":[{"embeddable":true,"href":"https:\/\/topgetestet.de\/index.php?rest_route=\/wp\/v2\/media\/15825"}],"wp:attachment":[{"href":"https:\/\/topgetestet.de\/index.php?rest_route=%2Fwp%2Fv2%2Fmedia&parent=15824"}],"wp:term":[{"taxonomy":"product_cat","embeddable":true,"href":"https:\/\/topgetestet.de\/index.php?rest_route=%2Fwp%2Fv2%2Fproduct_cat&post=15824"},{"taxonomy":"product_tag","embeddable":true,"href":"https:\/\/topgetestet.de\/index.php?rest_route=%2Fwp%2Fv2%2Fproduct_tag&post=15824"}],"curies":[{"name":"wp","href":"https:\/\/api.w.org\/{rel}","templated":true}]}}