{"id":14765,"date":"2022-09-09T14:04:23","date_gmt":"2022-09-09T14:04:23","guid":{"rendered":"https:\/\/topgetestet.de\/?product=brooks-herren-ghost-14-laufschuh"},"modified":"2022-09-09T14:04:23","modified_gmt":"2022-09-09T14:04:23","slug":"brooks-herren-ghost-14-laufschuh","status":"publish","type":"product","link":"https:\/\/topgetestet.de\/?product=brooks-herren-ghost-14-laufschuh","title":{"rendered":"Brooks Herren Ghost 14 Laufschuh"},"content":{"rendered":"<p>Price: <span style=\"color:#b12704\">[price_with_discount]<\/span><br \/><i><small>(as of [price_update_date] &#8211; <span class=\"wp_automatic_amazon_disclaimer\" title=\"Product prices and availability are accurate as of the date\/time indicated and are subject to change. Any price and availability information displayed on [relevant Amazon Site(s), as applicable] at the time of purchase will apply to the purchase of this product.\">Details<\/span>)<\/small><\/i><\/p>\n<p><a href=\"https:\/\/amazon.de\/dp\/B08QV8WF97?tag=topgetestet09-21\"><img decoding=\"async\" src=\"https:\/\/i.imgur.com\/ISRHEWs.png\"><\/a><br \/>\n[ad_1]<br \/>\n <span>Maximale Weichheit dieses Brooks Laufschuhs, perfekt f\u00fcr den L\u00e4ufer, der nie gefragt werden muss. Die neue weichere und 100% ged\u00e4mpfte Zwischensohle dank DNA LOFT Technologie sorgt f\u00fcr ein noch weicheres und geschmeidigeres Lauferlebnis. Dar\u00fcber hinaus bieten die Brooks Konstruktion und das Design f\u00fcr eine maximale Passform und passen sich perfekt an Ihren Fu\u00df an.<\/span> <br \/> Produktabmessungen \u200f : \u200e  25.4 x 38.1 x 15.24 cm; 907.18 Gramm <br \/> Im Angebot von Amazon.de seit \u200f : \u200e  12. Juni 2021 <br \/> Hersteller \u200f : \u200e  Brooks <br \/> ASIN \u200f : \u200e  B08QV5BTJX <br \/> Modellnummer \u200f : \u200e  110369 1D <br \/> Kategorie \u200f : \u200e  Herren <\/p>\n<p>Sohle: Gummi<br \/>Verschluss: Schn\u00fcrung<br \/>Absatzform: Flach<br \/>Schuhweite: Medium<br \/>\n<br \/>[ad_2]<\/p>\n","protected":false},"excerpt":{"rendered":"<p>Price: [price_with_discount](as of [price_update_date] &#8211; Details) [ad_1] Maximale Weichheit dieses Brooks Laufschuhs, perfekt f\u00fcr den L\u00e4ufer, der nie gefragt werden muss. Die neue weichere und 100% ged\u00e4mpfte Zwischensohle dank DNA<\/p>\n","protected":false},"featured_media":14766,"comment_status":"open","ping_status":"closed","template":"","meta":[],"product_cat":[234],"product_tag":[235],"class_list":{"0":"post-14765","1":"product","2":"type-product","3":"status-publish","4":"has-post-thumbnail","6":"product_cat-shoes","7":"product_tag-mens-road-running-shoes","9":"first","10":"instock","11":"shipping-taxable","12":"product-type-external"},"aioseo_notices":[],"_links":{"self":[{"href":"https:\/\/topgetestet.de\/index.php?rest_route=\/wp\/v2\/product\/14765","targetHints":{"allow":["GET"]}}],"collection":[{"href":"https:\/\/topgetestet.de\/index.php?rest_route=\/wp\/v2\/product"}],"about":[{"href":"https:\/\/topgetestet.de\/index.php?rest_route=\/wp\/v2\/types\/product"}],"replies":[{"embeddable":true,"href":"https:\/\/topgetestet.de\/index.php?rest_route=%2Fwp%2Fv2%2Fcomments&post=14765"}],"wp:featuredmedia":[{"embeddable":true,"href":"https:\/\/topgetestet.de\/index.php?rest_route=\/wp\/v2\/media\/14766"}],"wp:attachment":[{"href":"https:\/\/topgetestet.de\/index.php?rest_route=%2Fwp%2Fv2%2Fmedia&parent=14765"}],"wp:term":[{"taxonomy":"product_cat","embeddable":true,"href":"https:\/\/topgetestet.de\/index.php?rest_route=%2Fwp%2Fv2%2Fproduct_cat&post=14765"},{"taxonomy":"product_tag","embeddable":true,"href":"https:\/\/topgetestet.de\/index.php?rest_route=%2Fwp%2Fv2%2Fproduct_tag&post=14765"}],"curies":[{"name":"wp","href":"https:\/\/api.w.org\/{rel}","templated":true}]}}