{"id":14049,"date":"2022-09-09T09:32:46","date_gmt":"2022-09-09T09:32:46","guid":{"rendered":"https:\/\/topgetestet.de\/?product=s-oliver-armbanduhr-damen-quarzuhr-analog"},"modified":"2022-09-09T09:32:46","modified_gmt":"2022-09-09T09:32:46","slug":"s-oliver-armbanduhr-damen-quarzuhr-analog","status":"publish","type":"product","link":"https:\/\/topgetestet.de\/?product=s-oliver-armbanduhr-damen-quarzuhr-analog","title":{"rendered":"s.Oliver Armbanduhr Damen Quarzuhr Analog"},"content":{"rendered":"<p>Price: <span style=\"color:#b12704\">[price_with_discount]<\/span><br \/><i><small>(as of [price_update_date] &#8211; <span class=\"wp_automatic_amazon_disclaimer\" title=\"Product prices and availability are accurate as of the date\/time indicated and are subject to change. Any price and availability information displayed on [relevant Amazon Site(s), as applicable] at the time of purchase will apply to the purchase of this product.\">Details<\/span>)<\/small><\/i><\/p>\n<p><a href=\"https:\/\/amazon.de\/dp\/B09R4VJHPM?tag=topgetestet09-21\"><img decoding=\"async\" src=\"https:\/\/i.imgur.com\/ISRHEWs.png\"><\/a><br \/>\n[ad_1]<br \/>\n <span>Zeitloses Design und schier unendliche Kombinationsm\u00f6glichkeiten machen diese Damenuhr aus der s.Oliver Time Collection zu dem perfekten Alltagsbegleiter. Unabh\u00e4ngig davon, ob du diese klassische Uhr an deinem Alltagsoutfit oder dem Businesslook tr\u00e4gst, sie ist immer die richtige Wahl. Das modische Milanaise Armband endet in einer praktischen Klappschlie\u00dfe, die dir das An- und Ablegen des Zeitmessers besonders einfach macht. Das Armband sowie Geh\u00e4use bestehen aus hochwertigem Edelstahl mit IP Rose Beschichtung, im Inneren befindet sich ein qualitatives Citizen Miyota Uhrwerk. Die Armbanduhr ist wasserdicht bis zu einer Tiefe von 3 Bar.<\/span> <br \/> Batterien \u200f : \u200e  1 LR44 Batterien erforderlich (enthalten). <br \/> Verpackungsabmessungen \u200f : \u200e  14 x 10.6 x 7.5 cm; 59 Gramm <br \/> Im Angebot von Amazon.de seit \u200f : \u200e  25. Januar 2022 <br \/> Hersteller \u200f : \u200e  s.Oliver <br \/> ASIN \u200f : \u200e  B09R4VJHPM <br \/> Modellnummer \u200f : \u200e  2033517 <br \/> Herkunftsland \u200f : \u200e  China <br \/> Kategorie \u200f : \u200e  Damen <\/p>\n<p>Mit klassisch elegantem Milanaise Armband<br \/>Diese Uhr der Marke s.Oliver ist bis zu 3 Bar wasserdicht und mit einem hochwertigen Citizen Miyota Uhrwerk ausgestattet<br \/>\n<br \/>[ad_2]<\/p>\n","protected":false},"excerpt":{"rendered":"<p>Price: [price_with_discount](as of [price_update_date] &#8211; Details) [ad_1] Zeitloses Design und schier unendliche Kombinationsm\u00f6glichkeiten machen diese Damenuhr aus der s.Oliver Time Collection zu dem perfekten Alltagsbegleiter. Unabh\u00e4ngig davon, ob du diese<\/p>\n","protected":false},"featured_media":14050,"comment_status":"open","ping_status":"closed","template":"","meta":[],"product_cat":[232],"product_tag":[],"class_list":{"0":"post-14049","1":"product","2":"type-product","3":"status-publish","4":"has-post-thumbnail","6":"product_cat-women-fashion","8":"first","9":"instock","10":"sale","11":"shipping-taxable","12":"product-type-external"},"aioseo_notices":[],"_links":{"self":[{"href":"https:\/\/topgetestet.de\/index.php?rest_route=\/wp\/v2\/product\/14049","targetHints":{"allow":["GET"]}}],"collection":[{"href":"https:\/\/topgetestet.de\/index.php?rest_route=\/wp\/v2\/product"}],"about":[{"href":"https:\/\/topgetestet.de\/index.php?rest_route=\/wp\/v2\/types\/product"}],"replies":[{"embeddable":true,"href":"https:\/\/topgetestet.de\/index.php?rest_route=%2Fwp%2Fv2%2Fcomments&post=14049"}],"wp:featuredmedia":[{"embeddable":true,"href":"https:\/\/topgetestet.de\/index.php?rest_route=\/wp\/v2\/media\/14050"}],"wp:attachment":[{"href":"https:\/\/topgetestet.de\/index.php?rest_route=%2Fwp%2Fv2%2Fmedia&parent=14049"}],"wp:term":[{"taxonomy":"product_cat","embeddable":true,"href":"https:\/\/topgetestet.de\/index.php?rest_route=%2Fwp%2Fv2%2Fproduct_cat&post=14049"},{"taxonomy":"product_tag","embeddable":true,"href":"https:\/\/topgetestet.de\/index.php?rest_route=%2Fwp%2Fv2%2Fproduct_tag&post=14049"}],"curies":[{"name":"wp","href":"https:\/\/api.w.org\/{rel}","templated":true}]}}