{"id":13437,"date":"2022-09-09T04:23:09","date_gmt":"2022-09-09T04:23:09","guid":{"rendered":"https:\/\/topgetestet.de\/?product=danish-endurance-merino-funktionshose-premium-thermo-unterwasche-temperaturregulierend-fur-herren"},"modified":"2022-09-09T04:23:09","modified_gmt":"2022-09-09T04:23:09","slug":"danish-endurance-merino-funktionshose-premium-thermo-unterwasche-temperaturregulierend-fur-herren","status":"publish","type":"product","link":"https:\/\/topgetestet.de\/?product=danish-endurance-merino-funktionshose-premium-thermo-unterwasche-temperaturregulierend-fur-herren","title":{"rendered":"DANISH ENDURANCE Merino Funktionshose, Premium Thermo-Unterw\u00e4sche, Temperaturregulierend, f\u00fcr Herren"},"content":{"rendered":"<p>Price: <span style=\"color:#b12704\">[price_with_discount]<\/span><br \/><i><small>(as of [price_update_date] &#8211; <span class=\"wp_automatic_amazon_disclaimer\" title=\"Product prices and availability are accurate as of the date\/time indicated and are subject to change. Any price and availability information displayed on [relevant Amazon Site(s), as applicable] at the time of purchase will apply to the purchase of this product.\">Details<\/span>)<\/small><\/i><\/p>\n<p><a href=\"https:\/\/amazon.de\/dp\/B09G3F8QFD?tag=topgetestet09-21\"><img decoding=\"async\" src=\"https:\/\/i.imgur.com\/ISRHEWs.png\"><\/a><br \/>\n[ad_1]<br \/>\n DANISH ENDURANCE ist eine Sport- und Outdoor-Marke aus D\u00e4nemark. <br \/> Verpackungsabmessungen \u200f : \u200e  28 x 23.5 x 4.5 cm; 170 Gramm <br \/> Im Angebot von Amazon.de seit \u200f : \u200e  15. September 2021 <br \/> ASIN \u200f : \u200e  B09GFTQJ8V <br \/> Kategorie \u200f : \u200e  Herren <\/p>\n<p>IDEAL F\u00dcR OUTDOOR &#038; ALLTAG: Unsere vielseitige Merino-Unterw\u00e4sche ist antibakteriell und geruchsneutral, f\u00fcr Komfort bei jedem Wetter. Perfekt f\u00fcr Sport und Outdoor, Wandern, Trekking, Reisen oder Spazierengehen, aber auch f\u00fcr jeden Tag. Finde das passende Oberteil in unserem Markenshop<br \/>80% Wolle, 20% Polyamid<br \/>ENTWORFEN IN D\u00c4NEMARK: Unsere Baselayer Kollektion wurde zusammen mit dem d\u00e4nischen Everest-Bergsteiger Rasmus Kragh entwickelt. Rasmus testet unsere Produkte, damit diese ein H\u00f6chstma\u00df an Leistung und Materialausdauer gew\u00e4hrleisten<br \/>PREMIUM MATERIALIEN: Unsere Baselayer bestehen aus 80% Merinowolle und 20% Polyamid. Die hochwertige Mischung ist nach OEKO-TEX Standard 100 zertifiziert, um sicherzustellen, dass sie frei von Schadstoffen ist. Unsere Merinowolle ist tierfreundlich und Mulesing-frei. Geeignet f\u00fcr empfindliche Haut<br \/>AUSGEZEICHNETER KUNDENSERVICE: Wir geben stets unser Bestes, um dir einen exzellenten Kundenservice zu bieten und helfen dir jederzeit gerne weiter. Schreib uns, wenn du Fragen oder Probleme hast<br \/>\n<br \/>[ad_2]<\/p>\n","protected":false},"excerpt":{"rendered":"<p>Price: [price_with_discount](as of [price_update_date] &#8211; Details) [ad_1] DANISH ENDURANCE ist eine Sport- und Outdoor-Marke aus D\u00e4nemark. Verpackungsabmessungen \u200f : \u200e 28 x 23.5 x 4.5 cm; 170 Gramm Im Angebot<\/p>\n","protected":false},"featured_media":13438,"comment_status":"open","ping_status":"closed","template":"","meta":[],"product_cat":[231],"product_tag":[],"class_list":{"0":"post-13437","1":"product","2":"type-product","3":"status-publish","4":"has-post-thumbnail","6":"product_cat-mens-fashion","8":"first","9":"instock","10":"shipping-taxable","11":"product-type-external"},"aioseo_notices":[],"_links":{"self":[{"href":"https:\/\/topgetestet.de\/index.php?rest_route=\/wp\/v2\/product\/13437","targetHints":{"allow":["GET"]}}],"collection":[{"href":"https:\/\/topgetestet.de\/index.php?rest_route=\/wp\/v2\/product"}],"about":[{"href":"https:\/\/topgetestet.de\/index.php?rest_route=\/wp\/v2\/types\/product"}],"replies":[{"embeddable":true,"href":"https:\/\/topgetestet.de\/index.php?rest_route=%2Fwp%2Fv2%2Fcomments&post=13437"}],"wp:featuredmedia":[{"embeddable":true,"href":"https:\/\/topgetestet.de\/index.php?rest_route=\/wp\/v2\/media\/13438"}],"wp:attachment":[{"href":"https:\/\/topgetestet.de\/index.php?rest_route=%2Fwp%2Fv2%2Fmedia&parent=13437"}],"wp:term":[{"taxonomy":"product_cat","embeddable":true,"href":"https:\/\/topgetestet.de\/index.php?rest_route=%2Fwp%2Fv2%2Fproduct_cat&post=13437"},{"taxonomy":"product_tag","embeddable":true,"href":"https:\/\/topgetestet.de\/index.php?rest_route=%2Fwp%2Fv2%2Fproduct_tag&post=13437"}],"curies":[{"name":"wp","href":"https:\/\/api.w.org\/{rel}","templated":true}]}}