{"id":12988,"date":"2022-09-09T02:01:59","date_gmt":"2022-09-09T02:01:59","guid":{"rendered":"https:\/\/topgetestet.de\/?product=puma-unisex-light-sneaker-socke"},"modified":"2022-09-09T02:01:59","modified_gmt":"2022-09-09T02:01:59","slug":"puma-unisex-light-sneaker-socke","status":"publish","type":"product","link":"https:\/\/topgetestet.de\/?product=puma-unisex-light-sneaker-socke","title":{"rendered":"PUMA Unisex Light Sneaker Socke"},"content":{"rendered":"<p>Price: <span style=\"color:#b12704\">[price_with_discount]<\/span><br \/><i><small>(as of [price_update_date] &#8211; <span class=\"wp_automatic_amazon_disclaimer\" title=\"Product prices and availability are accurate as of the date\/time indicated and are subject to change. Any price and availability information displayed on [relevant Amazon Site(s), as applicable] at the time of purchase will apply to the purchase of this product.\">Details<\/span>)<\/small><\/i><\/p>\n<p><a href=\"https:\/\/amazon.de\/dp\/B0972HWGND?tag=topgetestet09-21\"><img decoding=\"async\" src=\"https:\/\/i.imgur.com\/ISRHEWs.png\"><\/a><br \/>\n[ad_1]<br \/>\n <span>Trainieren Sie besser mit diesen leichten Low-Cut-Socken und ihrem atmungsaktiven und dehnbaren Design. Antibakteriell Leichte Mikrofasern halten die F\u00fc\u00dfe bequem und trocken Mesh-Eins\u00e4tze sorgen f\u00fcr Atmungsaktivit\u00e4t Fu\u00dfgew\u00f6lbest\u00fctze f\u00fcr optimale Passform und Unterst\u00fctzung Flache Zehennaht, um Reizungen zu vermeiden PUMA-Logo unter dem Sockenbund.<\/span> <br \/> Verpackungsabmessungen \u200f : \u200e  25 x 20 x 20 cm; 500 Gramm <br \/> Im Angebot von Amazon.de seit \u200f : \u200e  11. Juni 2021 <br \/> Hersteller \u200f : \u200e  Puma <br \/> ASIN \u200f : \u200e  B0972GLFFG <br \/> Modellnummer \u200f : \u200e  701218297 <br \/> Kategorie \u200f : \u200e  Unisex <\/p>\n<p>Aus recycelten Materialien hergestellt<br \/>Verschluss: No Closure<br \/>80% Polyester, 20% Polyamid<br \/>Klassisch<br \/>Pflegehinweis: Maschinenw\u00e4sche<br \/>Modellnummer: 701218297<br \/>\n<br \/>[ad_2]<\/p>\n","protected":false},"excerpt":{"rendered":"<p>Price: [price_with_discount](as of [price_update_date] &#8211; Details) [ad_1] Trainieren Sie besser mit diesen leichten Low-Cut-Socken und ihrem atmungsaktiven und dehnbaren Design. Antibakteriell Leichte Mikrofasern halten die F\u00fc\u00dfe bequem und trocken Mesh-Eins\u00e4tze<\/p>\n","protected":false},"featured_media":12989,"comment_status":"open","ping_status":"closed","template":"","meta":[],"product_cat":[231],"product_tag":[],"class_list":{"0":"post-12988","1":"product","2":"type-product","3":"status-publish","4":"has-post-thumbnail","6":"product_cat-mens-fashion","8":"first","9":"instock","10":"shipping-taxable","11":"product-type-external"},"aioseo_notices":[],"_links":{"self":[{"href":"https:\/\/topgetestet.de\/index.php?rest_route=\/wp\/v2\/product\/12988","targetHints":{"allow":["GET"]}}],"collection":[{"href":"https:\/\/topgetestet.de\/index.php?rest_route=\/wp\/v2\/product"}],"about":[{"href":"https:\/\/topgetestet.de\/index.php?rest_route=\/wp\/v2\/types\/product"}],"replies":[{"embeddable":true,"href":"https:\/\/topgetestet.de\/index.php?rest_route=%2Fwp%2Fv2%2Fcomments&post=12988"}],"wp:featuredmedia":[{"embeddable":true,"href":"https:\/\/topgetestet.de\/index.php?rest_route=\/wp\/v2\/media\/12989"}],"wp:attachment":[{"href":"https:\/\/topgetestet.de\/index.php?rest_route=%2Fwp%2Fv2%2Fmedia&parent=12988"}],"wp:term":[{"taxonomy":"product_cat","embeddable":true,"href":"https:\/\/topgetestet.de\/index.php?rest_route=%2Fwp%2Fv2%2Fproduct_cat&post=12988"},{"taxonomy":"product_tag","embeddable":true,"href":"https:\/\/topgetestet.de\/index.php?rest_route=%2Fwp%2Fv2%2Fproduct_tag&post=12988"}],"curies":[{"name":"wp","href":"https:\/\/api.w.org\/{rel}","templated":true}]}}