{"id":12686,"date":"2022-09-09T00:43:06","date_gmt":"2022-09-09T00:43:06","guid":{"rendered":"https:\/\/topgetestet.de\/?product=jack-wolfskin-damen-boomtown-shoulder-bag"},"modified":"2022-09-09T00:43:06","modified_gmt":"2022-09-09T00:43:06","slug":"jack-wolfskin-damen-boomtown-shoulder-bag","status":"publish","type":"product","link":"https:\/\/topgetestet.de\/?product=jack-wolfskin-damen-boomtown-shoulder-bag","title":{"rendered":"Jack Wolfskin Damen Boomtown Shoulder Bag"},"content":{"rendered":"<p>Price: <span style=\"color:#b12704\">[price_with_discount]<\/span><br \/><i><small>(as of [price_update_date] &#8211; <span class=\"wp_automatic_amazon_disclaimer\" title=\"Product prices and availability are accurate as of the date\/time indicated and are subject to change. Any price and availability information displayed on [relevant Amazon Site(s), as applicable] at the time of purchase will apply to the purchase of this product.\">Details<\/span>)<\/small><\/i><\/p>\n<p><a href=\"https:\/\/amazon.de\/dp\/B09L8BCK6R?tag=topgetestet09-21\"><img decoding=\"async\" src=\"https:\/\/i.imgur.com\/ISRHEWs.png\"><\/a><br \/>\n[ad_1]<br \/>\n <span>Die wichtigsten Dinge f\u00fcr unterwegs hast du in deiner BOOMTOWN-Umh\u00e4ngetasche. Das Hauptfach mit Rei\u00dfverschluss ist mit einem ebenfalls verschlie\u00dfbaren Innenfach ausgestattet, das \u00fcber die gesamte Breite der Tasche reicht, dazu kommen zwei Einschubf\u00e4cher. F\u00fcr Ladekabel, Schl\u00fcssel oder Kopfh\u00f6rer gibt es einen vielseitigen Befestigungshaken. Das Rei\u00dfverschlussfach an der Seite hat die perfekte Gr\u00f6\u00dfe f\u00fcr dein Smartphone. Zus\u00e4tzlich verf\u00fcgt die BOOMTOWN \u00fcber Zippertaschen an Front- und R\u00fcckseite. Nachhaltig: Hauptmaterial und Innenfutter bestehen aus recyceltem Material.<\/span> <br \/> Produktabmessungen \u200f : \u200e  35 x 27 x 7 cm; 280 Gramm <br \/> Im Angebot von Amazon.de seit \u200f : \u200e  8. November 2021 <br \/> Hersteller \u200f : \u200e  Jack Wolfskin <br \/> ASIN \u200f : \u200e  B09L8BCK6R <br \/> Modellnummer \u200f : \u200e  2010641 <br \/> Kategorie \u200f : \u200e  Damen <\/p>\n<p>Innenmaterial: Polyester<br \/>Verschluss: Rei\u00dfverschluss<br \/>Materialzusammensetzung: Style: Oberstoff: 100% Polyester; Futter: 100% Polyester<br \/>Schulter Gurt<br \/>\n<br \/>[ad_2]<\/p>\n","protected":false},"excerpt":{"rendered":"<p>Price: [price_with_discount](as of [price_update_date] &#8211; Details) [ad_1] Die wichtigsten Dinge f\u00fcr unterwegs hast du in deiner BOOMTOWN-Umh\u00e4ngetasche. Das Hauptfach mit Rei\u00dfverschluss ist mit einem ebenfalls verschlie\u00dfbaren Innenfach ausgestattet, das \u00fcber<\/p>\n","protected":false},"featured_media":12687,"comment_status":"open","ping_status":"closed","template":"","meta":[],"product_cat":[232],"product_tag":[],"class_list":{"0":"post-12686","1":"product","2":"type-product","3":"status-publish","4":"has-post-thumbnail","6":"product_cat-women-fashion","8":"first","9":"instock","10":"sale","11":"shipping-taxable","12":"product-type-external"},"aioseo_notices":[],"_links":{"self":[{"href":"https:\/\/topgetestet.de\/index.php?rest_route=\/wp\/v2\/product\/12686","targetHints":{"allow":["GET"]}}],"collection":[{"href":"https:\/\/topgetestet.de\/index.php?rest_route=\/wp\/v2\/product"}],"about":[{"href":"https:\/\/topgetestet.de\/index.php?rest_route=\/wp\/v2\/types\/product"}],"replies":[{"embeddable":true,"href":"https:\/\/topgetestet.de\/index.php?rest_route=%2Fwp%2Fv2%2Fcomments&post=12686"}],"wp:featuredmedia":[{"embeddable":true,"href":"https:\/\/topgetestet.de\/index.php?rest_route=\/wp\/v2\/media\/12687"}],"wp:attachment":[{"href":"https:\/\/topgetestet.de\/index.php?rest_route=%2Fwp%2Fv2%2Fmedia&parent=12686"}],"wp:term":[{"taxonomy":"product_cat","embeddable":true,"href":"https:\/\/topgetestet.de\/index.php?rest_route=%2Fwp%2Fv2%2Fproduct_cat&post=12686"},{"taxonomy":"product_tag","embeddable":true,"href":"https:\/\/topgetestet.de\/index.php?rest_route=%2Fwp%2Fv2%2Fproduct_tag&post=12686"}],"curies":[{"name":"wp","href":"https:\/\/api.w.org\/{rel}","templated":true}]}}