{"id":10269,"date":"2022-09-08T10:51:09","date_gmt":"2022-09-08T10:51:09","guid":{"rendered":"https:\/\/topgetestet.de\/?product=xbox-series-s"},"modified":"2022-09-08T10:51:09","modified_gmt":"2022-09-08T10:51:09","slug":"xbox-series-s","status":"publish","type":"product","link":"https:\/\/topgetestet.de\/?product=xbox-series-s","title":{"rendered":"Xbox Series S"},"content":{"rendered":"<p>Price: <span style=\"color:#b12704\">[price_with_discount]<\/span><br \/><i><small>(as of [price_update_date] &#8211; <span class=\"wp_automatic_amazon_disclaimer\" title=\"Product prices and availability are accurate as of the date\/time indicated and are subject to change. Any price and availability information displayed on [relevant Amazon Site(s), as applicable] at the time of purchase will apply to the purchase of this product.\">Details<\/span>)<\/small><\/i><\/p>\n<p><a href=\"https:\/\/amazon.de\/dp\/B087VM5XC6?tag=topgetestet09-21\"><img decoding=\"async\" src=\"https:\/\/i.imgur.com\/ISRHEWs.png\"><\/a><br \/>\n[ad_1]<br \/>\n <span>Wir pr\u00e4sentieren die Xbox Series S, die kompakteste und schlankeste Xbox-Konsole aller Zeiten. Erleben Sie die Geschwindigkeit und Leistung einer Next-Gen All-Digital Konsole zu einem attraktiven Preis. Starten Sie durch mit Xbox Game Pass Ultimate und erhalten Sie Zugriff auf \u00fcber 100 gro\u00dfartige Spiele, eine EA Play-Mitgliedschaft, Online-Multiplayer und alle neuen Xbox Game Studios-Titel am Tag ihrer Ver\u00f6ffentlichung (Mitgliedschaft separat erh\u00e4ltlich, EA Play ab Ende 2020 enthalten). Mit Quick Resume k\u00f6nnen Sie im Handumdrehen nahtlos zwischen mehreren Spielen wechseln. Das Herzst\u00fcck der Series S ist die Xbox Velocity Architecture, die eine eigens entwickelte SSD mit integrierter Software f\u00fcr ein schnelleres, optimiertes Gameplay mit deutlich reduzierten Ladezeiten kombiniert.<\/span> <br \/> Auslaufartikel (Produktion durch Hersteller eingestellt) \u200f : \u200e  Nein <br \/> Batterien \u200f : \u200e  1 Lithium-Ionen Batterien erforderlich (enthalten). <br \/> Alterseinstufung \u200f : \u200e  Nicht gepr\u00fcft <br \/> Sprache \u200f : \u200e  Englisch <br \/> Produktabmessungen \u200f : \u200e  36 x 12.8 x 29.2 cm; 2 Kilogramm <br \/> Erscheinungstermin \u200f : \u200e  10. November 2020 <br \/> ASIN \u200f : \u200e  B087VM5XC6 <br \/> Modellnummer \u200f : \u200e  RRS-00009 <br \/> Herkunftsland \u200f : \u200e  Deutschland <\/p>\n<p>Mit der kompaktesten Xbox aller Zeiten k\u00f6nnen Sie Spiele der n\u00e4chsten Generation vollst\u00e4ndig digital genie\u00dfen<br \/>Bundle enth\u00e4lt: Xbox Series S-Konsole, einen Xbox Wireless Controller, ein Hochgeschwindigkeits-HDMI-Kabel und ein Stromkabel<br \/>Erleben Sie Next-Gen Geschwindigkeit und Leistung mit der Xbox Velocity Architecture, die von einer eigens entwickelten SSD und integrierter Software angetrieben wird<br \/>Spielen Sie dank Abw\u00e4rtskompatibilit\u00e4t Tausende von digitalen Spielen aus vier Xbox-Generationen, einschlie\u00dflich optimierter Titel bei der Markteinf\u00fchrung<br \/>Xbox Game Pass Ultimate umfasst \u00fcber 100 gro\u00dfartige Spiele f\u00fcr Konsolen, PCs und Android-Mobilger\u00e4te, Online-Multiplayer und eine EA Play-Mitgliedschaft zu einem niedrigen monatlichen Preis (Mitgliedschaft separat erh\u00e4ltlich)<br \/>\n<br \/>[ad_2]<\/p>\n","protected":false},"excerpt":{"rendered":"<p>Price: [price_with_discount](as of [price_update_date] &#8211; Details) [ad_1] Wir pr\u00e4sentieren die Xbox Series S, die kompakteste und schlankeste Xbox-Konsole aller Zeiten. Erleben Sie die Geschwindigkeit und Leistung einer Next-Gen All-Digital Konsole<\/p>\n","protected":false},"featured_media":10270,"comment_status":"open","ping_status":"closed","template":"","meta":[],"product_cat":[225],"product_tag":[],"class_list":{"0":"post-10269","1":"product","2":"type-product","3":"status-publish","4":"has-post-thumbnail","6":"product_cat-electronics","8":"first","9":"instock","10":"sale","11":"shipping-taxable","12":"product-type-external"},"aioseo_notices":[],"_links":{"self":[{"href":"https:\/\/topgetestet.de\/index.php?rest_route=\/wp\/v2\/product\/10269","targetHints":{"allow":["GET"]}}],"collection":[{"href":"https:\/\/topgetestet.de\/index.php?rest_route=\/wp\/v2\/product"}],"about":[{"href":"https:\/\/topgetestet.de\/index.php?rest_route=\/wp\/v2\/types\/product"}],"replies":[{"embeddable":true,"href":"https:\/\/topgetestet.de\/index.php?rest_route=%2Fwp%2Fv2%2Fcomments&post=10269"}],"wp:featuredmedia":[{"embeddable":true,"href":"https:\/\/topgetestet.de\/index.php?rest_route=\/wp\/v2\/media\/10270"}],"wp:attachment":[{"href":"https:\/\/topgetestet.de\/index.php?rest_route=%2Fwp%2Fv2%2Fmedia&parent=10269"}],"wp:term":[{"taxonomy":"product_cat","embeddable":true,"href":"https:\/\/topgetestet.de\/index.php?rest_route=%2Fwp%2Fv2%2Fproduct_cat&post=10269"},{"taxonomy":"product_tag","embeddable":true,"href":"https:\/\/topgetestet.de\/index.php?rest_route=%2Fwp%2Fv2%2Fproduct_tag&post=10269"}],"curies":[{"name":"wp","href":"https:\/\/api.w.org\/{rel}","templated":true}]}}